-- Table structure for table `wpsy_bp_user_blogs`
--

CREATE TABLE `wpsy_bp_user_blogs` (
  `id` bigint(20) NOT NULL AUTO_INCREMENT,
  `user_id` bigint(20) NOT NULL,
  `blog_id` bigint(20) NOT NULL,
  PRIMARY KEY (`id`),
  KEY `user_id` (`user_id`),
  KEY `blog_id` (`blog_id`)
) ENGINE=InnoDB AUTO_INCREMENT=13 DEFAULT CHARSET=utf8mb4 COLLATE=utf8mb4_unicode_ci;

--
-- Dumping data for table `wpsy_bp_user_blogs`
--

INSERT INTO `wpsy_bp_user_blogs` VALUES (1,1,1),(2,27,1),(3,28,1),(4,29,1),(5,30,1),(6,31,1),(7,32,1),(8,47,1),(9,46,1),(10,81,1),(11,121,1),(12,122,1);

--
-- Table structure for table `wpsy_bp_user_blogs_blogmeta`
--

CREATE TABLE `wpsy_bp_user_blogs_blogmeta` (
  `id` bigint(20) NOT NULL AUTO_INCREMENT,
  `blog_id` bigint(20) NOT NULL,
  `meta_key` varchar(255) DEFAULT NULL,
  `meta_value` longtext DEFAULT NULL,
  PRIMARY KEY (`id`),
  KEY `blog_id` (`blog_id`),
  KEY `meta_key` (`meta_key`(191))
) ENGINE=InnoDB AUTO_INCREMENT=11 DEFAULT CHARSET=utf8mb4 COLLATE=utf8mb4_unicode_ci;

--
-- Dumping data for table `wpsy_bp_user_blogs_blogmeta`
--

INSERT INTO `wpsy_bp_user_blogs_blogmeta` VALUES (1,1,'url','https://bettizens.com'),(2,1,'name','Bettizens'),(3,1,'description','The Social Progress Platform'),(4,1,'last_activity','2022-12-05 17:36:57'),(5,1,'close_comments_for_old_posts',''),(6,1,'close_comments_days_old','14'),(7,1,'thread_comments_depth','5'),(8,1,'comment_moderation',''),(9,1,'site_icon_url_thumb','https://bettizens.com/wp-content/uploads/2022/09/cropped-bettizens-logo-square-512-x-512-250x250.jpg'),(10,1,'site_icon_url_full','https://bettizens.com/wp-content/uploads/2022/09/cropped-bettizens-logo-square-512-x-512-250x250.jpg');

--
-- Table structure for table `wpsy_bp_xprofile_data`
--

CREATE TABLE `wpsy_bp_xprofile_data` (
  `id` bigint(20) unsigned NOT NULL AUTO_INCREMENT,
  `field_id` bigint(20) unsigned NOT NULL,
  `user_id` bigint(20) unsigned NOT NULL,
  `value` longtext NOT NULL,
  `last_updated` datetime NOT NULL,
  PRIMARY KEY (`id`),
  KEY `field_id` (`field_id`),
  KEY `user_id` (`user_id`)
) ENGINE=InnoDB AUTO_INCREMENT=663 DEFAULT CHARSET=utf8mb4 COLLATE=utf8mb4_unicode_ci;

--
-- Dumping data for table `wpsy_bp_xprofile_data`
--

INSERT INTO `wpsy_bp_xprofile_data` VALUES (251,1,1,'Progrecit International','2022-09-24 06:47:24'),(252,7,1,'a:5:{i:0;s:12:\"Good Citizen\";i:1;s:8:\"Democrat\";i:2;s:7:\"Leftist\";i:3;s:11:\"Progressive\";i:4;s:9:\"Socialist\";}','2022-10-10 22:32:41'),(253,12,1,'selectbox 2','2022-09-01 22:40:48'),(254,16,1,'a:2:{i:0;s:16:\"multiselectbox 1\";i:1;s:16:\"multiselectbox 3\";}','2022-09-01 22:40:48'),(255,20,1,'radio 1','2022-09-01 22:40:48'),(256,1,27,'Network Staff','2022-11-07 15:29:22'),(257,7,27,'a:2:{i:0;s:10:\"checkbox 1\";i:1;s:10:\"checkbox 2\";}','2022-09-01 22:46:31'),(258,12,27,'selectbox 2','2022-09-01 22:46:31'),(259,16,27,'a:2:{i:0;s:16:\"multiselectbox 1\";i:1;s:16:\"multiselectbox 3\";}','2022-09-01 22:46:31'),(260,20,27,'radio 1','2022-09-01 22:46:31'),(261,1,28,'Laura Cepero','2022-10-19 16:40:04'),(262,7,28,'a:2:{i:0;s:10:\"checkbox 1\";i:1;s:10:\"checkbox 2\";}','2022-09-02 19:43:01'),(263,12,28,'selectbox 2','2022-09-02 19:43:01'),(264,16,28,'a:2:{i:0;s:16:\"multiselectbox 1\";i:1;s:16:\"multiselectbox 3\";}','2022-09-02 19:43:01'),(265,20,28,'radio 1','2022-09-02 19:43:01'),(266,1,29,'Dr. Manuel Tejeda','2022-11-17 14:42:24'),(267,7,29,'a:1:{i:0;s:12:\"Good Citizen\";}','2022-11-01 15:33:57'),(268,12,29,'selectbox 2','2022-09-03 15:49:16'),(269,16,29,'a:2:{i:0;s:16:\"multiselectbox 1\";i:1;s:16:\"multiselectbox 3\";}','2022-09-03 15:49:16'),(270,20,29,'radio 1','2022-09-03 15:49:16'),(276,1,31,'Lorenzo Cañizares','2022-11-21 19:22:26'),(277,7,31,'a:2:{i:0;s:10:\"checkbox 1\";i:1;s:10:\"checkbox 2\";}','2022-09-04 03:48:28'),(278,12,31,'selectbox 2','2022-09-04 03:48:28'),(279,16,31,'a:2:{i:0;s:16:\"multiselectbox 1\";i:1;s:16:\"multiselectbox 3\";}','2022-09-04 03:48:28'),(280,20,31,'radio 1','2022-09-04 03:48:28'),(281,1,32,'Reign Staff','2022-10-31 14:00:04'),(282,25,1,'progrecit','2022-09-16 23:55:39'),(283,24,1,'United States','2022-09-24 06:47:24'),(284,26,1,'New York, New York','2022-09-24 06:47:24'),(285,27,1,'a:1:{i:0;s:5:\"31-45\";}','2022-09-24 06:47:24'),(286,32,1,'It is our Network. One for all people on the left.','2022-09-24 06:47:24'),(287,33,1,'United States','2022-09-16 23:57:42'),(288,6,1,'https://progrecit.com','2022-09-16 23:57:42'),(289,34,1,'2000-08-17 00:00:00','2022-09-16 23:57:42'),(290,3,1,'I hope it will grow int a strong and useful network.','2022-09-16 23:57:42'),(291,35,1,'Happy that finally it is online','2022-09-16 23:57:42'),(292,47,1,'a:8:{i:0;s:21:\"Affordable Healthcare\";i:1;s:20:\"Affordable Education\";i:2;s:11:\"Living Wage\";i:3;s:21:\"Environmental Justice\";i:4;s:21:\"Money Out of Politics\";i:5;s:16:\"Economic Justice\";i:6;s:23:\"Civil Rights Protection\";i:7;s:5:\"Other\";}','2022-10-10 22:32:41'),(293,56,1,'Progrecit International','2022-10-10 22:32:41'),(294,57,1,'Bettizens\r\n\r\n&nbsp;','2022-10-10 22:32:41'),(295,58,1,'Progress Warrior','2022-09-17 00:02:37'),(296,59,1,'Progrecit International','2022-09-17 00:02:37'),(297,24,33,'Cuba','2022-09-17 18:12:40'),(298,25,33,'jorlui66','2022-09-17 18:12:40'),(299,1,33,'Jorge Tejeda','2022-09-17 18:12:40'),(300,26,33,'Matanzas','2022-09-17 18:12:40'),(301,27,33,'46-60','2022-09-17 18:12:40'),(302,32,33,'Claro que sí','2022-09-17 18:12:40'),(335,63,1,'a:1:{i:0;s:7:\"English\";}','2022-09-24 06:47:24'),(343,63,32,'a:0:{}','2022-10-18 20:26:24'),(344,27,32,'a:0:{}','2022-10-18 20:26:24'),(345,7,32,'a:1:{i:0;s:12:\"Good Citizen\";}','2022-10-18 20:26:24'),(346,47,32,'a:0:{}','2022-10-18 20:26:24'),(347,1,46,'José Oro','2022-10-27 15:07:42'),(348,24,46,'United States','2022-10-19 16:05:04'),(349,26,46,'New Haven / Connecticut','2022-10-19 16:05:04'),(350,63,46,'a:2:{i:0;s:7:\"English\";i:1;s:8:\"Español\";}','2022-10-19 16:05:04'),(351,27,46,'a:1:{i:0;s:5:\"61-85\";}','2022-10-19 16:05:04'),(352,32,46,'I\\\'m a progressive person that supports progressive causes.','2022-10-19 16:05:04'),(353,24,28,'United States','2022-10-19 16:40:04'),(354,26,28,'Cincinnati / Ohio','2022-10-19 16:40:04'),(355,63,28,'a:2:{i:0;s:7:\"English\";i:1;s:8:\"Español\";}','2022-10-19 16:40:04'),(356,27,28,'a:1:{i:0;s:5:\"31-45\";}','2022-10-19 16:40:04'),(357,32,28,'I support all causes related to environmental, economic, and social justice.','2022-10-19 16:40:04'),(358,1,47,'William Brown','2022-11-20 23:29:59'),(359,24,47,'United States','2022-10-26 17:28:47'),(360,26,47,'New York, New York','2022-10-26 17:28:47'),(361,63,47,'a:2:{i:0;s:7:\"English\";i:1;s:8:\"Español\";}','2022-10-26 17:28:47'),(362,27,47,'a:1:{i:0;s:5:\"31-45\";}','2022-10-26 17:28:47'),(363,24,29,'United States','2022-10-27 14:44:02'),(364,26,29,'Miami / Florida','2022-10-27 14:44:02'),(365,63,29,'a:2:{i:0;s:7:\"English\";i:1;s:8:\"Español\";}','2022-10-27 14:44:02'),(366,27,29,'a:1:{i:0;s:5:\"46-60\";}','2022-10-27 14:44:02'),(367,1,48,'Teresa Olivera','2022-10-27 15:14:49'),(368,24,48,'Cuba','2022-10-27 15:14:49'),(369,26,48,'Camaguey / Camaguey','2022-10-27 15:14:49'),(370,63,48,'a:2:{i:0;s:7:\"English\";i:1;s:8:\"Español\";}','2022-10-27 15:14:49'),(371,27,48,'a:1:{i:0;s:5:\"46-60\";}','2022-10-27 15:14:49'),(372,1,49,'Neli Castell','2022-10-27 16:12:14'),(373,24,49,'España','2022-10-27 16:12:14'),(374,26,49,'Madrid / Madrid','2022-10-27 16:12:14'),(375,63,49,'a:1:{i:0;s:8:\"Español\";}','2022-10-27 16:12:14'),(376,27,49,'a:1:{i:0;s:5:\"31-45\";}','2022-10-27 16:12:14'),(383,1,52,'Kent Van Cleave','2022-10-27 23:49:34'),(384,24,52,'United States','2022-10-27 23:49:35'),(385,26,52,'Kyles Ford, Tennessee','2022-10-27 23:49:35'),(386,63,52,'a:1:{i:0;s:7:\"English\";}','2022-10-27 23:49:35'),(387,27,52,'a:1:{i:0;s:5:\"61-85\";}','2022-10-27 23:49:35'),(403,24,31,'United States','2022-10-29 00:31:28'),(404,26,31,'Miami, Florida','2022-10-29 00:31:28'),(405,63,31,'a:2:{i:0;s:7:\"English\";i:1;s:8:\"Español\";}','2022-10-29 00:31:28'),(406,27,31,'a:1:{i:0;s:5:\"61-85\";}','2022-10-29 00:31:28'),(407,1,56,'Ellee Spawn','2022-10-30 00:23:56'),(408,24,56,'United States','2022-10-30 00:23:56'),(409,26,56,'Sioux Falls, South Dakota','2022-10-30 00:23:56'),(410,63,56,'a:1:{i:0;s:7:\"English\";}','2022-10-30 00:23:56'),(411,27,56,'a:1:{i:0;s:5:\"31-45\";}','2022-10-30 00:23:56'),(412,1,57,'Damaris Blanco','2022-11-02 21:23:38'),(413,24,57,'Cuba','2022-11-02 21:23:38'),(414,26,57,'Matanzas, Matanzas','2022-11-02 21:23:38'),(415,63,57,'a:1:{i:0;s:8:\"Español\";}','2022-11-02 21:23:38'),(416,27,57,'a:1:{i:0;s:5:\"46-60\";}','2022-11-02 21:23:38'),(417,1,58,'Hans B.','2022-10-30 21:00:23'),(418,24,58,'Norway','2022-10-30 21:00:23'),(419,26,58,'South','2022-10-30 21:00:23'),(420,63,58,'a:1:{i:0;s:7:\"English\";}','2022-10-30 21:00:23'),(421,27,58,'a:1:{i:0;s:5:\"31-45\";}','2022-10-30 21:00:23'),(422,1,59,'Armando Ramírez Pérez','2022-10-31 00:44:04'),(423,24,59,'Cuba','2022-10-31 00:44:05'),(424,26,59,'Jesús Menendez, Tunas','2022-10-31 00:44:05'),(425,63,59,'a:1:{i:0;s:8:\"Español\";}','2022-10-31 00:44:05'),(426,27,59,'a:1:{i:0;s:5:\"31-45\";}','2022-10-31 00:44:05'),(427,1,60,'James Broderick','2022-10-31 23:22:54'),(428,24,60,'Canada','2022-10-31 23:22:54'),(429,26,60,'Toronto, Ontario','2022-10-31 23:22:54'),(430,63,60,'a:2:{i:0;s:7:\"English\";i:1;s:8:\"Español\";}','2022-10-31 23:22:54'),(431,27,60,'a:1:{i:0;s:5:\"46-60\";}','2022-10-31 23:22:54'),(434,47,29,'a:7:{i:0;s:21:\"Affordable Healthcare\";i:1;s:20:\"Affordable Education\";i:2;s:11:\"Living Wage\";i:3;s:21:\"Environmental Justice\";i:4;s:21:\"Money Out of Politics\";i:5;s:16:\"Economic Justice\";i:6;s:23:\"Civil Rights Protection\";}','2022-11-01 15:33:57'),(443,1,67,'Luis Antonio','2022-11-02 15:32:28'),(444,1,68,'Ichika Matsumoto','2022-12-06 22:13:30'),(445,24,68,'United States','2022-11-02 15:15:44'),(446,26,68,'Augusta, Georgia','2022-11-02 15:15:44'),(447,63,68,'a:1:{i:0;s:7:\"English\";}','2022-11-02 15:15:45'),(448,27,68,'a:1:{i:0;s:5:\"31-45\";}','2022-11-02 15:15:45'),(449,24,67,'Cuba','2022-11-02 15:32:28'),(450,26,67,'La Habana','2022-11-02 15:32:28'),(451,63,67,'a:2:{i:0;s:7:\"English\";i:1;s:8:\"Español\";}','2022-11-02 15:32:28'),(452,27,67,'a:1:{i:0;s:5:\"61-85\";}','2022-11-02 15:32:28'),(453,1,69,'Marie Golovan','2022-11-02 20:14:57'),(454,24,69,'United Kingdom','2022-11-02 20:14:57'),(455,26,69,'Manchester, Greater Manchester','2022-11-02 20:14:57'),(456,63,69,'a:1:{i:0;s:7:\"English\";}','2022-11-02 20:14:57'),(457,27,69,'a:1:{i:0;s:5:\"18-30\";}','2022-11-02 20:14:57'),(467,1,75,'Elizabeth Bauman','2022-11-04 00:29:58'),(468,24,75,'United States','2022-11-04 00:29:58'),(469,26,75,'Fort Myers, Florida','2022-11-04 00:29:58'),(470,63,75,'a:2:{i:0;s:7:\"English\";i:1;s:8:\"Español\";}','2022-11-04 00:29:58'),(471,27,75,'a:1:{i:0;s:5:\"18-30\";}','2022-11-04 00:29:58'),(472,1,76,'Néstor Rodríguez-Triana','2022-11-07 15:05:09'),(473,24,76,'Cuba','2022-11-07 15:05:09'),(474,26,76,'Isla de la Juventud','2022-11-07 15:05:09'),(475,63,76,'a:2:{i:0;s:7:\"English\";i:1;s:8:\"Español\";}','2022-11-07 15:05:09'),(476,27,76,'a:1:{i:0;s:5:\"31-45\";}','2022-11-07 15:05:09'),(478,1,78,'Sandra Toirac Perera','2022-11-06 18:26:57'),(479,1,79,'Poeta1975','2022-11-06 16:29:08'),(480,24,79,'Cuba','2022-11-06 16:29:08'),(481,26,79,'Holguín','2022-11-06 16:29:08'),(482,63,79,'a:2:{i:0;s:7:\"English\";i:1;s:8:\"Español\";}','2022-11-06 16:29:08'),(483,27,79,'a:1:{i:0;s:5:\"46-60\";}','2022-11-06 16:29:08'),(484,24,78,'Mozambique','2022-11-06 18:26:57'),(485,26,78,'Maputo, Maputo','2022-11-06 18:26:57'),(486,63,78,'a:1:{i:0;s:8:\"Español\";}','2022-11-06 18:26:57'),(487,27,78,'a:1:{i:0;s:5:\"46-60\";}','2022-11-06 18:26:57'),(488,33,78,'Cuba','2022-11-06 18:26:57'),(489,7,78,'a:1:{i:0;s:12:\"Good Citizen\";}','2022-11-06 18:26:57'),(490,47,78,'a:0:{}','2022-11-06 18:26:57'),(491,1,80,'Mike Rosenthal','2022-11-07 00:18:32'),(492,24,80,'United States','2022-11-07 00:18:32'),(493,26,80,'San Diego, CA','2022-11-07 00:18:32'),(494,63,80,'a:1:{i:0;s:7:\"English\";}','2022-11-07 00:18:32'),(495,27,80,'a:1:{i:0;s:5:\"31-45\";}','2022-11-07 00:18:32'),(496,1,81,'Pwa Team','2022-11-13 18:25:44'),(497,63,81,'a:0:{}','2022-11-07 00:56:06'),(498,27,81,'a:0:{}','2022-11-07 00:56:06'),(499,7,81,'a:1:{i:0;s:12:\"Good Citizen\";}','2022-11-07 00:56:06'),(500,47,81,'a:0:{}','2022-11-07 00:56:06'),(501,1,82,'Carla Gonzalez Canseco','2022-11-07 21:26:22'),(502,24,27,'United States','2022-11-07 15:29:22'),(503,26,27,'New York, New York','2022-11-07 15:29:22'),(504,63,27,'a:2:{i:0;s:7:\"English\";i:1;s:8:\"Español\";}','2022-11-07 15:29:22'),(505,27,27,'a:1:{i:0;s:5:\"31-45\";}','2022-11-07 15:29:22'),(506,1,83,'Ronald Lieu','2022-11-07 20:23:00'),(507,24,83,'United States','2022-11-07 20:23:00'),(508,26,83,'St. Paul, Minnesota','2022-11-07 20:23:00'),(509,63,83,'a:1:{i:0;s:7:\"English\";}','2022-11-07 20:23:00'),(510,27,83,'a:1:{i:0;s:5:\"18-30\";}','2022-11-07 20:23:00'),(511,24,82,'México','2022-11-07 21:26:22'),(512,26,82,'Ciudad de México','2022-11-07 21:26:22'),(513,63,82,'a:2:{i:0;s:7:\"English\";i:1;s:8:\"Español\";}','2022-11-07 21:26:22'),(514,27,82,'a:1:{i:0;s:5:\"31-45\";}','2022-11-07 21:26:22'),(515,58,82,'Writer','2022-11-07 21:29:27'),(516,59,82,'At home','2022-11-07 21:29:27'),(517,61,82,'Sogem','2022-11-07 21:29:27'),(519,1,85,'MENDO','2022-11-12 17:10:43'),(520,1,86,'Brandon Sullivan','2022-11-10 01:15:21'),(521,24,86,'United States','2022-11-10 01:15:21'),(522,26,86,'Washington, D.C.','2022-11-10 01:15:21'),(523,63,86,'a:1:{i:0;s:7:\"English\";}','2022-11-10 01:15:21'),(524,27,86,'a:1:{i:0;s:5:\"31-45\";}','2022-11-10 01:15:21'),(525,1,87,'Diego La Rosa Morales','2022-11-10 03:14:58'),(526,24,87,'Cuba','2022-11-10 03:14:58'),(527,26,87,'La Habana','2022-11-10 03:14:58'),(528,63,87,'a:2:{i:0;s:7:\"English\";i:1;s:8:\"Español\";}','2022-11-10 03:14:58'),(529,27,87,'a:1:{i:0;s:5:\"46-60\";}','2022-11-10 03:14:58'),(530,1,88,'Christine Vaple','2022-11-11 12:34:21'),(531,24,88,'Sweden','2022-11-11 12:34:21'),(532,26,88,'Tierp, Uppsala','2022-11-11 12:34:21'),(533,63,88,'a:2:{i:0;s:7:\"English\";i:1;s:8:\"Español\";}','2022-11-11 12:34:21'),(534,27,88,'a:1:{i:0;s:5:\"61-85\";}','2022-11-11 12:34:21'),(544,1,94,'Ramiro Chaves','2022-11-15 08:38:39'),(546,24,94,'Cuba','2022-11-15 08:38:39'),(547,26,94,'La Habana','2022-11-15 08:38:39'),(548,63,94,'a:1:{i:0;s:8:\"Español\";}','2022-11-15 08:38:39'),(549,27,94,'a:1:{i:0;s:5:\"46-60\";}','2022-11-15 08:38:39'),(550,24,85,'Países Bajos','2022-11-12 17:10:43'),(551,26,85,'Groningen, Groningen','2022-11-12 17:10:43'),(552,63,85,'a:2:{i:0;s:7:\"English\";i:1;s:8:\"Español\";}','2022-11-12 17:10:43'),(553,27,85,'a:1:{i:0;s:5:\"46-60\";}','2022-11-12 17:10:43'),(554,1,96,'Ernesto Hinojosa Anceaume','2022-11-12 18:26:47'),(555,24,96,'Cuba','2022-11-12 18:26:47'),(556,26,96,'Habana','2022-11-12 18:26:47'),(557,63,96,'a:1:{i:0;s:8:\"Español\";}','2022-11-12 18:26:47'),(558,27,96,'a:1:{i:0;s:5:\"31-45\";}','2022-11-12 18:26:47'),(563,1,98,'Tom Veatch','2022-11-15 20:51:09'),(564,24,98,'United States','2022-11-15 20:51:09'),(565,26,98,'Sioux City, Iowa','2022-11-15 20:51:09'),(566,63,98,'a:1:{i:0;s:7:\"English\";}','2022-11-15 20:51:09'),(567,27,98,'a:1:{i:0;s:5:\"46-60\";}','2022-11-15 20:51:09'),(568,1,99,'Liv91','2022-11-17 23:10:11'),(569,24,99,'USA','2022-11-17 18:54:21'),(570,26,99,'Miami, Fl','2022-11-17 18:54:21'),(571,63,99,'a:1:{i:0;s:7:\"English\";}','2022-11-17 18:54:21'),(572,27,99,'a:1:{i:0;s:5:\"31-45\";}','2022-11-17 18:54:21'),(573,1,100,'Mauricio Alonso','2022-11-20 00:14:46'),(574,1,101,'Dr. Alina Valdes','2022-11-20 01:24:25'),(575,63,100,'a:2:{i:0;s:7:\"English\";i:1;s:8:\"Español\";}','2022-11-20 00:14:46'),(576,27,100,'a:1:{i:0;s:5:\"61-85\";}','2022-11-20 00:14:46'),(577,7,100,'a:1:{i:0;s:12:\"Good Citizen\";}','2022-11-20 00:06:07'),(578,47,100,'a:0:{}','2022-11-20 00:06:07'),(580,24,100,'Cuba','2022-11-20 00:14:46'),(581,26,100,'Havana, Cuba','2022-11-20 00:14:46'),(582,58,100,'Engineer','2022-11-20 00:17:45'),(583,59,100,'Home','2022-11-20 00:17:45'),(584,60,100,'Juragua Nuclear Plant in  Cienfuegos province.','2022-11-20 00:17:45'),(585,61,100,'University','2022-11-20 00:17:45'),(586,24,101,'USA','2022-11-20 01:24:25'),(587,26,101,'Pembroke Pines,FL','2022-11-20 01:24:25'),(588,63,101,'a:1:{i:0;s:7:\"English\";}','2022-11-20 01:24:25'),(589,27,101,'a:1:{i:0;s:5:\"61-85\";}','2022-11-20 01:24:25'),(591,1,104,'medeabenjamin','2022-11-20 02:13:53'),(592,24,104,'USA','2022-11-20 02:13:53'),(593,26,104,'Miami, FL','2022-11-20 02:13:53'),(594,63,104,'a:1:{i:0;s:7:\"English\";}','2022-11-20 02:13:53'),(595,27,104,'a:1:{i:0;s:5:\"61-85\";}','2022-11-20 02:13:53'),(596,7,104,'a:1:{i:0;s:12:\"Good Citizen\";}','2022-11-20 02:13:53'),(597,47,104,'a:0:{}','2022-11-20 02:13:53'),(598,1,105,'Melodi Willis','2022-11-20 04:39:18'),(599,24,105,'United States','2022-11-20 04:39:18'),(600,26,105,'Ft. Lauderdale, Florida','2022-11-20 04:39:18'),(601,63,105,'a:1:{i:0;s:7:\"English\";}','2022-11-20 04:39:18'),(602,27,105,'a:1:{i:0;s:5:\"61-85\";}','2022-11-20 04:39:18'),(603,1,106,'Carlos Marin Diaz','2022-11-20 07:19:27'),(604,24,106,'Cuba','2022-11-20 07:19:27'),(605,26,106,'La Habana','2022-11-20 07:19:27'),(606,63,106,'a:1:{i:0;s:8:\"Español\";}','2022-11-20 07:19:27'),(607,27,106,'a:1:{i:0;s:5:\"46-60\";}','2022-11-20 07:19:27'),(609,1,108,'Tiffany Grantham','2022-11-21 01:04:39'),(610,24,108,'USA','2022-11-21 01:04:39'),(611,26,108,'Hollywood, FL','2022-11-21 01:04:39'),(612,63,108,'a:1:{i:0;s:7:\"English\";}','2022-11-21 01:04:39'),(613,27,108,'a:1:{i:0;s:5:\"61-85\";}','2022-11-21 01:04:39'),(617,7,108,'a:1:{i:0;s:12:\"Good Citizen\";}','2022-11-21 01:04:39'),(618,47,108,'a:0:{}','2022-11-21 01:04:39'),(622,1,115,'Antonne Jackson','2022-11-22 17:05:37'),(623,24,115,'United States','2022-11-22 17:05:37'),(624,26,115,'Seattle, Washington','2022-11-22 17:05:37'),(625,63,115,'a:1:{i:0;s:7:\"English\";}','2022-11-22 17:05:37'),(626,27,115,'a:1:{i:0;s:5:\"31-45\";}','2022-11-22 17:05:37'),(628,1,117,'Warren Acker','2022-11-23 13:03:20'),(634,24,117,'United States','2022-11-23 13:03:20'),(635,26,117,'New Wilmington, PA','2022-11-23 13:03:20'),(636,63,117,'a:1:{i:0;s:7:\"English\";}','2022-11-23 13:03:20'),(637,27,117,'a:1:{i:0;s:5:\"61-85\";}','2022-11-23 13:03:20'),(639,1,120,'Eduardo Santana','2022-12-01 20:52:55'),(640,33,120,'Cuba 111','2022-12-01 20:48:36'),(641,34,120,'2000-07-11 00:00:00','2022-12-01 20:48:36'),(642,24,120,'Cuba','2022-12-01 20:52:55'),(643,26,120,'Habana','2022-12-01 20:52:55'),(644,63,120,'a:1:{i:0;s:8:\"Español\";}','2022-12-01 20:52:55'),(645,27,120,'a:1:{i:0;s:5:\"18-30\";}','2022-12-01 20:52:55'),(657,1,126,'Adam Clark','2022-12-06 22:50:45'),(658,24,126,'United States','2022-12-06 22:50:45'),(659,26,126,'Houston','2022-12-06 22:50:45'),(660,63,126,'a:1:{i:0;s:7:\"English\";}','2022-12-06 22:50:45'),(661,27,126,'a:1:{i:0;s:5:\"31-45\";}','2022-12-06 22:50:45');

--
-- Table structure for table `wpsy_bp_xprofile_fields`
--

CREATE TABLE `wpsy_bp_xprofile_fields` (
  `id` bigint(20) unsigned NOT NULL AUTO_INCREMENT,
  `group_id` bigint(20) unsigned NOT NULL,
  `parent_id` bigint(20) unsigned NOT NULL,
  `type` varchar(150) NOT NULL,
  `name` varchar(150) NOT NULL,
  `description` longtext NOT NULL,
  `is_required` tinyint(1) NOT NULL DEFAULT 0,
  `is_default_option` tinyint(1) NOT NULL DEFAULT 0,
  `field_order` bigint(20) NOT NULL DEFAULT 0,
  `option_order` bigint(20) NOT NULL DEFAULT 0,
  `order_by` varchar(15) NOT NULL DEFAULT '',
  `can_delete` tinyint(1) NOT NULL DEFAULT 1,
  PRIMARY KEY (`id`),
  KEY `group_id` (`group_id`),
  KEY `parent_id` (`parent_id`),
  KEY `field_order` (`field_order`),
  KEY `can_delete` (`can_delete`),
  KEY `is_required` (`is_required`)
) ENGINE=InnoDB AUTO_INCREMENT=106 DEFAULT CHARSET=utf8mb4 COLLATE=utf8mb4_unicode_ci;

--
-- Dumping data for table `wpsy_bp_xprofile_fields`
--

INSERT INTO `wpsy_bp_xprofile_fields` VALUES (1,1,0,'textbox','Full Name','By default, your Username appears here but you should change it by your Name and Last Name.',1,0,1,0,'',0),(3,2,0,'textarea','What do you expect from Bettizens and how can you contribute?','',0,0,3,0,'custom',1),(6,2,0,'url','Your personal or business website URL (if any)','For example https://progrecit.com or janedoe@gmail.com (If more than one, one per line, please).',0,0,1,0,'custom',1),(7,3,0,'checkbox','How do you define yourself?','Select all that apply',0,0,0,0,'custom',1),(24,1,0,'textbox','Lives in:','Current Country of Residence',1,0,2,0,'default',1),(26,1,0,'textbox','City &amp; State/Province','Where you live now, like \\\"Los Angeles, California\\\"',1,0,3,0,'',1),(27,1,0,'checkbox','Age Range','Please, select your range',1,0,5,0,'custom',1),(33,2,0,'textbox','From','Country of Birth',0,0,0,0,'',1),(34,2,0,'datebox','Date of Birth','Day and month should be real. For the Year, write whatever you want, real or not',0,0,2,0,'',1),(35,2,0,'textarea','Anything else you want to add or share?','',0,0,4,0,'',1),(46,3,0,'textbox','If Other, please specify','',0,0,1,0,'',1),(47,3,0,'checkbox','Main Issues','Causes you defend or issues you care about (select all that apply)',0,0,2,0,'custom',1),(55,3,0,'textbox','If Other, please specify','',0,0,3,0,'',1),(56,3,0,'textbox','Name of your Main Organization (if any)','',0,0,4,0,'',1),(57,3,0,'textarea','Other Organizations you belong to or are related to','One per line',0,0,5,0,'',1),(58,4,0,'textbox','Title or Profession','',0,0,1,0,'',1),(59,4,0,'textbox','Current Place of Work','',0,0,2,0,'',1),(60,4,0,'textarea','Former Places of Work','One per line',0,0,3,0,'',1),(61,4,0,'textbox','Current School','',0,0,4,0,'',1),(62,4,0,'textarea','Former Schools','',0,0,5,0,'',1),(63,1,0,'checkbox','Preferred Language','If you are fluent in both, you can select both.',1,0,4,0,'custom',1),(82,3,7,'option','Good Citizen','',0,1,0,1,'',1),(83,3,7,'option','Social Democrat','',0,0,0,2,'',1),(84,3,7,'option','Democrat','',0,0,0,3,'',1),(85,3,7,'option','Liberal','',0,0,0,4,'',1),(86,3,7,'option','Leftist','',0,0,0,5,'',1),(87,3,7,'option','Progressive','',0,0,0,6,'',1),(88,3,7,'option','Democratic Socialist','',0,0,0,7,'',1),(89,3,7,'option','Socialist','',0,0,0,8,'',1),(90,3,7,'option','Communist','',0,0,0,9,'',1),(91,3,7,'option','Other','',0,0,0,10,'',1),(92,3,47,'option','Affordable Healthcare','',0,0,0,1,'',1),(93,3,47,'option','Affordable Education','',0,0,0,2,'',1),(94,3,47,'option','Living Wage','',0,0,0,3,'',1),(95,3,47,'option','Environmental Justice','',0,0,0,4,'',1),(96,3,47,'option','Money Out of Politics','',0,0,0,5,'',1),(97,3,47,'option','Economic Justice','',0,0,0,6,'',1),(98,3,47,'option','Civil Rights Protection','',0,0,0,7,'',1),(99,3,47,'option','Other','',0,0,0,8,'',1),(100,1,63,'option','English','',0,0,0,1,'',1),(101,1,63,'option','Español','',0,0,0,2,'',1),(102,1,27,'option','18-30','',0,0,0,1,'',1),(103,1,27,'option','31-45','',0,0,0,2,'',1),(104,1,27,'option','46-60','',0,0,0,3,'',1),(105,1,27,'option','61-85','',0,0,0,4,'',1);

--
-- Table structure for table `wpsy_bp_xprofile_groups`
--

CREATE TABLE `wpsy_bp_xprofile_groups` (
  `id` bigint(20) unsigned NOT NULL AUTO_INCREMENT,
  `name` varchar(150) NOT NULL,
  `description` mediumtext NOT NULL,
  `group_order` bigint(20) NOT NULL DEFAULT 0,
  `can_delete` tinyint(1) NOT NULL,
  PRIMARY KEY (`id`),
  KEY `can_delete` (`can_delete`)
) ENGINE=InnoDB AUTO_INCREMENT=5 DEFAULT CHARSET=utf8mb4 COLLATE=utf8mb4_unicode_ci;

--
-- Dumping data for table `wpsy_bp_xprofile_groups`
--

INSERT INTO `wpsy_bp_xprofile_groups` VALUES (1,'Overview - Required','',0,0),(2,'Other (Optional) (Primary)','',0,1),(3,'Social Activism (Optional)','',0,1),(4,'Education &amp; Work (Optional)','',0,1);

--
-- Table structure for table `wpsy_bp_xprofile_meta`
--

CREATE TABLE `wpsy_bp_xprofile_meta` (
  `id` bigint(20) NOT NULL AUTO_INCREMENT,
  `object_id` bigint(20) NOT NULL,
  `object_type` varchar(150) NOT NULL,
  `meta_key` varchar(255) DEFAULT NULL,
  `meta_value` longtext DEFAULT NULL,
  PRIMARY KEY (`id`),
  KEY `object_id` (`object_id`),
  KEY `meta_key` (`meta_key`(191))
) ENGINE=InnoDB AUTO_INCREMENT=89 DEFAULT CHARSET=utf8mb4 COLLATE=utf8mb4_unicode_ci;

--
-- Dumping data for table `wpsy_bp_xprofile_meta`
--

INSERT INTO `wpsy_bp_xprofile_meta` VALUES (1,1,'field','allow_custom_visibility','disabled'),(4,3,'field','default_visibility','loggedin'),(5,3,'field','allow_custom_visibility','disabled'),(10,6,'field','default_visibility','loggedin'),(11,6,'field','allow_custom_visibility','allowed'),(12,7,'field','default_visibility','loggedin'),(13,7,'field','allow_custom_visibility','disabled'),(23,1,'field','do_autolink','on'),(24,24,'field','default_visibility','loggedin'),(25,24,'field','allow_custom_visibility','allowed'),(27,24,'field','do_autolink','on'),(28,26,'field','default_visibility','loggedin'),(29,26,'field','allow_custom_visibility','allowed'),(30,26,'field','do_autolink','on'),(31,27,'field','default_visibility','loggedin'),(32,27,'field','allow_custom_visibility','allowed'),(33,27,'field','do_autolink','on'),(37,3,'field','do_autolink','off'),(38,33,'field','default_visibility','loggedin'),(39,33,'field','allow_custom_visibility','allowed'),(40,33,'field','do_autolink','on'),(41,6,'field','do_autolink','off'),(42,34,'field','default_visibility','friends'),(43,34,'field','allow_custom_visibility','allowed'),(44,34,'field','do_autolink','off'),(45,34,'field','date_format','Y-m-d'),(46,34,'field','date_format_custom',''),(47,34,'field','range_type','absolute'),(48,34,'field','range_absolute_start','1935'),(49,34,'field','range_absolute_end','2004'),(50,34,'field','range_relative_start','-10'),(51,34,'field','range_relative_end','20'),(52,35,'field','default_visibility','loggedin'),(53,35,'field','allow_custom_visibility','allowed'),(54,35,'field','do_autolink','off'),(55,7,'field','do_autolink','on'),(56,46,'field','default_visibility','loggedin'),(57,46,'field','allow_custom_visibility','allowed'),(58,46,'field','do_autolink','on'),(59,47,'field','default_visibility','loggedin'),(60,47,'field','allow_custom_visibility','allowed'),(61,47,'field','do_autolink','on'),(62,55,'field','default_visibility','loggedin'),(63,55,'field','allow_custom_visibility','allowed'),(64,55,'field','do_autolink','on'),(65,56,'field','default_visibility','loggedin'),(66,56,'field','allow_custom_visibility','allowed'),(67,56,'field','do_autolink','on'),(68,57,'field','default_visibility','loggedin'),(69,57,'field','allow_custom_visibility','allowed'),(70,57,'field','do_autolink','off'),(71,58,'field','default_visibility','loggedin'),(72,58,'field','allow_custom_visibility','allowed'),(73,58,'field','do_autolink','on'),(74,59,'field','default_visibility','loggedin'),(75,59,'field','allow_custom_visibility','allowed'),(76,59,'field','do_autolink','on'),(77,60,'field','default_visibility','loggedin'),(78,60,'field','allow_custom_visibility','allowed'),(79,60,'field','do_autolink','off'),(80,61,'field','default_visibility','loggedin'),(81,61,'field','allow_custom_visibility','allowed'),(82,61,'field','do_autolink','on'),(83,62,'field','default_visibility','loggedin'),(84,62,'field','allow_custom_visibility','allowed'),(85,62,'field','do_autolink','off'),(86,63,'field','default_visibility','loggedin'),(87,63,'field','allow_custom_visibility','allowed'),(88,63,'field','do_autolink','on');

--
-- Table structure for table `wpsy_bpges_queued_items`
--

CREATE TABLE `wpsy_bpges_queued_items` (
  `id` bigint(20) NOT NULL AUTO_INCREMENT,
  `user_id` bigint(20) NOT NULL,
  `group_id` bigint(20) NOT NULL,
  `activity_id` bigint(20) NOT NULL,
  `type` varchar(75) NOT NULL,
  `date_recorded` datetime NOT NULL DEFAULT '0000-00-00 00:00:00',
  PRIMARY KEY (`id`),
  UNIQUE KEY `user_group_activity_type` (`user_id`,`group_id`,`activity_id`,`type`),
  KEY `user_id` (`user_id`),
  KEY `group_id` (`group_id`),
  KEY `activity_id` (`activity_id`),
  KEY `user_group_type_date` (`user_id`,`type`,`date_recorded`)
) ENGINE=InnoDB AUTO_INCREMENT=1089 DEFAULT CHARSET=utf8mb4 COLLATE=utf8mb4_unicode_ci;

--
-- Dumping data for table `wpsy_bpges_queued_items`
--

INSERT INTO `wpsy_bpges_queued_items` VALUES (998,27,139,1806,'sum','2022-12-08 06:40:03'),(999,47,139,1806,'sum','2022-12-08 06:40:03'),(1000,29,139,1806,'sum','2022-12-08 06:40:03'),(1001,52,139,1806,'sum','2022-12-08 06:40:03'),(1002,28,139,1806,'sum','2022-12-08 06:40:03'),(1003,31,139,1806,'sum','2022-12-08 06:40:03'),(1004,67,139,1806,'sum','2022-12-08 06:40:03'),(1005,68,139,1806,'sum','2022-12-08 06:40:03'),(1006,75,139,1806,'sum','2022-12-08 06:40:03'),(1007,80,139,1806,'sum','2022-12-08 06:40:03'),(1008,83,139,1806,'sum','2022-12-08 06:40:03'),(1009,60,139,1806,'sum','2022-12-08 06:40:03'),(1010,86,139,1806,'sum','2022-12-08 06:40:03'),(1011,69,139,1806,'sum','2022-12-08 06:40:03'),(1012,98,139,1806,'sum','2022-12-08 06:40:03'),(1013,58,139,1806,'sum','2022-12-08 06:40:03'),(1014,105,139,1806,'sum','2022-12-08 06:40:03'),(1015,115,139,1806,'sum','2022-12-08 06:40:03'),(1016,117,139,1806,'sum','2022-12-08 06:40:03'),(1017,99,139,1806,'sum','2022-12-08 06:40:03'),(1018,126,139,1806,'sum','2022-12-08 06:40:03'),(1019,46,207,1812,'sum','2022-12-10 02:52:33'),(1020,47,207,1812,'sum','2022-12-10 02:52:33'),(1021,29,207,1812,'sum','2022-12-10 02:52:33'),(1022,48,207,1812,'sum','2022-12-10 02:52:33'),(1023,49,207,1812,'sum','2022-12-10 02:52:33'),(1024,33,207,1812,'sum','2022-12-10 02:52:33'),(1025,28,207,1812,'sum','2022-12-10 02:52:33'),(1026,31,207,1812,'sum','2022-12-10 02:52:33'),(1027,67,207,1812,'sum','2022-12-10 02:52:33'),(1028,57,207,1812,'sum','2022-12-10 02:52:33'),(1029,76,207,1812,'sum','2022-12-10 02:52:33'),(1030,59,207,1812,'sum','2022-12-10 02:52:33'),(1031,78,207,1812,'sum','2022-12-10 02:52:33'),(1032,79,207,1812,'sum','2022-12-10 02:52:33'),(1033,94,207,1812,'sum','2022-12-10 02:52:33'),(1034,106,207,1812,'sum','2022-12-10 02:52:33'),(1035,88,207,1812,'sum','2022-12-10 02:52:33'),(1036,27,139,1814,'sum','2022-12-10 18:19:35'),(1037,47,139,1814,'sum','2022-12-10 18:19:35'),(1038,29,139,1814,'sum','2022-12-10 18:19:35'),(1039,52,139,1814,'sum','2022-12-10 18:19:35'),(1040,28,139,1814,'sum','2022-12-10 18:19:35'),(1041,31,139,1814,'sum','2022-12-10 18:19:35'),(1042,67,139,1814,'sum','2022-12-10 18:19:35'),(1043,68,139,1814,'sum','2022-12-10 18:19:35'),(1044,75,139,1814,'sum','2022-12-10 18:19:35'),(1045,80,139,1814,'sum','2022-12-10 18:19:35'),(1046,83,139,1814,'sum','2022-12-10 18:19:35'),(1047,60,139,1814,'sum','2022-12-10 18:19:35'),(1048,86,139,1814,'sum','2022-12-10 18:19:35'),(1049,69,139,1814,'sum','2022-12-10 18:19:35'),(1050,98,139,1814,'sum','2022-12-10 18:19:35'),(1051,58,139,1814,'sum','2022-12-10 18:19:35'),(1052,105,139,1814,'sum','2022-12-10 18:19:35'),(1053,115,139,1814,'sum','2022-12-10 18:19:35'),(1054,117,139,1814,'sum','2022-12-10 18:19:35'),(1055,99,139,1814,'sum','2022-12-10 18:19:35'),(1056,126,139,1814,'sum','2022-12-10 18:19:35'),(1057,27,175,1818,'sum','2022-12-11 00:26:21'),(1058,29,175,1818,'sum','2022-12-11 00:26:21'),(1059,28,175,1818,'sum','2022-12-11 00:26:21'),(1060,67,175,1818,'sum','2022-12-11 00:26:21'),(1061,80,175,1818,'sum','2022-12-11 00:26:21'),(1062,83,175,1818,'sum','2022-12-11 00:26:21'),(1063,69,175,1818,'sum','2022-12-11 00:26:21'),(1064,86,175,1818,'sum','2022-12-11 00:26:21'),(1065,68,175,1818,'sum','2022-12-11 00:26:21'),(1066,117,175,1818,'sum','2022-12-11 00:26:21'),(1067,126,175,1818,'sum','2022-12-11 00:26:21'),(1068,27,139,1819,'sum','2022-12-11 00:59:29'),(1069,47,139,1819,'sum','2022-12-11 00:59:29'),(1070,29,139,1819,'sum','2022-12-11 00:59:29'),(1071,52,139,1819,'sum','2022-12-11 00:59:29'),(1072,28,139,1819,'sum','2022-12-11 00:59:29'),(1073,31,139,1819,'sum','2022-12-11 00:59:29'),(1074,67,139,1819,'sum','2022-12-11 00:59:29'),(1075,68,139,1819,'sum','2022-12-11 00:59:29'),(1076,75,139,1819,'sum','2022-12-11 00:59:29'),(1077,80,139,1819,'sum','2022-12-11 00:59:29'),(1078,83,139,1819,'sum','2022-12-11 00:59:29'),(1079,60,139,1819,'sum','2022-12-11 00:59:29'),(1080,86,139,1819,'sum','2022-12-11 00:59:29'),(1081,69,139,1819,'sum','2022-12-11 00:59:29'),(1082,98,139,1819,'sum','2022-12-11 00:59:29'),(1083,58,139,1819,'sum','2022-12-11 00:59:29'),(1084,105,139,1819,'sum','2022-12-11 00:59:29'),(1085,115,139,1819,'sum','2022-12-11 00:59:29'),(1086,117,139,1819,'sum','2022-12-11 00:59:29'),(1087,99,139,1819,'sum','2022-12-11 00:59:29'),(1088,126,139,1819,'sum','2022-12-11 00:59:29');

--
-- Table structure for table `wpsy_bpges_subscriptions`
--

CREATE TABLE `wpsy_bpges_subscriptions` (
  `id` bigint(20) NOT NULL AUTO_INCREMENT,
  `user_id` bigint(20) NOT NULL,
  `group_id` bigint(20) NOT NULL,
  `type` varchar(75) NOT NULL,
  PRIMARY KEY (`id`),
  KEY `user_id` (`user_id`),
  KEY `group_id` (`group_id`),
  KEY `user_type` (`user_id`,`type`)
) ENGINE=InnoDB AUTO_INCREMENT=366 DEFAULT CHARSET=utf8mb4 COLLATE=utf8mb4_unicode_ci;

--
-- Dumping data for table `wpsy_bpges_subscriptions`
--

INSERT INTO `wpsy_bpges_subscriptions` VALUES (1,1,46,'no'),(3,1,47,'supersub'),(4,27,48,'dig'),(5,27,49,'sum'),(6,27,50,'sum'),(7,27,51,'sum'),(8,27,52,'sum'),(9,27,53,'sum'),(10,27,54,'dig'),(11,27,55,'sum'),(12,27,56,'sum'),(13,27,57,'sum'),(14,27,58,'sum'),(15,27,59,'sum'),(16,27,60,'sum'),(17,27,61,'sum'),(18,27,62,'sum'),(19,27,63,'sum'),(20,27,64,'sum'),(21,27,65,'sum'),(22,27,66,'sum'),(23,27,67,'sum'),(24,27,68,'sum'),(25,27,69,'supersub'),(26,27,70,'sum'),(27,27,71,'sum'),(28,27,72,'sum'),(29,27,73,'sum'),(30,27,74,'dig'),(31,27,75,'dig'),(32,27,76,'dig'),(33,27,77,'dig'),(34,27,78,'dig'),(35,27,79,'dig'),(36,27,80,'dig'),(37,27,81,'sum'),(38,27,82,'sum'),(39,27,83,'sum'),(40,27,84,'sum'),(41,27,85,'dig'),(42,27,86,'sum'),(43,27,87,'sum'),(44,27,88,'sum'),(45,27,89,'sum'),(46,27,90,'sum'),(47,27,91,'sum'),(48,27,92,'sum'),(49,27,93,'sum'),(50,27,94,'sum'),(51,27,95,'sum'),(52,27,96,'sum'),(53,27,97,'sum'),(54,27,98,'sum'),(55,27,99,'sum'),(56,27,100,'sum'),(57,27,101,'sum'),(58,27,102,'sum'),(59,27,103,'sum'),(60,27,104,'sum'),(61,27,105,'sum'),(62,27,106,'sum'),(63,27,107,'sum'),(64,27,108,'sum'),(65,27,109,'sum'),(66,27,110,'sum'),(67,27,111,'sum'),(68,27,112,'sum'),(69,27,113,'sum'),(70,27,114,'sum'),(71,27,115,'sum'),(72,27,116,'sum'),(73,27,117,'sum'),(74,27,118,'sum'),(75,27,119,'sum'),(76,27,120,'sum'),(77,27,121,'sum'),(78,27,122,'sum'),(79,27,123,'sum'),(80,27,124,'sum'),(81,27,125,'sum'),(82,27,126,'sum'),(83,27,127,'sum'),(84,27,128,'sum'),(85,27,129,'sum'),(86,27,130,'sum'),(87,27,131,'sum'),(88,27,132,'sum'),(89,27,133,'sum'),(90,27,134,'sum'),(91,27,135,'sum'),(92,27,136,'sum'),(93,27,137,'sum'),(94,27,138,'sum'),(95,27,139,'sum'),(96,27,140,'sum'),(97,27,141,'sum'),(98,27,142,'sum'),(99,27,143,'sum'),(102,27,144,'sum'),(103,27,145,'sum'),(104,27,146,'sum'),(105,27,147,'sum'),(106,27,148,'sum'),(107,27,149,'sum'),(108,27,150,'sum'),(109,27,151,'sum'),(110,27,152,'sum'),(111,27,153,'sum'),(112,27,154,'sum'),(113,27,155,'sum'),(114,27,156,'sum'),(115,27,157,'sum'),(116,27,158,'sum'),(117,27,159,'sum'),(118,27,160,'sum'),(119,27,161,'sum'),(120,27,162,'sum'),(121,27,163,'sum'),(122,27,164,'sum'),(123,27,165,'sum'),(124,27,166,'sum'),(125,27,167,'sum'),(126,27,168,'sum'),(127,27,169,'sum'),(128,27,170,'sum'),(129,27,171,'sum'),(130,27,172,'sum'),(131,27,173,'sum'),(132,27,174,'sum'),(133,27,175,'sum'),(134,27,176,'sum'),(135,27,177,'sum'),(136,27,178,'sum'),(137,27,179,'sum'),(138,27,180,'sum'),(139,27,181,'sum'),(140,27,182,'sum'),(141,27,183,'sum'),(142,27,184,'sum'),(143,27,185,'sum'),(144,27,186,'sum'),(145,27,187,'sum'),(146,27,188,'sum'),(147,27,189,'sum'),(148,27,190,'sum'),(149,27,191,'sum'),(150,27,192,'sum'),(151,27,193,'sum'),(152,27,194,'sum'),(153,27,195,'sum'),(154,27,196,'sum'),(155,27,197,'sum'),(156,27,198,'sum'),(157,27,199,'sum'),(158,27,200,'sum'),(159,27,201,'dig'),(160,27,202,'dig'),(161,27,203,'sum'),(162,27,204,'sum'),(163,27,205,'sum'),(164,27,206,'sum'),(165,46,207,'sum'),(166,27,208,'supersub'),(167,47,139,'sum'),(168,47,207,'sum'),(169,29,139,'sum'),(170,29,207,'sum'),(171,29,206,'sum'),(172,29,202,'dig'),(173,29,201,'dig'),(174,29,200,'sum'),(175,29,199,'sum'),(176,29,196,'sum'),(177,29,195,'sum'),(178,29,194,'sum'),(179,29,189,'sum'),(180,29,185,'sum'),(181,29,184,'sum'),(182,29,182,'sum'),(183,29,186,'sum'),(184,29,183,'sum'),(186,48,207,'sum'),(187,49,207,'sum'),(188,33,207,'sum'),(189,28,207,'sum'),(190,31,207,'sum'),(191,52,139,'sum'),(192,28,139,'sum'),(193,31,139,'sum'),(196,29,69,'supersub'),(197,48,69,'supersub'),(198,33,69,'supersub'),(199,28,69,'supersub'),(200,46,69,'supersub'),(201,31,69,'supersub'),(202,49,69,'supersub'),(203,49,134,'sum'),(204,29,134,'sum'),(205,29,205,'sum'),(206,29,203,'sum'),(207,29,193,'sum'),(208,29,190,'sum'),(209,29,181,'sum'),(210,29,180,'sum'),(211,29,179,'sum'),(212,29,178,'sum'),(213,29,177,'sum'),(214,29,176,'sum'),(215,29,175,'sum'),(216,29,174,'sum'),(217,29,173,'sum'),(218,29,172,'sum'),(219,29,171,'sum'),(220,29,170,'sum'),(221,29,149,'sum'),(222,29,153,'sum'),(223,29,154,'sum'),(224,29,157,'sum'),(225,29,165,'sum'),(226,29,168,'sum'),(227,29,148,'sum'),(228,29,146,'sum'),(229,29,125,'sum'),(230,29,140,'sum'),(231,29,133,'sum'),(232,29,131,'sum'),(233,29,130,'sum'),(234,29,141,'sum'),(235,29,104,'sum'),(236,29,109,'sum'),(237,29,107,'sum'),(238,29,110,'sum'),(239,29,111,'sum'),(240,29,116,'sum'),(241,29,117,'sum'),(242,29,102,'sum'),(243,29,101,'sum'),(244,29,98,'sum'),(245,29,93,'sum'),(246,29,90,'sum'),(247,29,89,'sum'),(248,29,88,'sum'),(249,29,87,'sum'),(250,29,72,'sum'),(251,29,68,'sum'),(252,29,71,'sum'),(253,29,67,'sum'),(254,29,66,'sum'),(255,29,65,'sum'),(256,29,63,'sum'),(257,29,54,'dig'),(258,29,73,'sum'),(259,29,78,'dig'),(260,29,80,'dig'),(261,29,83,'sum'),(262,29,85,'dig'),(263,29,209,'dig'),(264,47,209,'dig'),(265,47,85,'dig'),(266,47,69,'supersub'),(267,28,175,'sum'),(268,28,209,'dig'),(269,29,210,'sum'),(270,67,209,'dig'),(271,67,139,'sum'),(272,67,175,'sum'),(273,67,210,'sum'),(274,67,69,'supersub'),(275,67,207,'sum'),(276,69,137,'sum'),(277,57,207,'sum'),(278,57,69,'supersub'),(279,57,209,'dig'),(280,60,65,'sum'),(281,68,139,'sum'),(282,76,207,'sum'),(283,76,69,'supersub'),(284,76,209,'dig'),(285,75,139,'sum'),(286,59,69,'supersub'),(287,59,207,'sum'),(288,29,137,'sum'),(289,80,139,'sum'),(290,80,175,'sum'),(291,80,83,'sum'),(292,78,204,'sum'),(293,78,209,'dig'),(294,78,207,'sum'),(295,78,69,'supersub'),(296,79,207,'sum'),(297,83,139,'sum'),(298,83,175,'sum'),(299,83,83,'sum'),(300,83,78,'dig'),(301,60,139,'sum'),(302,79,211,'no'),(303,28,211,'no'),(304,86,139,'sum'),(305,80,110,'sum'),(306,80,111,'sum'),(307,80,101,'sum'),(308,80,90,'sum'),(309,80,87,'sum'),(310,80,179,'sum'),(311,80,181,'sum'),(312,80,176,'sum'),(313,80,177,'sum'),(314,80,173,'sum'),(315,80,193,'sum'),(316,80,183,'sum'),(317,68,183,'sum'),(318,75,183,'sum'),(319,75,193,'sum'),(320,75,173,'sum'),(321,75,177,'sum'),(322,69,139,'sum'),(323,69,183,'sum'),(324,69,177,'sum'),(325,69,173,'sum'),(326,69,175,'sum'),(327,29,135,'sum'),(328,58,212,'dig'),(329,29,212,'dig'),(330,94,207,'sum'),(331,94,209,'dig'),(332,28,212,'dig'),(333,28,140,'sum'),(334,68,212,'dig'),(335,86,175,'sum'),(336,86,173,'sum'),(337,47,212,'dig'),(338,98,139,'sum'),(339,98,181,'sum'),(340,69,212,'dig'),(341,68,175,'sum'),(342,69,181,'sum'),(343,60,181,'sum'),(344,106,207,'sum'),(345,58,139,'sum'),(346,105,139,'sum'),(347,31,213,'sum'),(348,29,213,'sum'),(349,115,139,'sum'),(350,86,181,'sum'),(351,117,139,'sum'),(352,117,181,'sum'),(353,117,173,'sum'),(354,117,175,'sum'),(355,88,207,'sum'),(356,60,212,'dig'),(357,99,139,'sum'),(358,86,212,'dig'),(359,75,212,'dig'),(360,115,212,'dig'),(361,126,139,'sum'),(362,126,175,'sum'),(363,126,181,'sum'),(364,126,173,'sum'),(365,58,181,'sum');

--
-- Table structure for table `wpsy_bpht_hashtags`
--

CREATE TABLE `wpsy_bpht_hashtags` (
  `ht_id` bigint(20) unsigned NOT NULL AUTO_INCREMENT,
  `ht_name` varchar(128) DEFAULT NULL,
  `ht_type` varchar(28) DEFAULT NULL,
  `ht_count` bigint(20) unsigned DEFAULT 0,
  `ht_last_count` timestamp NOT NULL DEFAULT current_timestamp(),
  PRIMARY KEY (`ht_id`),
  UNIQUE KEY `ht_name` (`ht_name`,`ht_type`)
) ENGINE=InnoDB AUTO_INCREMENT=134 DEFAULT CHARSET=utf8mb4 COLLATE=utf8mb4_unicode_ci;

--
-- Dumping data for table `wpsy_bpht_hashtags`
--

INSERT INTO `wpsy_bpht_hashtags` VALUES (1,'fas-caret-right','page',6,'2022-09-23 06:23:07'),(2,'fas-caret-up','page',6,'2022-09-23 06:23:07'),(3,'far-bell','page',1,'2022-09-12 13:55:36'),(4,'far-user','page',4,'2022-09-15 14:24:09'),(5,'fas-user-friends','page',1,'2022-09-12 13:55:36'),(6,'far-comment-dots','page',1,'2022-09-12 13:55:36'),(7,'far-calendar-alt','page',1,'2022-09-12 13:55:36'),(8,'far-comments','page',4,'2022-09-15 14:24:09'),(9,'far-edit','page',4,'2022-09-15 14:24:09'),(10,'fas-user-plus','page',4,'2022-09-15 14:24:09'),(11,'fas-share-alt','page',4,'2022-09-15 14:24:09'),(12,'item-meta','page',2,'2022-09-12 18:54:35'),(13,'038','page',1,'2022-09-12 13:55:36'),(14,'8216','page',3,'2022-09-21 06:02:21'),(15,'8217','page',5,'2022-09-23 11:40:46'),(16,'d4d4d4','page',8,'2022-09-23 06:23:07'),(17,'fas-arrow-right','page',2,'2022-09-15 14:24:09'),(18,'fas-arrow-right','elementor_library',1,'2022-09-14 12:48:03'),(19,'d4d4d4','elementor_library',2,'2022-09-19 17:40:05'),(20,'fas-caret-right','elementor_library',1,'2022-09-14 12:48:03'),(21,'fas-caret-up','elementor_library',1,'2022-09-14 12:48:03'),(22,'far-edit','elementor_library',1,'2022-09-14 12:48:03'),(23,'fas-user-plus','elementor_library',1,'2022-09-14 12:48:03'),(24,'far-comments','elementor_library',1,'2022-09-14 12:48:03'),(25,'fas-share-alt','elementor_library',1,'2022-09-14 12:48:03'),(26,'far-user','elementor_library',1,'2022-09-14 12:48:03'),(27,'241','page',1,'2022-09-18 09:56:58'),(28,'2c2c2c','page',4,'2022-09-21 06:02:21'),(29,'fas-plus-circle','page',1,'2022-09-18 09:56:59'),(30,'fas-minus-circle','page',1,'2022-09-18 09:56:59'),(31,'fas-long-arrow-a','page',2,'2022-09-21 06:02:21'),(32,'fas-arrow-up','page',2,'2022-09-21 06:02:21'),(33,'8a8686','page',2,'2022-09-21 06:02:21'),(34,'8220','page',3,'2022-09-24 10:00:57'),(35,'8221','page',3,'2022-09-24 10:00:57'),(36,'8230','page',2,'2022-09-21 06:02:21'),(37,'ff6600','page',3,'2022-09-21 06:02:21'),(38,'2c2c2c','elementor_library',1,'2022-09-19 17:40:05'),(39,'fas-long-arrow-a','elementor_library',1,'2022-09-19 17:40:05'),(40,'fas-arrow-up','elementor_library',1,'2022-09-19 17:40:05'),(41,'8a8686','elementor_library',1,'2022-09-19 17:40:05'),(42,'8217','elementor_library',1,'2022-09-19 17:40:05'),(43,'8220','elementor_library',1,'2022-09-19 17:40:05'),(44,'8221','elementor_library',1,'2022-09-19 17:40:05'),(45,'8230','elementor_library',1,'2022-09-19 17:40:05'),(46,'ff6600','elementor_library',1,'2022-09-19 17:40:05'),(47,'283593','page',1,'2022-09-22 13:56:07'),(48,'8b0000','page',2,'2022-09-23 18:42:32'),(49,'000026','page',2,'2022-09-23 18:42:32'),(50,'ffffff','post',5,'2022-12-05 19:36:56'),(51,'800000','post',3,'2022-10-27 10:17:09'),(52,'ReviveDemocracy','buddypress',1,'2022-10-31 06:24:55'),(53,'Greedflation','buddypress',1,'2022-10-31 21:11:48'),(54,'PayTheirFairShar','buddypress',4,'2022-11-12 15:34:21'),(55,'PeopleOverProfit','buddypress',23,'2022-12-01 23:31:32'),(56,'Shrinkflation','buddypress',2,'2022-11-12 15:29:44'),(57,'EndTheCorporateB','buddypress',10,'2022-12-03 18:40:18'),(58,'SaySomething','buddypress',1,'2022-10-31 21:23:36'),(59,'Medicare4All','buddypress',6,'2022-12-03 18:40:18'),(60,'PlanetOverProfit','buddypress',1,'2022-10-31 21:35:24'),(61,'ClimateOverProfi','buddypress',3,'2022-11-23 23:50:57'),(62,'FairWages','buddypress',1,'2022-11-01 15:58:57'),(63,'populist','bbpress',3,'2022-11-13 19:02:23'),(64,'newparty','bbpress',3,'2022-11-13 19:02:23'),(65,'EndTheDamnWars','buddypress',9,'2022-12-03 18:40:18'),(66,'PeoplesParty','buddypress',44,'2022-12-06 22:46:24'),(67,'Sovereignity','buddypress',1,'2022-11-11 18:12:19'),(68,'Fairwage','buddypress',2,'2022-11-24 00:07:55'),(69,'MoneyOuttaPoliti','buddypress',11,'2022-12-06 22:46:24'),(70,'MoneyOutOfPoliti','buddypress',2,'2022-11-15 10:32:59'),(71,'NewParty','buddypress',6,'2022-11-20 01:19:08'),(72,'Echobox','buddypress',1,'2022-11-13 13:59:58'),(73,'Eldercare','buddypress',2,'2022-11-20 01:09:21'),(74,'x1f7e1','bbpress',2,'2022-11-13 19:02:23'),(75,'x1f535','bbpress',2,'2022-11-13 19:02:23'),(76,'x1f534','bbpress',2,'2022-11-13 19:02:23'),(77,'x1f7e2','bbpress',2,'2022-11-13 19:02:23'),(78,'UrBodyUrChoice','buddypress',1,'2022-11-20 01:03:17'),(79,'FundThePeople','buddypress',1,'2022-11-20 01:04:17'),(80,'M4All','buddypress',1,'2022-11-20 01:06:19'),(81,'PowerToThePeople','buddypress',1,'2022-11-20 01:11:42'),(82,'March4Medicare4A','buddypress',1,'2022-11-20 01:16:46'),(83,'PeoplesBailout','buddypress',1,'2022-11-20 01:19:08'),(84,'OnlyOnePlanet','buddypress',2,'2022-11-23 23:50:57'),(95,'ClimateChange','buddypress',1,'2022-11-23 23:50:57'),(96,'Class','buddypress',2,'2022-11-24 00:00:34'),(97,'USA','buddypress',1,'2022-11-23 23:58:16'),(98,'Ukraine','buddypress',1,'2022-11-23 23:58:16'),(99,'russia','buddypress',1,'2022-11-23 23:58:16'),(100,'Nuclear','buddypress',1,'2022-11-23 23:58:16'),(101,'Peace','buddypress',3,'2022-12-03 18:40:18'),(102,'communism','buddypress',3,'2022-12-05 00:34:06'),(103,'socialism','buddypress',6,'2022-12-06 22:46:24'),(104,'trump','buddypress',1,'2022-11-24 00:00:34'),(105,'libertarianism','buddypress',2,'2022-11-27 01:10:04'),(106,'workingclass','buddypress',1,'2022-11-24 00:00:34'),(107,'jimmydore','buddypress',1,'2022-11-24 00:00:34'),(108,'jimmydorecomedy','buddypress',1,'2022-11-24 00:00:34'),(109,'TaxTheRich','buddypress',1,'2022-11-24 00:07:55'),(110,'Housing4All','buddypress',1,'2022-11-24 00:07:55'),(111,'Populism','buddypress',2,'2022-12-05 00:34:06'),(112,'DemExit','buddypress',2,'2022-12-05 00:39:40'),(113,'RepExit','buddypress',1,'2022-11-27 01:44:22'),(114,'Freepalestine','buddypress',1,'2022-12-01 23:31:32'),(115,'SOLIDARITY','buddypress',1,'2022-12-01 23:31:32'),(116,'FreeAssange','buddypress',5,'2022-12-08 06:35:18'),(117,'Assange','buddypress',2,'2022-12-06 22:46:24'),(118,'FreePress','buddypress',3,'2022-12-06 22:46:24'),(119,'CornelWest','buddypress',3,'2022-12-06 22:46:24'),(120,'Democracy','buddypress',1,'2022-12-05 00:34:06'),(121,'Liberalism','buddypress',1,'2022-12-05 00:34:06'),(122,'Simple','buddypress',1,'2022-12-05 00:39:40'),(123,'Covid','post',2,'2022-12-05 19:38:39'),(124,'ArmsIndustry','post',2,'2022-12-05 19:38:39'),(125,'SinglePayer','buddypress',2,'2022-12-08 08:40:02'),(126,'MedicareForAll','buddypress',2,'2022-12-08 08:40:02'),(127,'LivingWage','buddypress',2,'2022-12-08 08:40:02'),(128,'FreePublicColleg','buddypress',2,'2022-12-08 08:40:02'),(129,'CancelStudentDeb','buddypress',2,'2022-12-08 08:40:02'),(130,'UniversalChildca','buddypress',2,'2022-12-08 08:40:03'),(131,'UniversalPreK','buddypress',2,'2022-12-08 08:40:03'),(132,'UniversalSickLea','buddypress',2,'2022-12-08 08:40:03'),(133,'UniversalParenta','buddypress',2,'2022-12-08 08:40:03');

--
-- Table structure for table `wpsy_bpht_hashtags_items`
--

CREATE TABLE `wpsy_bpht_hashtags_items` (
  `id` int(11) unsigned NOT NULL AUTO_INCREMENT,
  `user_id` bigint(20) DEFAULT NULL,
  `item_id` bigint(20) unsigned DEFAULT 0,
  `type` varchar(255) DEFAULT NULL,
  `hashtag_items` varchar(255) DEFAULT NULL,
  `created_date` timestamp NOT NULL DEFAULT current_timestamp(),
  PRIMARY KEY (`id`)
) ENGINE=InnoDB AUTO_INCREMENT=183 DEFAULT CHARSET=utf8mb4 COLLATE=utf8mb4_unicode_ci;

--
-- Dumping data for table `wpsy_bpht_hashtags_items`
--

INSERT INTO `wpsy_bpht_hashtags_items` VALUES (1,1,1797,'page','fas-caret-right','2022-09-12 13:55:36'),(2,1,1797,'page','fas-caret-up','2022-09-12 13:55:36'),(3,1,1797,'page','far-bell','2022-09-12 13:55:36'),(4,1,1797,'page','far-user','2022-09-12 13:55:36'),(5,1,1797,'page','fas-user-friends','2022-09-12 13:55:36'),(6,1,1797,'page','far-comment-dots','2022-09-12 13:55:36'),(7,1,1797,'page','far-calendar-alt','2022-09-12 13:55:36'),(8,1,1797,'page','far-comments','2022-09-12 13:55:36'),(9,1,1797,'page','far-edit','2022-09-12 13:55:36'),(10,1,1797,'page','fas-user-plus','2022-09-12 13:55:36'),(11,1,1797,'page','fas-share-alt','2022-09-12 13:55:36'),(12,1,1797,'page','item-meta','2022-09-12 13:55:36'),(13,1,1797,'page','038','2022-09-12 13:55:36'),(14,1,1797,'page','8216','2022-09-12 13:55:38'),(15,1,1797,'page','8217','2022-09-12 13:55:38'),(16,0,2822,'page','d4d4d4','2022-09-12 18:54:35'),(17,0,2822,'page','fas-caret-right','2022-09-12 18:54:35'),(18,0,2822,'page','fas-caret-up','2022-09-12 18:54:35'),(19,0,2822,'page','far-edit','2022-09-12 18:54:35'),(20,0,2822,'page','fas-user-plus','2022-09-12 18:54:35'),(21,0,2822,'page','far-comments','2022-09-12 18:54:35'),(22,0,2822,'page','fas-share-alt','2022-09-12 18:54:35'),(23,0,2822,'page','far-user','2022-09-12 18:54:35'),(24,0,2822,'page','item-meta','2022-09-12 18:54:35'),(25,0,2822,'page','8216','2022-09-12 18:54:35'),(26,0,2822,'page','8217','2022-09-12 18:54:35'),(27,1,2870,'page','d4d4d4','2022-09-14 08:02:04'),(28,1,2870,'page','fas-caret-right','2022-09-14 08:02:04'),(29,1,2870,'page','fas-caret-up','2022-09-14 08:02:04'),(30,1,2870,'page','far-edit','2022-09-14 08:21:20'),(31,1,2870,'page','fas-user-plus','2022-09-14 08:47:56'),(32,1,2870,'page','far-comments','2022-09-14 08:47:56'),(33,1,2870,'page','fas-share-alt','2022-09-14 08:47:56'),(34,1,2870,'page','fas-arrow-right','2022-09-14 08:55:16'),(35,1,2870,'page','far-user','2022-09-14 12:35:16'),(36,1,2996,'elementor_library','fas-arrow-right','2022-09-14 12:48:03'),(37,1,2996,'elementor_library','d4d4d4','2022-09-14 12:48:03'),(38,1,2996,'elementor_library','fas-caret-right','2022-09-14 12:48:03'),(39,1,2996,'elementor_library','fas-caret-up','2022-09-14 12:48:03'),(40,1,2996,'elementor_library','far-edit','2022-09-14 12:48:03'),(41,1,2996,'elementor_library','fas-user-plus','2022-09-14 12:48:03'),(42,1,2996,'elementor_library','far-comments','2022-09-14 12:48:03'),(43,1,2996,'elementor_library','fas-share-alt','2022-09-14 12:48:03'),(44,1,2996,'elementor_library','far-user','2022-09-14 12:48:03'),(45,1,2914,'page','fas-arrow-right','2022-09-15 14:24:09'),(46,1,2914,'page','d4d4d4','2022-09-15 14:24:09'),(47,1,2914,'page','fas-caret-right','2022-09-15 14:24:09'),(48,1,2914,'page','fas-caret-up','2022-09-15 14:24:09'),(49,1,2914,'page','far-edit','2022-09-15 14:24:09'),(50,1,2914,'page','fas-user-plus','2022-09-15 14:24:09'),(51,1,2914,'page','far-comments','2022-09-15 14:24:09'),(52,1,2914,'page','fas-share-alt','2022-09-15 14:24:09'),(53,1,2914,'page','far-user','2022-09-15 14:24:09'),(54,1,4,'page','241','2022-09-18 09:56:58'),(55,1,4,'page','2c2c2c','2022-09-18 09:56:59'),(56,1,4,'page','d4d4d4','2022-09-18 09:56:59'),(57,1,4,'page','fas-plus-circle','2022-09-18 09:56:59'),(58,1,4,'page','fas-minus-circle','2022-09-18 09:56:59'),(59,1,3133,'page','2c2c2c','2022-09-19 09:21:52'),(60,1,3133,'page','d4d4d4','2022-09-19 09:21:52'),(61,1,3133,'page','fas-long-arrow-a','2022-09-19 09:21:52'),(62,1,3133,'page','fas-arrow-up','2022-09-19 09:55:16'),(63,1,3133,'page','8a8686','2022-09-19 10:05:20'),(64,1,3133,'page','8217','2022-09-19 12:34:18'),(65,1,3133,'page','8220','2022-09-19 12:34:18'),(66,1,3133,'page','8221','2022-09-19 12:34:18'),(67,1,3133,'page','8230','2022-09-19 13:19:30'),(68,1,3133,'page','ff6600','2022-09-19 13:30:31'),(69,1,2870,'page','2c2c2c','2022-09-19 14:00:34'),(70,1,3415,'elementor_library','2c2c2c','2022-09-19 17:40:05'),(71,1,3415,'elementor_library','d4d4d4','2022-09-19 17:40:05'),(72,1,3415,'elementor_library','fas-long-arrow-a','2022-09-19 17:40:05'),(73,1,3415,'elementor_library','fas-arrow-up','2022-09-19 17:40:05'),(74,1,3415,'elementor_library','8a8686','2022-09-19 17:40:05'),(75,1,3415,'elementor_library','8217','2022-09-19 17:40:05'),(76,1,3415,'elementor_library','8220','2022-09-19 17:40:05'),(77,1,3415,'elementor_library','8221','2022-09-19 17:40:05'),(78,1,3415,'elementor_library','8230','2022-09-19 17:40:05'),(79,1,3415,'elementor_library','ff6600','2022-09-19 17:40:05'),(80,1,3424,'page','d4d4d4','2022-09-19 18:06:23'),(81,1,3424,'page','fas-caret-right','2022-09-19 18:06:23'),(82,1,3424,'page','fas-caret-up','2022-09-19 18:06:23'),(83,1,3424,'page','ff6600','2022-09-19 18:40:19'),(84,1,3614,'page','2c2c2c','2022-09-21 06:02:21'),(85,1,3614,'page','d4d4d4','2022-09-21 06:02:21'),(86,1,3614,'page','fas-long-arrow-a','2022-09-21 06:02:21'),(87,1,3614,'page','fas-arrow-up','2022-09-21 06:02:21'),(88,1,3614,'page','8a8686','2022-09-21 06:02:21'),(89,1,3614,'page','8220','2022-09-21 06:02:21'),(90,1,3614,'page','8221','2022-09-21 06:02:21'),(91,1,3614,'page','8216','2022-09-21 06:02:21'),(92,1,3614,'page','8217','2022-09-21 06:02:21'),(93,1,3614,'page','8230','2022-09-21 06:02:21'),(94,1,3614,'page','ff6600','2022-09-21 06:02:21'),(95,1,3691,'page','283593','2022-09-22 13:56:07'),(96,1,3691,'page','8b0000','2022-09-22 14:22:36'),(97,1,3691,'page','000026','2022-09-22 14:22:36'),(98,1,3140,'page','d4d4d4','2022-09-23 06:23:07'),(99,1,3140,'page','fas-caret-right','2022-09-23 06:23:07'),(100,1,3140,'page','fas-caret-up','2022-09-23 06:23:07'),(101,1,3140,'page','8217','2022-09-23 11:40:46'),(102,1,3938,'page','8b0000','2022-09-23 18:42:32'),(103,1,3938,'page','000026','2022-09-23 18:42:32'),(104,1,3140,'page','8220','2022-09-24 10:00:57'),(105,1,3140,'page','8221','2022-09-24 10:00:57'),(106,1,4512,'post','ffffff','2022-10-27 10:08:11'),(107,1,4512,'post','800000','2022-10-27 10:11:09'),(108,58,0,'buddypress','ReviveDemocracy','2022-10-31 06:24:55'),(109,58,0,'buddypress','Greedflation','2022-10-31 21:11:48'),(110,58,0,'buddypress','PayTheirFairShar','2022-10-31 21:11:48'),(111,58,0,'buddypress','PeopleOverProfit','2022-10-31 21:11:48'),(112,58,0,'buddypress','Shrinkflation','2022-10-31 21:16:29'),(113,58,0,'buddypress','EndTheCorporateB','2022-10-31 21:21:40'),(114,58,0,'buddypress','SaySomething','2022-10-31 21:23:36'),(115,58,0,'buddypress','Medicare4All','2022-10-31 21:27:03'),(116,58,0,'buddypress','PlanetOverProfit','2022-10-31 21:35:24'),(117,58,0,'buddypress','ClimateOverProfi','2022-11-01 15:58:57'),(118,58,0,'buddypress','FairWages','2022-11-01 15:58:57'),(119,58,4880,'bbpress','populist','2022-11-11 16:16:35'),(120,58,4880,'bbpress','newparty','2022-11-11 16:16:35'),(121,58,0,'buddypress','EndTheDamnWars','2022-11-11 17:37:25'),(122,58,0,'buddypress','PeoplesParty','2022-11-11 17:37:25'),(123,58,0,'buddypress','Sovereignity','2022-11-11 18:12:19'),(124,58,0,'buddypress','Fairwage','2022-11-11 18:15:40'),(125,58,0,'buddypress','MoneyOuttaPoliti','2022-11-12 15:55:21'),(126,27,0,'buddypress','MoneyOutOfPoliti','2022-11-12 16:04:04'),(127,58,0,'buddypress','NewParty','2022-11-13 13:55:33'),(128,58,0,'buddypress','Echobox','2022-11-13 13:59:58'),(129,58,0,'buddypress','Eldercare','2022-11-13 14:01:42'),(130,58,4880,'bbpress','x1f7e1','2022-11-13 19:01:50'),(131,58,4880,'bbpress','x1f535','2022-11-13 19:01:50'),(132,58,4880,'bbpress','x1f534','2022-11-13 19:01:50'),(133,58,4880,'bbpress','x1f7e2','2022-11-13 19:01:50'),(134,58,0,'buddypress','UrBodyUrChoice','2022-11-20 01:03:17'),(135,58,0,'buddypress','FundThePeople','2022-11-20 01:04:17'),(136,58,0,'buddypress','M4All','2022-11-20 01:06:19'),(137,58,0,'buddypress','PowerToThePeople','2022-11-20 01:11:42'),(138,58,0,'buddypress','March4Medicare4A','2022-11-20 01:16:46'),(139,58,0,'buddypress','PeoplesBailout','2022-11-20 01:19:08'),(140,58,0,'buddypress','OnlyOnePlanet','2022-11-20 01:19:55'),(141,58,0,'buddypress','Class','2022-11-23 11:02:48'),(142,58,0,'buddypress','usa','2022-11-23 11:02:48'),(143,58,0,'buddypress','russia','2022-11-23 11:02:48'),(144,58,0,'buddypress','peace','2022-11-23 11:02:48'),(145,58,0,'buddypress','Socialism','2022-11-23 12:06:38'),(146,58,0,'buddypress','Communism','2022-11-23 12:06:38'),(147,58,0,'buddypress','Libertarianism','2022-11-23 12:06:38'),(148,58,0,'buddypress','Democracy','2022-11-23 12:06:38'),(149,58,0,'buddypress','Republicans','2022-11-23 12:06:38'),(150,58,0,'buddypress','NuclearWar','2022-11-23 12:06:38'),(151,58,0,'buddypress','ClimateChange','2022-11-23 23:50:57'),(152,58,0,'buddypress','Ukraine','2022-11-23 23:58:16'),(153,58,0,'buddypress','Nuclear','2022-11-23 23:58:16'),(154,58,0,'buddypress','trump','2022-11-24 00:00:34'),(155,58,0,'buddypress','workingclass','2022-11-24 00:00:34'),(156,58,0,'buddypress','jimmydore','2022-11-24 00:00:34'),(157,58,0,'buddypress','jimmydorecomedy','2022-11-24 00:00:34'),(158,58,0,'buddypress','TaxTheRich','2022-11-24 00:07:55'),(159,58,0,'buddypress','Housing4All','2022-11-24 00:07:55'),(160,58,0,'buddypress','Populism','2022-11-27 01:10:04'),(161,58,0,'buddypress','DemExit','2022-11-27 01:44:22'),(162,58,0,'buddypress','RepExit','2022-11-27 01:44:22'),(163,58,0,'buddypress','Freepalestine','2022-12-01 23:31:32'),(164,58,0,'buddypress','SOLIDARITY','2022-12-01 23:31:32'),(165,58,0,'buddypress','FreeAssange','2022-12-03 18:41:15'),(166,58,0,'buddypress','Assange','2022-12-03 18:41:15'),(167,58,0,'buddypress','FreePress','2022-12-03 18:41:15'),(168,58,0,'buddypress','CornelWest','2022-12-03 18:41:15'),(169,58,0,'buddypress','Liberalism','2022-12-05 00:34:06'),(170,58,0,'buddypress','Simple','2022-12-05 00:39:40'),(171,27,5432,'post','ffffff','2022-12-05 19:36:56'),(172,27,5432,'post','Covid','2022-12-05 19:36:56'),(173,27,5432,'post','ArmsIndustry','2022-12-05 19:36:56'),(174,58,0,'buddypress','SinglePayer','2022-12-08 08:38:34'),(175,58,0,'buddypress','MedicareForAll','2022-12-08 08:38:34'),(176,58,0,'buddypress','LivingWage','2022-12-08 08:38:34'),(177,58,0,'buddypress','FreePublicColleg','2022-12-08 08:38:34'),(178,58,0,'buddypress','CancelStudentDeb','2022-12-08 08:38:34'),(179,58,0,'buddypress','UniversalChildca','2022-12-08 08:38:34'),(180,58,0,'buddypress','UniversalPreK','2022-12-08 08:38:34'),(181,58,0,'buddypress','UniversalSickLea','2022-12-08 08:38:34'),(182,58,0,'buddypress','UniversalParenta','2022-12-08 08:38:34');

--
-- Table structure for table `wpsy_commentmeta`
--

CREATE TABLE `wpsy_commentmeta` (
  `meta_id` bigint(20) unsigned NOT NULL AUTO_INCREMENT,
  `comment_id` bigint(20) unsigned NOT NULL DEFAULT 0,
  `meta_key` varchar(255) DEFAULT NULL,
  `meta_value` longtext DEFAULT NULL,
  PRIMARY KEY (`meta_id`),
  KEY `comment_id` (`comment_id`),
  KEY `meta_key` (`meta_key`(191))
) ENGINE=InnoDB AUTO_INCREMENT=124 DEFAULT CHARSET=utf8mb4 COLLATE=utf8mb4_unicode_ci;

--
-- Dumping data for table `wpsy_commentmeta`
--

INSERT INTO `wpsy_commentmeta` VALUES (1,2,'activity_id','1167'),(2,3,'activity_id','1178'),(3,4,'activity_id','1180'),(4,5,'activity_id','1200'),(5,6,'activity_id','1221'),(6,7,'activity_id','1222'),(7,8,'activity_id','1232'),(8,9,'activity_id','1234'),(9,10,'activity_id','1243'),(10,11,'activity_id','1246'),(11,12,'activity_id','1249'),(12,13,'activity_id','1257'),(13,14,'activity_id','1269'),(14,15,'activity_id','1270'),(15,16,'activity_id','1271'),(16,17,'activity_id','1275'),(17,18,'activity_id','1291'),(18,19,'activity_id','1297'),(19,20,'activity_id','1303'),(20,21,'activity_id','1304'),(21,22,'activity_id','1306'),(22,23,'activity_id','1316'),(23,24,'activity_id','1319'),(24,25,'activity_id','1325'),(25,26,'activity_id','1334'),(26,27,'activity_id','1335'),(27,28,'activity_id','1339'),(28,29,'activity_id','1344'),(29,30,'activity_id','1347'),(30,31,'activity_id','1348'),(31,32,'activity_id','1374'),(32,33,'activity_id','1375'),(33,34,'activity_id','1392'),(35,36,'activity_id','1396'),(36,37,'activity_id','1397'),(37,38,'activity_id','1408'),(38,39,'activity_id','1412'),(39,40,'activity_id','1414'),(40,41,'activity_id','1436'),(41,42,'activity_id','1437'),(42,43,'activity_id','1439'),(43,44,'activity_id','1440'),(44,45,'activity_id','1444'),(45,46,'activity_id','1445'),(46,47,'activity_id','1448'),(47,48,'activity_id','1453'),(49,50,'activity_id','1464'),(51,52,'activity_id','1470'),(52,53,'activity_id','1471'),(53,54,'activity_id','1472'),(56,57,'activity_id','1476'),(59,60,'activity_id','1490'),(62,63,'activity_id','1496'),(65,66,'activity_id','1514'),(66,67,'activity_id','1553'),(67,68,'activity_id','1554'),(68,69,'activity_id','1555'),(69,70,'activity_id','1556'),(70,71,'activity_id','1557'),(71,72,'activity_id','1576'),(72,73,'activity_id','1585'),(73,74,'activity_id','1602'),(75,76,'activity_id','1605'),(76,77,'activity_id','1607'),(77,78,'activity_id','1609'),(78,79,'activity_id','1611'),(79,80,'activity_id','1612'),(80,81,'activity_id','1613'),(81,82,'activity_id','1614'),(82,83,'activity_id','1615'),(83,84,'activity_id','1617'),(84,85,'activity_id','1619'),(85,86,'activity_id','1624'),(86,87,'activity_id','1630'),(87,88,'activity_id','1635'),(88,89,'activity_id','1636'),(89,90,'activity_id','1642'),(90,91,'activity_id','1665'),(91,92,'activity_id','1668'),(92,93,'activity_id','1675'),(93,94,'activity_id','1678'),(94,95,'activity_id','1686'),(95,96,'activity_id','1706'),(96,97,'activity_id','1707'),(97,98,'activity_id','1718'),(98,99,'activity_id','1721'),(99,100,'activity_id','1729'),(100,101,'activity_id','1731'),(101,102,'activity_id','1732'),(102,103,'activity_id','1737'),(103,104,'activity_id','1741'),(104,105,'activity_id','1749'),(105,106,'activity_id','1753'),(106,107,'activity_id','1756'),(107,108,'activity_id','1760'),(108,109,'activity_id','1762'),(109,110,'activity_id','1763'),(110,111,'activity_id','1764'),(111,112,'activity_id','1765'),(112,113,'activity_id','1766'),(113,114,'activity_id','1767'),(114,115,'activity_id','1768'),(115,116,'activity_id','1769'),(116,117,'activity_id','1770'),(117,118,'activity_id','1788'),(118,119,'activity_id','1789'),(119,120,'activity_id','1792'),(120,121,'activity_id','1800'),(121,122,'activity_id','1803'),(122,123,'activity_id','1804'),(123,124,'activity_id','1817');

--
-- Table structure for table `wpsy_comments`
--

CREATE TABLE `wpsy_comments` (
  `comment_ID` bigint(20) unsigned NOT NULL AUTO_INCREMENT,
  `comment_post_ID` bigint(20) unsigned NOT NULL DEFAULT 0,
  `comment_author` tinytext NOT NULL,
  `comment_author_email` varchar(100) NOT NULL DEFAULT '',
  `comment_author_url` varchar(200) NOT NULL DEFAULT '',
  `comment_author_IP` varchar(100) NOT NULL DEFAULT '',
  `comment_date` datetime NOT NULL DEFAULT '0000-00-00 00:00:00',
  `comment_date_gmt` datetime NOT NULL DEFAULT '0000-00-00 00:00:00',
  `comment_content` text NOT NULL,
  `comment_karma` int(11) NOT NULL DEFAULT 0,
  `comment_approved` varchar(20) NOT NULL DEFAULT '1',
  `comment_agent` varchar(255) NOT NULL DEFAULT '',
  `comment_type` varchar(20) NOT NULL DEFAULT 'comment',
  `comment_parent` bigint(20) unsigned NOT NULL DEFAULT 0,
  `user_id` bigint(20) unsigned NOT NULL DEFAULT 0,
  PRIMARY KEY (`comment_ID`),
  KEY `comment_post_ID` (`comment_post_ID`),
  KEY `comment_approved_date_gmt` (`comment_approved`,`comment_date_gmt`),
  KEY `comment_date_gmt` (`comment_date_gmt`),
  KEY `comment_parent` (`comment_parent`),
  KEY `comment_author_email` (`comment_author_email`(10))
) ENGINE=InnoDB AUTO_INCREMENT=125 DEFAULT CHARSET=utf8mb4 COLLATE=utf8mb4_unicode_ci;

--
-- Dumping data for table `wpsy_comments`
--

INSERT INTO `wpsy_comments` VALUES (1,1,'A WordPress Commenter','wapuu@wordpress.example','https://wordpress.org/','','2021-04-05 13:51:04','2021-04-05 13:51:04','Hi, this is a comment.\nTo get started with moderating, editing, and deleting comments, please visit the Comments screen in the dashboard.\nCommenter avatars come from <a href=\"https://gravatar.com\">Gravatar</a>.',0,'1','','comment',0,0),(2,4667,'jamesbro','','','','2022-11-01 08:05:06','2022-11-01 12:05:06','Absolutely\". They are raising their prices above their increasing costs. So, inflation is due to profit gains from excessive corporate power, not from excessive worker power. It\'s profits, not wages, that need to be controlled.',0,'1','','comment',0,60),(3,4681,'drmanueltejeda','','','','2022-11-01 19:35:38','2022-11-01 23:35:38','Yes, we need these \"machines\". Only voting we can stop fascism.',0,'1','','comment',0,29),(4,4667,'drmanueltejeda','','','','2022-11-01 19:38:08','2022-11-01 23:38:08','Mahatma Gandhi said: \"There is enough for everyone\'s need but not for everyone\'s greed\". Specially for Corporate greed!',0,'1','','comment',0,29),(5,4681,'mariegold','','','','2022-11-02 16:22:20','2022-11-02 20:22:20','No more thoughts and prayers. We need to vote. VOTE, VOTE!!!!',0,'1','','comment',0,69),(6,4744,'billbrown','','','','2022-11-03 22:52:22','2022-11-04 02:52:22','I invited many friends but you know us, democrats, progressives... It takes us a long time to make even the smallest move.',0,'1','','comment',0,47),(7,4744,'drmanueltejeda','','','','2022-11-03 23:03:48','2022-11-04 03:03:48','You\'re 300% right. Unfortunately. ',0,'1','','comment',0,29),(8,4799,'lizbauman','','','','2022-11-04 11:46:44','2022-11-04 15:46:44','Yes, it is true that we are the cavalry, but we are not riding fast enough and seldom in the right direction.',0,'1','','comment',0,75),(9,4799,'drmanueltejeda','','','','2022-11-04 15:13:52','2022-11-04 19:13:52','Right to the point!',0,'1','','comment',0,29),(10,4806,'drmanueltejeda','','','','2022-11-05 20:48:44','2022-11-06 00:48:44','Go ahead! I\'m not afraid of that.',0,'1','','comment',0,29),(11,4808,'mariegold','','','','2022-11-05 21:27:55','2022-11-06 01:27:55','I don\'t like the Democrats. I am a democratic socialist, a communist you would say in the U.S. But if I were an American I would vote exclusively for the Democrats... although there are some who make you want to go to the bathroom...',0,'1','','comment',0,69),(12,4808,'ichika89','','','','2022-11-05 21:51:45','2022-11-06 01:51:45','I do not like the slogan Vote Blue no Matter Who, but yes, you\'re right, we have to vote BLUE.',0,'1','','comment',0,68),(13,4818,'drmanueltejeda','','','','2022-11-06 17:04:40','2022-11-06 22:04:40','Enough is enough! We need to stand against Wild Capitalism everywhere. If we UNITE we\'re unstoppable!',0,'1','','comment',0,29),(14,4820,'ichika89','','','','2022-11-07 10:36:10','2022-11-07 15:36:10','Vote, vote, vote! Re-elect them. We need them!',0,'1','','comment',0,68),(15,4667,'ichika89','','','','2022-11-07 10:40:50','2022-11-07 15:40:50','Greedflation... I like it. ',0,'1','','comment',0,68),(16,4690,'drmanueltejeda','','','','2022-11-07 10:45:46','2022-11-07 15:45:46','Palestinians don\'t matter to the U.S. government. They are not white. It doesn\'t care about the Ukrainians either, but they are an instrument to weaken Russia, sell more weapons and make more money from oil.',0,'1','','comment',0,29),(17,4820,'drmanueltejeda','','','','2022-11-07 15:11:52','2022-11-07 20:11:52','We need them. And we need more representatives like them: no fear, loyal to working people, no Big Capital.',0,'1','','comment',0,29),(18,4841,'drmanueltejeda','','','','2022-11-08 12:09:15','2022-11-08 17:09:15','I don\'t know. I still have hope!',0,'1','','comment',0,29),(19,4843,'ronald0692','','','','2022-11-08 12:41:22','2022-11-08 17:41:22','I have four sisters, and I know one thing for sure: no woman wants to be in a position of having to choose abortion. However, there will always be a need for abortion. That\'s reality. Women cannot, and should not, be forced to carry an unwanted pregnancy to term. Period!',0,'1','','comment',0,83),(20,4847,'drmanueltejeda','','','','2022-11-09 09:29:55','2022-11-09 14:29:55','We need to win Georgia and Arizona. We are leading, but still too close to call.',0,'1','','comment',0,29),(21,4847,'billbrown','','','','2022-11-09 09:35:37','2022-11-09 14:35:37','Well, we cannot win Alaska. So, we need to wait for GA &amp; AZ. Georgia should be for Warnock (with 98% of votes in, he\'s leading - 49.4%/48.5%). Arizona is the one that worries me: with 66% of votes in, we\'re winning 51.4%/46.4%, but...',0,'1','','comment',0,47),(22,4847,'mikeros','','','','2022-11-09 10:48:12','2022-11-09 15:48:12','Have faith. We still can win.',0,'1','','comment',0,80),(23,4857,'ronald0692','','','','2022-11-09 20:02:55','2022-11-10 01:02:55','Yes!!!!! Decency prevailed in Pennsylvania. Congratulations John Fetterman.',0,'1','','comment',0,83),(24,4855,'brandonsul','','','','2022-11-09 20:26:22','2022-11-10 01:26:22','Too close to call... or did they call it already?',0,'1','','comment',0,86),(25,4867,'drmanueltejeda','','','','2022-11-10 14:18:01','2022-11-10 19:18:01','Waiting for it. It\'s coming. ',0,'1','','comment',0,29),(26,4871,'lizbauman','','','','2022-11-11 07:31:38','2022-11-11 12:31:38','They have taken so long to raise the minimum wage to $15, that when they do, we will already need $25.',0,'1','','comment',0,75),(27,4869,'lizbauman','','','','2022-11-11 07:33:13','2022-11-11 12:33:13','Offense not taken. We\'re very well aware of that. Unfortunately!',0,'1','','comment',0,75),(28,4874,'billbrown','','','','2022-11-11 08:10:32','2022-11-11 13:10:32','Bravo, Bettizens team. Congrats! And of course, they will come! ',0,'1','','comment',0,47),(29,4874,'ichika89','','','','2022-11-11 08:55:24','2022-11-11 13:55:24','Excellent news, Doc!',0,'1','','comment',0,68),(30,4869,'drmanueltejeda','','','','2022-11-11 09:50:33','2022-11-11 14:50:33','Offense not taken. In the U.S. we love our guns more than we love our children.',0,'1','','comment',0,29),(31,4878,'drmanueltejeda','','','','2022-11-11 16:10:56','2022-11-11 21:10:56','Lol, my dear. Political humor is a tremendous weapon against the bad guys!',0,'1','','comment',0,29),(32,4894,'networkstaff','','','','2022-11-12 10:25:25','2022-11-12 15:25:25','Welcome to the wild, wild capitalism. Yes, it\'s a barbaric system built exclusively to benefit the 1%. We know that a better world is possible. We just need to fight harder, and together, to make it happen.',0,'1','','comment',0,27),(33,4894,'drmanueltejeda','','','','2022-11-12 10:30:56','2022-11-12 15:30:56','Healthcare is a human right, not a mean for rich people becoming richer. Medicare For All!!!',0,'1','','comment',0,29),(34,4945,'Hans B.','','','','2022-11-12 15:55:22','2022-11-12 20:55:22','@drmanueltejeda This one we made during the M4M4A 2021. IMO, This is the single most important issue to circle around, obviously after #MoneyOuttaPolitics.\nPlease feel free to share! ',0,'1','','comment',0,58),(36,4945,'drmanueltejeda','','','','2022-11-12 16:15:36','2022-11-12 21:15:36','Of course, I will share it. I think this is the MOST important issue. Money Out of Politics is just the most URGENT bc if we solve it, we can solve many other problems.',0,'1','','comment',0,29),(37,4945,'Hans B.','','','','2022-11-12 16:26:32','2022-11-12 21:26:32','Btw, a slight slip up in the text - this video is from the M4M4A this year, 2022',0,'1','','comment',0,58),(38,4937,'drmanueltejeda','','','','2022-11-13 11:25:44','2022-11-13 16:25:44','This is a great lesson. But, what can I say... the 1% in the world is less civilized with each passing day.',0,'1','','comment',0,29),(39,4956,'jamesbro','','','','2022-11-13 11:45:24','2022-11-13 16:45:24','She\'s the one running for Arizona\'s Governor. Isn\'t she?',0,'1','','comment',0,60),(40,4956,'billbrown','','','','2022-11-13 11:56:29','2022-11-13 16:56:29','Yes, that\'s her. She just fell further behind Katie Hobbs... and there are about 277,000 ballots to be tallied statewide.',0,'1','','comment',0,47),(41,4984,'ichika89','','','','2022-11-13 16:41:17','2022-11-13 21:41:17','Same shhhhhhhhh, same shhhhhhh...',0,'1','','comment',0,68),(42,4980,'ichika89','','','','2022-11-13 16:43:13','2022-11-13 21:43:13','We need leaders that are not afraid to face the elite. We need leaders that are not in their pockets. ',0,'1','','comment',0,68),(43,4980,'Hans B.','','','','2022-11-13 18:33:02','2022-11-13 23:33:02','Agreed, @ichika89! Guys like Jon Stasewich - Check this Sabby interview 👍',0,'1','','comment',0,58),(44,4980,'Hans B.','','','','2022-11-13 18:33:21','2022-11-13 23:33:21','https://youtu.be/XH2MhRt-Fx4',0,'1','','comment',0,58),(45,4990,'billbrown','','','','2022-11-13 20:01:34','2022-11-14 01:01:34','Walmart, Walmart... F them all!',0,'1','','comment',0,47),(46,4986,'billbrown','','','','2022-11-13 20:04:58','2022-11-14 01:04:58','I know many of them very well. Most of them are good people. Their leaders are the ones we should defy and defeat.',0,'1','','comment',0,47),(47,4974,'drmanueltejeda','','','','2022-11-14 08:41:52','2022-11-14 13:41:52','They feel too comfortable with what is left of Obamacare... hint: not much!',0,'1','','comment',0,29),(48,4990,'brandonsul','','','','2022-11-14 13:59:15','2022-11-14 18:59:15','They are not hypocrites. They are gangsters!',0,'1','','comment',0,86),(50,5006,'laurita2022','','','','2022-11-15 10:37:17','2022-11-15 15:37:17','Doc, la gente est cansanda de la misma basura un año tras otro, una eleccion tras otra. O hacemos un tercer partido fuerte, que represente a la clase trabajadora, o incrementamos la presencia progresista dentro del Partido Democrata, cosa que es bastante dificil con el liderazgo retrogrado, anticuado, envejecido que tenemos. Y tan comprometido con el gran capital. ',0,'1','','comment',0,28),(52,5008,'drmanueltejeda','','','','2022-11-15 16:35:31','2022-11-15 21:35:31','I do not care if the 1% wants to keep their private healthcare. For the rest of us: Medicare4All. Healthcare is a human right, not a commodity. ',0,'1','','comment',0,29),(53,4998,'drmanueltejeda','','','','2022-11-15 16:36:08','2022-11-15 21:36:08','Ronni, could you explain that to Republicans, please?',0,'1','','comment',0,29),(54,5000,'drmanueltejeda','','','','2022-11-15 16:37:11','2022-11-15 21:37:11','You\'re right, Marie. We all hate violence unless it comes from the powerful ones to repress the masses.',0,'1','','comment',0,29),(57,5008,'billbrown','','','','2022-11-15 16:52:42','2022-11-15 21:52:42','In 2009, before Obamacare, a Harvard study estimated that 45,000 Americans died annually because they didn’t have health insurance. Obamacare has shrunk the ranks of the uninsured from 50 million then to less than 29 million now — meaning that 8.8 percent of the country’s 327 million people still run the risk of premature death. And lack of health insurance is the leading cause of personal bankruptcy, a uniquely American problem.\n\nConservatives advocate a society of equal opportunity, not equal outcomes. But when tens of thousands of our fellow citizens die annually because they lack health insurance, can we say that we’re providing equal opportunity?',0,'1','','comment',0,47),(60,5010,'lizbauman','','','','2022-11-16 09:28:10','2022-11-16 14:28:10','The epitome of White privilege is just called Donald F**k Trump!!!!',0,'1','','comment',0,75),(63,5012,'mariegold','','','','2022-11-16 11:51:08','2022-11-16 16:51:08','I\'m proud to be e REBEL.',0,'1','','comment',0,69),(66,5239,'mikeros','','','','2022-11-18 09:25:33','2022-11-18 14:25:33','Yeah, but it\'s socially acceptable to support DeathSantis. Same sh**',0,'1','','comment',0,80),(67,5310,'mariegold','','','','2022-11-19 18:53:40','2022-11-19 23:53:40','Elon Musk can fix nothing. Starting with his personal life. But I got the message. Of course, we need to fix this planet',0,'1','','comment',0,69),(68,5310,'drmanueltejeda','','','','2022-11-19 18:55:48','2022-11-19 23:55:48','Right to the point, Marie! BTW, isn\'t it too late for you now? You should be sleeping, LOL.',0,'1','','comment',0,29),(69,5310,'mariegold','','','','2022-11-19 18:58:26','2022-11-19 23:58:26','Hi, Dr. tejeda. Well, you know me. I\'m a night owl. LOL. Oh, it came out with rhyme. ',0,'1','','comment',0,69),(70,5306,'drmanueltejeda','','','','2022-11-19 19:02:06','2022-11-20 00:02:06','Our ugly truth. A lot uglier than in the picture.',0,'1','','comment',0,29),(71,5290,'drmanueltejeda','','','','2022-11-19 19:03:49','2022-11-20 00:03:49','Another mythe, like F*** Ronald Reagan\'s trickle down economy.',0,'1','','comment',0,29),(72,5292,'ichika89','','','','2022-11-20 00:54:43','2022-11-20 05:54:43','If one day true democrats (not the DNC), progressives, and socialists come to power, that should be our first proposal: Amendment #34',0,'1','','comment',0,68),(73,5292,'drmanueltejeda','','','','2022-11-20 08:35:02','2022-11-20 13:35:02','Yes, they and their families should serve first...',0,'1','','comment',0,29),(74,5300,'billbrown','','','','2022-11-20 18:38:55','2022-11-20 23:38:55','Right. And the world is not really divided between those of the \"right\" and those of the \"left\", but between those who fight to maintain the status quo and those who fight to change it, between those who kiss the ass of the powerful and those who are afraid to kick their butts.',0,'1','','comment',0,47),(76,5317,'drmanueltejeda','','','','2022-11-20 21:31:49','2022-11-21 02:31:49','So, we need to overcome our fears.  Together.  Not with slogans but with actions, organizing our forces into a massive anti nelibeal front.',0,'1','','comment',0,29),(77,5319,'networkstaff','','','','2022-11-21 09:32:51','2022-11-21 14:32:51','Yeah, this is great. And sad.',0,'1','','comment',0,27),(78,5319,'laurita2022','','','','2022-11-21 12:06:03','2022-11-21 17:06:03','I can\'t wait for the day when I\'ll read about this con man only in the sad chapters of my son\'s history books.',0,'1','','comment',0,28),(79,5327,'brandonsul','','','','2022-11-21 12:27:48','2022-11-21 17:27:48','I\'m also angry... I\'m foaming at the mouth.',0,'1','','comment',0,86),(80,5327,'ichika89','','','','2022-11-21 12:31:16','2022-11-21 17:31:16','Same here, Brandon. Same here. We need to do something. We need to take this fight to the streets...',0,'1','','comment',0,68),(81,5327,'drmanueltejeda','','','','2022-11-21 12:35:25','2022-11-21 17:35:25','Brandon, I\'m also foaming at the mouth... Ichika, yes, we need to take it to the streets and keep it there until something is done about guns. Kind of Occupy NRA.',0,'1','','comment',0,29),(82,5327,'brandonsul','','','','2022-11-21 12:37:49','2022-11-21 17:37:49','\"Occupy NRA\" sounds good to me. The NRA are not the only ones in the gun lobby, but they are the best know.',0,'1','','comment',0,86),(83,5327,'ronald0692','','','','2022-11-21 14:03:24','2022-11-21 19:03:24','As angry as hell!',0,'1','','comment',0,83),(84,5329,'jamesbro','','','','2022-11-21 18:44:09','2022-11-21 23:44:09','All of us are different. We have different opinions and points of view, and different ideas of how to solve each problem. But we have common problems, common enemies, and a common planet to pass down to our children. We can communicate and we can collaborate!',0,'1','','comment',0,60),(85,5329,'lizbauman','','','','2022-11-21 19:04:10','2022-11-22 00:04:10','We need a Coalition of all forces on the left. Period. ',0,'1','','comment',0,75),(86,5331,'drmanueltejeda','','','','2022-11-22 09:14:45','2022-11-22 14:14:45','Great post, Mike. A society where truth no matter anymore is sick. Any similarity with the country where you and I live is pure...',0,'1','','comment',0,29),(87,5329,'antonnejackson','','','','2022-11-22 12:29:37','2022-11-22 17:29:37','Kurt Schlichter wrote on Townhall: \"Let the Leftists Beat Each Other Up\". Are we going to listen to him?',0,'1','','comment',0,115),(88,5329,'Veatch','','','','2022-11-22 18:01:55','2022-11-22 23:01:55','I\'d rather not. Let\'s channel Joe Friday and stick with, \" Just the facts ma\'am.\"',0,'1','','comment',0,98),(89,5319,'Veatch','','','','2022-11-22 18:27:38','2022-11-22 23:27:38','It\'s entirely accurate!',0,'1','','comment',0,98),(90,5329,'ronald0692','','','','2022-11-22 19:56:26','2022-11-23 00:56:26','@antonnejackson no, we are not supposed to do what that scoundrel says, but in reality, we are doing as they want.',0,'1','','comment',0,83),(91,5310,'Hans B.','','','','2022-11-23 17:23:04','2022-11-23 22:23:04','With our current way of laying waste to this green diamond amongst planets - we\'re probably not fit to be spreading across galaxies.. ',0,'1','','comment',0,58),(92,5359,'drmanueltejeda','','','','2022-11-23 19:46:36','2022-11-24 00:46:36','No doubt. We live in a sick country. Sadly sick.',0,'1','','comment',0,29),(93,5310,'mariegold','','','','2022-11-25 00:06:37','2022-11-25 05:06:37','Sadly, you\'re right.',0,'1','','comment',0,69),(94,5361,'jamesbro','','','','2022-11-25 01:15:50','2022-11-25 06:15:50','Hard to achieve, but not impossible!',0,'1','','comment',0,60),(95,5369,'drmanueltejeda','','','','2022-11-26 16:59:15','2022-11-26 21:59:15','I\'m very proud of being a rebel. Only rebels can move the world forward. We are not rebels because we want to be fighting our whole life. We are rebels bc there are so many bad things in this world that we NEED TO FIGHT. ',0,'1','','comment',0,29),(96,5375,'laurita2022','','','','2022-11-29 10:58:01','2022-11-29 15:58:01','Water should be a public good (i.e. a good supplied by the state), not a commodity. The criminal trend toward privatizing public services like transportation and water, handing them over to global corporations, and letting them rip off the citizens has been a disaster. ',0,'1','','comment',0,28),(97,5375,'jamesbro','','','','2022-11-29 11:04:38','2022-11-29 16:04:38','Water is often treated as a commodity. While some argue that water privatization increases efficiency and improves the quality of water services, the adverse effects of loss of accountability, poor performance, and elevated utility costs are well documented. Private companies should not handle water management. Instead, water services and policies need to be democratized and placed under public control.',0,'1','','comment',0,60),(98,5379,'billbrown','','','','2022-11-29 19:39:29','2022-11-30 00:39:29','Seguiremos peleando por Cuba. Dile a nuestros hermanos cubanos que nunca les abandonaremos.',0,'1','','comment',0,47),(99,5381,'drmanueltejeda','','','','2022-11-30 12:42:14','2022-11-30 17:42:14','<div class=\"rtmedia-comment-media-container\"><ul class=\"rtmedia-comment-media-list rtm-activity-media-list rtmedia-activity-media-length-1 rtm-activity-photo-list\"><li class=\"rtmedia-list-item media-type-photo\"><a href=\"https://bettizens.com/members/drmanueltejeda/media/165/\">\n						<div class=\"rtmedia-item-thumbnail\">\n							<img alt=\"smarter than Herschel\" src=\"https://bettizens.com/wp-content/uploads/rtMedia/users/29/2022/11/smarter-than-Herschel-320x240.jpg\" />\n						</div>\n						<div class=\"rtmedia-item-title\">\n							\n								smarter than Herschel\n							\n						</div>\n					</a></li></ul></div>',0,'1','','comment',0,29),(100,5387,'brandonsul','','','','2022-12-01 16:36:52','2022-12-01 21:36:52','Of course, we are prisoners. Prisoners of the Big Capital and Corporate Money. Freedom my as*.',0,'1','','comment',0,86),(101,5389,'drmanueltejeda','','','','2022-12-01 20:16:42','2022-12-02 01:16:42','Killers. Trained killers armed and supported by the United States government.',0,'1','','comment',0,29),(102,5389,'Hans B.','','','','2022-12-02 08:38:18','2022-12-02 13:38:18','What is evenly insane - these crimes doesn\'t only go unpunished, but the MSM and governments around the world turns a blind eye to such horrific acts of fascism 🌍👁️',0,'1','','comment',0,58),(103,5391,'billbrown','','','','2022-12-02 12:02:38','2022-12-02 17:02:38','Right. Republicans ARE NOT for the people. Period.',0,'1','','comment',0,47),(104,5393,'jamesbro','','','','2022-12-02 17:56:18','2022-12-02 22:56:18','It\'s not the inflation. It\'s the CORPORATE GREED!',0,'1','','comment',0,60),(105,5401,'antonnejackson','','','','2022-12-03 10:36:37','2022-12-03 15:36:37','According to UsaFacts.org, there have been 678 shootings with casualties at elementary and secondary schools since 2000... 678, 678, 678... sit on that number.',0,'1','','comment',0,115),(106,5401,'acker0853','','','','2022-12-03 12:08:30','2022-12-03 17:08:30','You Canadians are smart. We, Americans, are dumb as hell. Well, at least half of the adult population.',0,'1','','comment',0,117),(107,5415,'drmanueltejeda','','','','2022-12-03 18:50:00','2022-12-03 23:50:00','I can\'t deny it. I liked Obama. A lot. Until I understood that he was a great guy to move the status quo a little bit, but not change it. \"Change\" and \"Yes We Can\" were two great slogans. Nothing more.',0,'1','','comment',0,29),(108,5401,'laurita2022','','','','2022-12-03 21:56:45','2022-12-04 02:56:45','Mr. Acker, I\'m proud to be in the other half. ',0,'1','','comment',0,28),(109,5401,'brandonsul','','','','2022-12-03 22:28:25','2022-12-04 03:28:25','Laura, me too!\n',0,'1','','comment',0,86),(110,5419,'brandonsul','','','','2022-12-03 22:30:10','2022-12-04 03:30:10','We need Warnock to win. I donated $100 on Wednesday. I\'m not rich, but I hope it helps.',0,'1','','comment',0,86),(111,5423,'mariegold','','','','2022-12-04 01:33:33','2022-12-04 06:33:33','I know, the day we have nothing to eat, we will eat all of them. But how about we eat them now?',0,'1','','comment',0,69),(112,5423,'Veatch','','','','2022-12-04 09:49:24','2022-12-04 14:49:24','I hear they have lots of artery clogging fat.',0,'1','','comment',0,98),(113,5419,'Veatch','','','','2022-12-04 09:50:47','2022-12-04 14:50:47','After what POTUS did to the rail workers, why should anybody donate or vote for democrats?',0,'1','','comment',0,98),(114,5415,'Veatch','','','','2022-12-04 09:55:52','2022-12-04 14:55:52','It is under Obama I learned the Democrats will not do anything. I learned the party is a flaccid group. It is under Obama\'s leadership my eyes were opened.',0,'1','','comment',0,98),(115,5413,'Veatch','','','','2022-12-04 09:59:34','2022-12-04 14:59:34','That\'s peanuts. Look at how much was sent to buy armaments for Ukraine! That could have been used to given M4A.',0,'1','','comment',0,98),(116,5413,'antonnejackson','','','','2022-12-04 10:05:49','2022-12-04 15:05:49','You\'re right, Tom! It could be enough for M2A. But behind Ukraine war: Big Oil + Military Complex. They &amp; Big Pharma own our country.',0,'1','','comment',0,115),(117,5415,'acker0853','','','','2022-12-04 10:33:45','2022-12-04 15:33:45','Same here. Same here.',0,'1','','comment',0,117),(118,5415,'ronald0692','','','','2022-12-06 01:52:41','2022-12-06 06:52:41','Not \"...rally come to power\" but \"...really come to power\"... I just do not know how to edit it. ',0,'1','','comment',0,83),(119,5415,'networkstaff','','','','2022-12-06 01:57:06','2022-12-06 06:57:06','@ronald0692 the system allows you to edit all your posts, but only within a certain period of time, or before it has a certain number of likes and reactions. Don\'t worry, we all can recognize a typo.',0,'1','','comment',0,27),(120,5449,'billbrown','','','','2022-12-06 11:52:19','2022-12-06 16:52:19','I have lost many family &amp; friends because of the truth, but I don\'t care',0,'1','','comment',0,47),(121,5413,'Veatch','','','','2022-12-07 15:37:02','2022-12-07 20:37:02','Mostly the War Industrial Complex. They needed a replacement for Afghanistan. ',0,'1','','comment',0,98),(122,5502,'ichika89','','','','2022-12-07 23:35:18','2022-12-08 04:35:18','This is extremely important. #FreeAssange.',0,'1','','comment',0,68),(123,5451,'drmanueltejeda','','','','2022-12-08 00:22:46','2022-12-08 05:22:46','Let Cuba Live! The Embargo/Blockade KILLS. We know. Biden knows. American Congress knows, but anyone is doing anything about it. ',0,'1','','comment',0,29),(124,5512,'billbrown','','','','2022-12-10 19:14:55','2022-12-11 00:14:55','Personally, I think he is guilty, at least for part of what they say. Fine, bring the evidence, put him on trial, and have him go to jail... BUT along with everyone else who deserves to be in jail in our country.',0,'1','','comment',0,47);

--
-- Table structure for table `wpsy_e_events`
--

CREATE TABLE `wpsy_e_events` (
  `id` bigint(20) unsigned NOT NULL AUTO_INCREMENT,
  `event_data` text DEFAULT NULL,
  `created_at` datetime NOT NULL,
  PRIMARY KEY (`id`),
  KEY `created_at_index` (`created_at`)
) ENGINE=InnoDB AUTO_INCREMENT=3 DEFAULT CHARSET=utf8mb4 COLLATE=utf8mb4_unicode_ci;

--
-- Dumping data for table `wpsy_e_events`
--

INSERT INTO `wpsy_e_events` VALUES (1,'{\"event\":\"modal load\",\"version\":\"\",\"details\":\"{\\\"placement\\\":\\\"Onboarding wizard\\\",\\\"step\\\":\\\"account\\\",\\\"user_state\\\":\\\"anon\\\"}\",\"ts\":\"2022-08-31T15:42:20.756+04:00\"}','2022-08-31 15:42:20'),(2,'{\"event\":\"connect account\",\"version\":\"\",\"details\":\"{\\\"placement\\\":\\\"Onboarding wizard\\\"}\",\"ts\":\"2022-08-31T15:42:28.736+04:00\"}','2022-08-31 15:42:28');

--
-- Table structure for table `wpsy_em_bookings`
--

CREATE TABLE `wpsy_em_bookings` (
  `booking_id` bigint(20) unsigned NOT NULL AUTO_INCREMENT,
  `booking_uuid` char(32) NOT NULL,
  `event_id` bigint(20) unsigned DEFAULT NULL,
  `person_id` bigint(20) unsigned NOT NULL,
  `booking_spaces` int(5) NOT NULL,
  `booking_comment` mediumtext DEFAULT NULL,
  `booking_date` timestamp NOT NULL DEFAULT current_timestamp(),
  `booking_status` int(2) NOT NULL DEFAULT 1,
  `booking_price` decimal(14,4) unsigned NOT NULL DEFAULT 0.0000,
  `booking_tax_rate` decimal(7,4) DEFAULT NULL,
  `booking_taxes` decimal(14,4) DEFAULT NULL,
  `booking_meta` longtext DEFAULT NULL,
  PRIMARY KEY (`booking_id`),
  KEY `event_id` (`event_id`),
  KEY `person_id` (`person_id`),
  KEY `booking_status` (`booking_status`)
) ENGINE=InnoDB DEFAULT CHARSET=utf8mb4 COLLATE=utf8mb4_unicode_ci;

--
-- Dumping data for table `wpsy_em_bookings`
--


--
-- Table structure for table `wpsy_em_bookings_meta`
--

CREATE TABLE `wpsy_em_bookings_meta` (
  `meta_id` bigint(20) unsigned NOT NULL AUTO_INCREMENT,
  `booking_id` bigint(20) unsigned NOT NULL,
  `meta_key` varchar(255) DEFAULT NULL,
  `meta_value` longtext DEFAULT NULL,
  PRIMARY KEY (`meta_id`),
  KEY `booking_id` (`booking_id`),
  KEY `meta_key` (`meta_key`)
) ENGINE=InnoDB DEFAULT CHARSET=utf8mb4 COLLATE=utf8mb4_unicode_ci;

--
-- Dumping data for table `wpsy_em_bookings_meta`
--


--
-- Table structure for table `wpsy_em_events`
--

CREATE TABLE `wpsy_em_events` (
  `event_id` bigint(20) unsigned NOT NULL AUTO_INCREMENT,
  `post_id` bigint(20) unsigned NOT NULL,
  `event_parent` bigint(20) unsigned DEFAULT NULL,
  `event_slug` varchar(200) DEFAULT NULL,
  `event_owner` bigint(20) unsigned DEFAULT NULL,
  `event_status` tinyint(1) DEFAULT NULL,
  `event_name` mediumtext DEFAULT NULL,
  `event_start_date` date DEFAULT NULL,
  `event_end_date` date DEFAULT NULL,
  `event_start_time` time DEFAULT NULL,
  `event_end_time` time DEFAULT NULL,
  `event_all_day` tinyint(1) unsigned DEFAULT NULL,
  `event_start` datetime DEFAULT NULL,
  `event_end` datetime DEFAULT NULL,
  `event_timezone` text DEFAULT NULL,
  `post_content` longtext DEFAULT NULL,
  `event_rsvp` tinyint(1) unsigned NOT NULL DEFAULT 0,
  `event_rsvp_date` date DEFAULT NULL,
  `event_rsvp_time` time DEFAULT NULL,
  `event_rsvp_spaces` int(5) DEFAULT NULL,
  `event_spaces` int(5) DEFAULT 0,
  `event_private` tinyint(1) unsigned NOT NULL DEFAULT 0,
  `location_id` bigint(20) unsigned DEFAULT NULL,
  `event_location_type` varchar(15) DEFAULT NULL,
  `recurrence_id` bigint(20) unsigned DEFAULT NULL,
  `event_date_created` datetime DEFAULT NULL,
  `event_date_modified` datetime DEFAULT NULL,
  `recurrence` tinyint(1) unsigned NOT NULL DEFAULT 0,
  `recurrence_interval` int(4) DEFAULT NULL,
  `recurrence_freq` text DEFAULT NULL,
  `recurrence_byday` text DEFAULT NULL,
  `recurrence_byweekno` int(4) DEFAULT NULL,
  `recurrence_days` int(4) DEFAULT NULL,
  `recurrence_rsvp_days` int(3) DEFAULT NULL,
  `blog_id` bigint(20) unsigned DEFAULT NULL,
  `group_id` bigint(20) unsigned DEFAULT NULL,
  `event_language` varchar(14) DEFAULT NULL,
  `event_translation` tinyint(1) unsigned NOT NULL DEFAULT 0,
  PRIMARY KEY (`event_id`),
  KEY `event_status` (`event_status`),
  KEY `post_id` (`post_id`),
  KEY `blog_id` (`blog_id`),
  KEY `group_id` (`group_id`),
  KEY `location_id` (`location_id`),
  KEY `event_start` (`event_start`),
  KEY `event_end` (`event_end`),
  KEY `event_start_date` (`event_start_date`),
  KEY `event_end_date` (`event_end_date`)
) ENGINE=InnoDB AUTO_INCREMENT=2 DEFAULT CHARSET=utf8mb4 COLLATE=utf8mb4_unicode_ci;

--
-- Dumping data for table `wpsy_em_events`
--

INSERT INTO `wpsy_em_events` VALUES (1,4570,NULL,'test-event',1,1,'Test Event','2022-10-31','2022-10-31','13:00:00','14:00:00',0,'2022-10-31 17:00:00','2022-10-31 18:00:00','America/New_York','Just testing the events features.',1,'2022-10-31','00:00:00',10,500,0,0,NULL,NULL,'2022-10-28 10:37:16','2022-10-28 10:39:38',0,NULL,NULL,NULL,NULL,NULL,NULL,0,0,'en_US',0);

--
-- Table structure for table `wpsy_em_locations`
--

CREATE TABLE `wpsy_em_locations` (
  `location_id` bigint(20) unsigned NOT NULL AUTO_INCREMENT,
  `post_id` bigint(20) unsigned NOT NULL,
  `blog_id` bigint(20) unsigned DEFAULT NULL,
  `location_parent` bigint(20) unsigned DEFAULT NULL,
  `location_slug` varchar(200) DEFAULT NULL,
  `location_name` mediumtext DEFAULT NULL,
  `location_owner` bigint(20) unsigned NOT NULL DEFAULT 0,
  `location_address` varchar(200) DEFAULT NULL,
  `location_town` varchar(200) DEFAULT NULL,
  `location_state` varchar(200) DEFAULT NULL,
  `location_postcode` varchar(10) DEFAULT NULL,
  `location_region` varchar(200) DEFAULT NULL,
  `location_country` char(2) DEFAULT NULL,
  `location_latitude` decimal(9,6) DEFAULT NULL,
  `location_longitude` decimal(9,6) DEFAULT NULL,
  `post_content` longtext DEFAULT NULL,
  `location_status` int(1) DEFAULT NULL,
  `location_private` tinyint(1) unsigned NOT NULL DEFAULT 0,
  `location_language` varchar(14) DEFAULT NULL,
  `location_translation` tinyint(1) unsigned NOT NULL DEFAULT 0,
  PRIMARY KEY (`location_id`),
  KEY `location_country` (`location_country`),
  KEY `post_id` (`post_id`),
  KEY `blog_id` (`blog_id`),
  KEY `location_state` (`location_state`(191)),
  KEY `location_region` (`location_region`(191))
) ENGINE=InnoDB DEFAULT CHARSET=utf8mb4 COLLATE=utf8mb4_unicode_ci;

--
-- Dumping data for table `wpsy_em_locations`
--


--
-- Table structure for table `wpsy_em_meta`
--

CREATE TABLE `wpsy_em_meta` (
  `meta_id` bigint(20) unsigned NOT NULL AUTO_INCREMENT,
  `object_id` bigint(20) unsigned NOT NULL,
  `meta_key` varchar(255) DEFAULT NULL,
  `meta_value` longtext DEFAULT NULL,
  `meta_date` timestamp NOT NULL DEFAULT current_timestamp(),
  PRIMARY KEY (`meta_id`),
  KEY `object_id` (`object_id`),
  KEY `meta_key` (`meta_key`)
) ENGINE=InnoDB AUTO_INCREMENT=6 DEFAULT CHARSET=utf8mb4 COLLATE=utf8mb4_unicode_ci;

--
-- Dumping data for table `wpsy_em_meta`
--

INSERT INTO `wpsy_em_meta` VALUES (1,155,'category-bgcolor','#FFFFFF','2022-10-28 08:08:25'),(2,156,'category-bgcolor','#FFFFFF','2022-10-28 08:08:40'),(3,157,'category-bgcolor','#FFFFFF','2022-10-28 08:09:03'),(4,158,'category-bgcolor','#FFFFFF','2022-10-28 08:10:13'),(5,159,'category-bgcolor','#FFFFFF','2022-10-28 08:10:23');

--
-- Table structure for table `wpsy_em_tickets`
--

CREATE TABLE `wpsy_em_tickets` (
  `ticket_id` bigint(20) unsigned NOT NULL AUTO_INCREMENT,
  `event_id` bigint(20) unsigned NOT NULL,
  `ticket_name` text NOT NULL,
  `ticket_description` mediumtext DEFAULT NULL,
  `ticket_price` decimal(14,4) DEFAULT NULL,
  `ticket_start` datetime DEFAULT NULL,
  `ticket_end` datetime DEFAULT NULL,
  `ticket_min` int(10) DEFAULT NULL,
  `ticket_max` int(10) DEFAULT NULL,
  `ticket_spaces` int(11) DEFAULT NULL,
  `ticket_members` int(1) DEFAULT NULL,
  `ticket_members_roles` longtext DEFAULT NULL,
  `ticket_guests` int(1) DEFAULT NULL,
  `ticket_required` int(1) DEFAULT NULL,
  `ticket_parent` bigint(20) unsigned DEFAULT NULL,
  `ticket_order` int(2) unsigned DEFAULT NULL,
  `ticket_meta` longtext DEFAULT NULL,
  PRIMARY KEY (`ticket_id`),
  KEY `event_id` (`event_id`)
) ENGINE=InnoDB AUTO_INCREMENT=2 DEFAULT CHARSET=utf8mb4 COLLATE=utf8mb4_unicode_ci;

--
-- Dumping data for table `wpsy_em_tickets`
--

INSERT INTO `wpsy_em_tickets` VALUES (1,1,'Standard Ticket',NULL,0.0000,NULL,NULL,NULL,NULL,10,NULL,NULL,NULL,NULL,NULL,1,NULL);

--
-- Table structure for table `wpsy_em_tickets_bookings`
--

CREATE TABLE `wpsy_em_tickets_bookings` (
  `ticket_booking_id` bigint(20) unsigned NOT NULL AUTO_INCREMENT,
  `ticket_uuid` char(32) NOT NULL,
  `booking_id` bigint(20) unsigned NOT NULL,
  `ticket_id` bigint(20) unsigned NOT NULL,
  `ticket_booking_spaces` int(6) NOT NULL,
  `ticket_booking_price` decimal(14,4) NOT NULL,
  `ticket_booking_order` int(2) DEFAULT NULL,
  PRIMARY KEY (`ticket_booking_id`),
  KEY `ticket_uuid` (`ticket_uuid`),
  KEY `booking_id` (`booking_id`),
  KEY `ticket_id` (`ticket_id`)
) ENGINE=InnoDB DEFAULT CHARSET=utf8mb4 COLLATE=utf8mb4_unicode_ci;

--
-- Dumping data for table `wpsy_em_tickets_bookings`
--


--
-- Table structure for table `wpsy_em_tickets_bookings_meta`
--

CREATE TABLE `wpsy_em_tickets_bookings_meta` (
  `meta_id` bigint(20) unsigned NOT NULL AUTO_INCREMENT,
  `ticket_booking_id` bigint(20) unsigned NOT NULL,
  `meta_key` varchar(255) DEFAULT NULL,
  `meta_value` longtext DEFAULT NULL,
  PRIMARY KEY (`meta_id`),
  KEY `ticket_booking_id` (`ticket_booking_id`),
  KEY `meta_key` (`meta_key`)
) ENGINE=InnoDB DEFAULT CHARSET=utf8mb4 COLLATE=utf8mb4_unicode_ci;

--
-- Dumping data for table `wpsy_em_tickets_bookings_meta`
--


--
-- Table structure for table `wpsy_ewwwio_images`
--

CREATE TABLE `wpsy_ewwwio_images` (
  `id` int(10) unsigned NOT NULL AUTO_INCREMENT,
  `attachment_id` bigint(20) unsigned DEFAULT NULL,
  `gallery` varchar(10) DEFAULT NULL,
  `resize` varchar(75) DEFAULT NULL,
  `path` text NOT NULL,
  `converted` text NOT NULL,
  `results` varchar(75) NOT NULL,
  `image_size` int(10) unsigned DEFAULT NULL,
  `orig_size` int(10) unsigned DEFAULT NULL,
  `backup` varchar(100) DEFAULT NULL,
  `level` int(10) unsigned DEFAULT NULL,
  `pending` tinyint(4) NOT NULL DEFAULT 0,
  `updates` int(10) unsigned DEFAULT NULL,
  `updated` timestamp NOT NULL DEFAULT current_timestamp() ON UPDATE current_timestamp(),
  `trace` blob DEFAULT NULL,
  PRIMARY KEY (`id`),
  KEY `path` (`path`(191)),
  KEY `attachment_info` (`gallery`(3),`attachment_id`)
) ENGINE=InnoDB DEFAULT CHARSET=utf8mb4 COLLATE=utf8mb4_unicode_ci;

--
-- Dumping data for table `wpsy_ewwwio_images`
--


--
-- Table structure for table `wpsy_ewwwio_queue`
--

CREATE TABLE `wpsy_ewwwio_queue` (
  `id` int(10) unsigned NOT NULL AUTO_INCREMENT,
  `attachment_id` bigint(20) unsigned DEFAULT NULL,
  `gallery` varchar(20) DEFAULT NULL,
  `scanned` tinyint(4) NOT NULL DEFAULT 0,
  `new` tinyint(4) NOT NULL DEFAULT 0,
  PRIMARY KEY (`id`),
  KEY `attachment_info` (`gallery`(3),`attachment_id`)
) ENGINE=InnoDB DEFAULT CHARSET=utf8 COLLATE=utf8_general_ci;

--
-- Dumping data for table `wpsy_ewwwio_queue`
--


--
-- Table structure for table `wpsy_icl_content_status`
--

CREATE TABLE `wpsy_icl_content_status` (
  `rid` bigint(20) NOT NULL,
  `nid` bigint(20) NOT NULL,
  `timestamp` datetime NOT NULL,
  `md5` varchar(32) NOT NULL,
  PRIMARY KEY (`rid`),
  KEY `nid` (`nid`)
) ENGINE=InnoDB DEFAULT CHARSET=utf8mb4 COLLATE=utf8mb4_unicode_ci;

--
-- Dumping data for table `wpsy_icl_content_status`
--


--
-- Table structure for table `wpsy_icl_core_status`
--

CREATE TABLE `wpsy_icl_core_status` (
  `id` bigint(20) NOT NULL AUTO_INCREMENT,
  `rid` bigint(20) NOT NULL,
  `module` varchar(16) NOT NULL,
  `origin` varchar(64) NOT NULL,
  `target` varchar(64) NOT NULL,
  `status` smallint(6) NOT NULL,
  `tp_revision` int(11) NOT NULL DEFAULT 1,
  `ts_status` text DEFAULT NULL,
  PRIMARY KEY (`id`),
  KEY `rid` (`rid`)
) ENGINE=InnoDB DEFAULT CHARSET=utf8mb4 COLLATE=utf8mb4_unicode_ci;

--
-- Dumping data for table `wpsy_icl_core_status`
--


--
-- Table structure for table `wpsy_icl_flags`
--

CREATE TABLE `wpsy_icl_flags` (
  `id` int(11) NOT NULL AUTO_INCREMENT,
  `lang_code` varchar(10) NOT NULL,
  `flag` varchar(32) NOT NULL,
  `from_template` tinyint(4) NOT NULL DEFAULT 0,
  PRIMARY KEY (`id`),
  UNIQUE KEY `lang_code` (`lang_code`)
) ENGINE=InnoDB AUTO_INCREMENT=66 DEFAULT CHARSET=utf8mb4 COLLATE=utf8mb4_unicode_ci;

--
-- Dumping data for table `wpsy_icl_flags`
--

INSERT INTO `wpsy_icl_flags` VALUES (1,'ar','ar.png',0),(2,'az','az.png',0),(3,'bg','bg.png',0),(4,'bn','bn.png',0),(5,'bs','bs.png',0),(6,'ca','ca.png',0),(7,'cs','cs.png',0),(8,'cy','cy.png',0),(9,'da','da.png',0),(10,'de','de.png',0),(11,'el','el.png',0),(12,'en','en.png',0),(13,'eo','eo.png',0),(14,'es','es.png',0),(15,'et','et.png',0),(16,'eu','eu.png',0),(17,'fa','fa.png',0),(18,'fi','fi.png',0),(19,'fr','fr.png',0),(20,'ga','ga.png',0),(21,'gl','gl.png',0),(22,'he','he.png',0),(23,'hi','hi.png',0),(24,'hr','hr.png',0),(25,'hu','hu.png',0),(26,'hy','hy.png',0),(27,'id','id.png',0),(28,'is','is.png',0),(29,'it','it.png',0),(30,'ja','ja.png',0),(31,'ko','ko.png',0),(32,'ku','ku.png',0),(33,'lt','lt.png',0),(34,'lv','lv.png',0),(35,'mk','mk.png',0),(36,'mn','mn.png',0),(37,'ms','ms.png',0),(38,'mt','mt.png',0),(39,'ne','ne.png',0),(40,'nl','nl.png',0),(41,'no','no.png',0),(42,'pa','pa.png',0),(43,'pl','pl.png',0),(44,'pt-br','pt-br.png',0),(45,'pt-pt','pt-pt.png',0),(46,'qu','qu.png',0),(47,'ro','ro.png',0),(48,'ru','ru.png',0),(49,'sk','sk.png',0),(50,'sl','sl.png',0),(51,'so','so.png',0),(52,'sq','sq.png',0),(53,'sr','sr.png',0),(54,'sv','sv.png',0),(55,'ta','ta.png',0),(56,'th','th.png',0),(57,'tr','tr.png',0),(58,'uk','uk.png',0),(59,'ur','ur.png',0),(60,'uz','uz.png',0),(61,'vi','vi.png',0),(62,'yi','yi.png',0),(63,'zh-hans','zh.png',0),(64,'zh-hant','zh.png',0),(65,'zu','zu.png',0);

--
-- Table structure for table `wpsy_icl_languages`
--

CREATE TABLE `wpsy_icl_languages` (
  `id` int(11) NOT NULL AUTO_INCREMENT,
  `code` varchar(7) NOT NULL,
  `english_name` varchar(128) NOT NULL,
  `major` tinyint(4) NOT NULL DEFAULT 0,
  `active` tinyint(4) NOT NULL,
  `default_locale` varchar(35) DEFAULT NULL,
  `tag` varchar(35) DEFAULT NULL,
  `encode_url` tinyint(1) NOT NULL DEFAULT 0,
  `country` varchar(10) DEFAULT NULL,
  PRIMARY KEY (`id`),
  UNIQUE KEY `code` (`code`),
  UNIQUE KEY `english_name` (`english_name`)
) ENGINE=InnoDB AUTO_INCREMENT=66 DEFAULT CHARSET=utf8mb4 COLLATE=utf8mb4_unicode_ci;

--
-- Dumping data for table `wpsy_icl_languages`
--

INSERT INTO `wpsy_icl_languages` VALUES (1,'en','English',1,1,'en_US','en',0,NULL),(2,'es','Spanish',1,1,'es_ES','es',0,NULL),(3,'de','German',1,0,'de_DE','de',0,NULL),(4,'fr','French',1,0,'fr_FR','fr',0,NULL),(5,'ar','Arabic',0,0,'ar','ar',0,NULL),(6,'bs','Bosnian',0,0,'bs_BA','bs',0,NULL),(7,'bg','Bulgarian',0,0,'bg_BG','bg',0,NULL),(8,'ca','Catalan',0,0,'ca','ca',0,NULL),(9,'cs','Czech',0,0,'cs_CZ','cs',0,NULL),(10,'sk','Slovak',0,0,'sk_SK','sk',0,NULL),(11,'cy','Welsh',0,0,'cy_GB','cy',0,NULL),(12,'da','Danish',1,0,'da_DK','da',0,NULL),(13,'el','Greek',0,0,'el','el',0,NULL),(14,'eo','Esperanto',0,0,'eo_UY','eo',0,NULL),(15,'et','Estonian',0,0,'et','et',0,NULL),(16,'eu','Basque',0,0,'eu_ES','eu',0,NULL),(17,'fa','Persian',0,0,'fa_IR','fa',0,NULL),(18,'fi','Finnish',0,0,'fi','fi',0,NULL),(19,'ga','Irish',0,0,'ga_IE','ga',0,NULL),(20,'he','Hebrew',0,0,'he_IL','he',0,NULL),(21,'hi','Hindi',0,0,'hi_IN','hi',0,NULL),(22,'hr','Croatian',0,0,'hr','hr',0,NULL),(23,'hu','Hungarian',0,0,'hu_HU','hu',0,NULL),(24,'hy','Armenian',0,0,'hy_AM','hy',0,NULL),(25,'id','Indonesian',0,0,'id_ID','id',0,NULL),(26,'is','Icelandic',0,0,'is_IS','is',0,NULL),(27,'it','Italian',1,0,'it_IT','it',0,NULL),(28,'ja','Japanese',1,0,'ja','ja',0,NULL),(29,'ko','Korean',0,0,'ko_KR','ko',0,NULL),(30,'ku','Kurdish',0,0,'ckb','ku',0,NULL),(31,'lv','Latvian',0,0,'lv_LV','lv',0,NULL),(32,'lt','Lithuanian',0,0,'lt_LT','lt',0,NULL),(33,'mk','Macedonian',0,0,'mk_MK','mk',0,NULL),(34,'mt','Maltese',0,0,'mt_MT','mt',0,NULL),(35,'mn','Mongolian',0,0,'mn_MN','mn',0,NULL),(36,'ne','Nepali',0,0,'ne','ne',0,NULL),(37,'nl','Dutch',1,0,'nl_NL','nl',0,NULL),(38,'no','Norwegian Bokmål',0,0,'nb_NO','no',0,NULL),(39,'pa','Punjabi',0,0,'pa_IN','pa',0,NULL),(40,'pl','Polish',0,0,'pl_PL','pl',0,NULL),(41,'pt-pt','Portuguese, Portugal',0,0,'pt_PT','pt-pt',0,NULL),(42,'pt-br','Portuguese, Brazil',0,1,'pt_BR','pt-br',0,NULL),(43,'qu','Quechua',0,0,'quz_PE','qu',0,NULL),(44,'ro','Romanian',0,0,'ro_RO','ro',0,NULL),(45,'ru','Russian',1,0,'ru_RU','ru',0,NULL),(46,'sl','Slovenian',0,0,'sl_SI','sl',0,NULL),(47,'so','Somali',0,0,'so_SO','so',0,NULL),(48,'sq','Albanian',0,0,'sq_AL','sq',0,NULL),(49,'sr','Serbian',0,0,'sr_RS','sr',0,NULL),(50,'sv','Swedish',0,0,'sv_SE','sv',0,NULL),(51,'ta','Tamil',0,0,'ta_IN','ta',0,NULL),(52,'th','Thai',0,0,'th','th',0,NULL),(53,'tr','Turkish',0,0,'tr_TR','tr',0,NULL),(54,'uk','Ukrainian',0,0,'uk','uk',0,NULL),(55,'ur','Urdu',0,0,'ur','ur',0,NULL),(56,'uz','Uzbek',0,0,'uz_UZ','uz',0,NULL),(57,'vi','Vietnamese',0,0,'vi_VN','vi',0,NULL),(58,'yi','Yiddish',0,0,'','yi',0,NULL),(59,'zh-hans','Chinese (Simplified)',1,0,'zh_CN','zh-hans',0,NULL),(60,'zu','Zulu',0,0,'','zu',0,NULL),(61,'zh-hant','Chinese (Traditional)',1,0,'zh_TW','zh-hant',0,NULL),(62,'ms','Malay',0,0,'ms_MY','ms',0,NULL),(63,'gl','Galician',0,0,'gl_ES','gl',0,NULL),(64,'bn','Bengali',0,0,'bn_BD','bn',0,NULL),(65,'az','Azerbaijani',0,0,'az','az',0,NULL);

--
-- Table structure for table `wpsy_icl_languages_translations`
--

CREATE TABLE `wpsy_icl_languages_translations` (
  `id` int(11) NOT NULL AUTO_INCREMENT,
  `language_code` varchar(7) NOT NULL,
  `display_language_code` varchar(7) NOT NULL,
  `name` varchar(255) NOT NULL,
  PRIMARY KEY (`id`),
  UNIQUE KEY `language_code` (`language_code`,`display_language_code`)
) ENGINE=InnoDB AUTO_INCREMENT=4226 DEFAULT CHARSET=utf8mb4 COLLATE=utf8mb4_unicode_ci;

--
-- Dumping data for table `wpsy_icl_languages_translations`
--

INSERT INTO `wpsy_icl_languages_translations` VALUES (1,'en','en','English'),(2,'en','es','Inglés'),(3,'en','de','Englisch'),(4,'en','fr','Anglais'),(5,'en','ar','الإنجليزية'),(6,'en','bs','English'),(7,'en','bg','Английски'),(8,'en','ca','English'),(9,'en','cs','Angličtina'),(10,'en','sk','Angličtina'),(11,'en','cy','English'),(12,'en','da','English'),(13,'en','el','Αγγλικά'),(14,'en','eo','English'),(15,'en','et','English'),(16,'en','eu','English'),(17,'en','fa','English'),(18,'en','fi','Englanti'),(19,'en','ga','English'),(20,'en','he','אנגלית'),(21,'en','hi','English'),(22,'en','hr','Engleski'),(23,'en','hu','Angol'),(24,'en','hy','English'),(25,'en','id','English'),(26,'en','is','English'),(27,'en','it','Inglese'),(28,'en','ja','英語'),(29,'en','ko','영어'),(30,'en','ku','English'),(31,'en','lv','English'),(32,'en','lt','English'),(33,'en','mk','English'),(34,'en','mt','English'),(35,'en','mn','English'),(36,'en','ne','English'),(37,'en','nl','Engels'),(38,'en','no','Engelsk'),(39,'en','pa','English'),(40,'en','pl','Angielski'),(41,'en','pt-pt','Inglês'),(42,'en','pt-br','Inglês'),(43,'en','qu','English'),(44,'en','ro','Engleză'),(45,'en','ru','Английский'),(46,'en','sl','Angleščina'),(47,'en','so','English'),(48,'en','sq','English'),(49,'en','sr','енглески'),(50,'en','sv','Engelska'),(51,'en','ta','English'),(52,'en','th','อังกฤษ'),(53,'en','tr','İngilizce'),(54,'en','uk','English'),(55,'en','ur','English'),(56,'en','uz','English'),(57,'en','vi','English'),(58,'en','yi','English'),(59,'en','zh-hans','英语'),(60,'en','zu','English'),(61,'en','zh-hant','英語'),(62,'en','ms','English'),(63,'en','gl','English'),(64,'en','bn','English'),(65,'en','az','Ingilis'),(66,'es','en','Spanish'),(67,'es','es','Español'),(68,'es','de','Spanisch'),(69,'es','fr','Espagnol'),(70,'es','ar','الأسبانية'),(71,'es','bs','Spanish'),(72,'es','bg','Испански'),(73,'es','ca','Spanish'),(74,'es','cs','Španělský'),(75,'es','sk','Španielčina'),(76,'es','cy','Spanish'),(77,'es','da','Spanish'),(78,'es','el','Ισπανικά'),(79,'es','eo','Spanish'),(80,'es','et','Spanish'),(81,'es','eu','Spanish'),(82,'es','fa','Spanish'),(83,'es','fi','Espanja'),(84,'es','ga','Spanish'),(85,'es','he','ספרדית'),(86,'es','hi','Spanish'),(87,'es','hr','španjolski'),(88,'es','hu','Spanyol'),(89,'es','hy','Spanish'),(90,'es','id','Spanish'),(91,'es','is','Spanish'),(92,'es','it','Spagnolo'),(93,'es','ja','スペイン語'),(94,'es','ko','스페인어'),(95,'es','ku','Spanish'),(96,'es','lv','Spanish'),(97,'es','lt','Spanish'),(98,'es','mk','Spanish'),(99,'es','mt','Spanish'),(100,'es','mn','Spanish'),(101,'es','ne','Spanish'),(102,'es','nl','Spaans'),(103,'es','no','Spansk'),(104,'es','pa','Spanish'),(105,'es','pl','Hiszpański'),(106,'es','pt-pt','Espanhol'),(107,'es','pt-br','Espanhol'),(108,'es','qu','Spanish'),(109,'es','ro','Spaniolă'),(110,'es','ru','Испанский'),(111,'es','sl','Španščina'),(112,'es','so','Spanish'),(113,'es','sq','Spanish'),(114,'es','sr','шпански'),(115,'es','sv','Spanska'),(116,'es','ta','Spanish'),(117,'es','th','สเปน'),(118,'es','tr','İspanyolca'),(119,'es','uk','Spanish'),(120,'es','ur','Spanish'),(121,'es','uz','Spanish'),(122,'es','vi','Spanish'),(123,'es','yi','Spanish'),(124,'es','zh-hans','西班牙语'),(125,'es','zu','Spanish'),(126,'es','zh-hant','西班牙語'),(127,'es','ms','Spanish'),(128,'es','gl','Spanish'),(129,'es','bn','Spanish'),(130,'es','az','Spanish'),(131,'de','en','German'),(132,'de','es','Alemán'),(133,'de','de','Deutsch'),(134,'de','fr','Allemand'),(135,'de','ar','الألمانية'),(136,'de','bs','German'),(137,'de','bg','Немски'),(138,'de','ca','German'),(139,'de','cs','Němec'),(140,'de','sk','Nemčina'),(141,'de','cy','German'),(142,'de','da','German'),(143,'de','el','Γερμανικά'),(144,'de','eo','German'),(145,'de','et','German'),(146,'de','eu','German'),(147,'de','fa','German'),(148,'de','fi','Saksa'),(149,'de','ga','German'),(150,'de','he','גרמנית'),(151,'de','hi','German'),(152,'de','hr','Njemački'),(153,'de','hu','Német'),(154,'de','hy','German'),(155,'de','id','German'),(156,'de','is','German'),(157,'de','it','Tedesco'),(158,'de','ja','ドイツ語'),(159,'de','ko','독어'),(160,'de','ku','German'),(161,'de','lv','German'),(162,'de','lt','German'),(163,'de','mk','German'),(164,'de','mt','German'),(165,'de','mn','German'),(166,'de','ne','German'),(167,'de','nl','Duits'),(168,'de','no','Tysk'),(169,'de','pa','German'),(170,'de','pl','Niemiecki'),(171,'de','pt-pt','Alemão'),(172,'de','pt-br','Alemão'),(173,'de','qu','German'),(174,'de','ro','Germană'),(175,'de','ru','Немецкий'),(176,'de','sl','Nemščina'),(177,'de','so','German'),(178,'de','sq','German'),(179,'de','sr','немачки'),(180,'de','sv','Tyska'),(181,'de','ta','German'),(182,'de','th','เยอรมัน'),(183,'de','tr','Almanca'),(184,'de','uk','German'),(185,'de','ur','German'),(186,'de','uz','German'),(187,'de','vi','German'),(188,'de','yi','German'),(189,'de','zh-hans','德语'),(190,'de','zu','German'),(191,'de','zh-hant','德語'),(192,'de','ms','German'),(193,'de','gl','German'),(194,'de','bn','German'),(195,'de','az','German'),(196,'fr','en','French'),(197,'fr','es','Francés'),(198,'fr','de','Französisch'),(199,'fr','fr','Français'),(200,'fr','ar','الفرنسية'),(201,'fr','bs','French'),(202,'fr','bg','Френски'),(203,'fr','ca','French'),(204,'fr','cs','Francouzština'),(205,'fr','sk','Francúzština'),(206,'fr','cy','French'),(207,'fr','da','French'),(208,'fr','el','Γαλλικά'),(209,'fr','eo','French'),(210,'fr','et','French'),(211,'fr','eu','French'),(212,'fr','fa','French'),(213,'fr','fi','Ranska'),(214,'fr','ga','French'),(215,'fr','he','צרפתית'),(216,'fr','hi','French'),(217,'fr','hr','Francuski'),(218,'fr','hu','Francia'),(219,'fr','hy','French'),(220,'fr','id','French'),(221,'fr','is','French'),(222,'fr','it','Francese'),(223,'fr','ja','フランス語'),(224,'fr','ko','불어'),(225,'fr','ku','French'),(226,'fr','lv','French'),(227,'fr','lt','French'),(228,'fr','mk','French'),(229,'fr','mt','French'),(230,'fr','mn','French'),(231,'fr','ne','French'),(232,'fr','nl','Frans'),(233,'fr','no','Fransk'),(234,'fr','pa','French'),(235,'fr','pl','Francuski'),(236,'fr','pt-pt','Francês'),(237,'fr','pt-br','Francês'),(238,'fr','qu','French'),(239,'fr','ro','Franceză'),(240,'fr','ru','Французский'),(241,'fr','sl','Francoščina'),(242,'fr','so','French'),(243,'fr','sq','French'),(244,'fr','sr','француски'),(245,'fr','sv','Franska'),(246,'fr','ta','French'),(247,'fr','th','ฝรั่งเศส'),(248,'fr','tr','Fransızca'),(249,'fr','uk','French'),(250,'fr','ur','French'),(251,'fr','uz','French'),(252,'fr','vi','French'),(253,'fr','yi','French'),(254,'fr','zh-hans','法语'),(255,'fr','zu','French'),(256,'fr','zh-hant','法語'),(257,'fr','ms','French'),(258,'fr','gl','French'),(259,'fr','bn','French'),(260,'fr','az','French'),(261,'ar','en','Arabic'),(262,'ar','es','Árabe'),(263,'ar','de','Arabisch'),(264,'ar','fr','Arabe'),(265,'ar','ar','العربية'),(266,'ar','bs','Arabic'),(267,'ar','bg','Арабски'),(268,'ar','ca','Arabic'),(269,'ar','cs','Arabština'),(270,'ar','sk','Arabčina'),(271,'ar','cy','Arabic'),(272,'ar','da','Arabic'),(273,'ar','el','Αραβικά'),(274,'ar','eo','Arabic'),(275,'ar','et','Arabic'),(276,'ar','eu','Arabic'),(277,'ar','fa','Arabic'),(278,'ar','fi','Arabia'),(279,'ar','ga','Arabic'),(280,'ar','he','ערבית'),(281,'ar','hi','Arabic'),(282,'ar','hr','Arapski'),(283,'ar','hu','Arab'),(284,'ar','hy','Arabic'),(285,'ar','id','Arabic'),(286,'ar','is','Arabic'),(287,'ar','it','Arabo'),(288,'ar','ja','アラビア語'),(289,'ar','ko','아랍어'),(290,'ar','ku','Arabic'),(291,'ar','lv','Arabic'),(292,'ar','lt','Arabic'),(293,'ar','mk','Arabic'),(294,'ar','mt','Arabic'),(295,'ar','mn','Arabic'),(296,'ar','ne','Arabic'),(297,'ar','nl','Arabisch'),(298,'ar','no','Arabisk'),(299,'ar','pa','Arabic'),(300,'ar','pl','Arabski'),(301,'ar','pt-pt','Árabe'),(302,'ar','pt-br','Árabe'),(303,'ar','qu','Arabic'),(304,'ar','ro','Arabică'),(305,'ar','ru','Арабский'),(306,'ar','sl','Arabščina'),(307,'ar','so','Arabic'),(308,'ar','sq','Arabic'),(309,'ar','sr','арапски'),(310,'ar','sv','Arabiska'),(311,'ar','ta','Arabic'),(312,'ar','th','อารบิก'),(313,'ar','tr','Arapça'),(314,'ar','uk','Arabic'),(315,'ar','ur','Arabic'),(316,'ar','uz','Arabic'),(317,'ar','vi','Arabic'),(318,'ar','yi','Arabic'),(319,'ar','zh-hans','阿拉伯语'),(320,'ar','zu','Arabic'),(321,'ar','zh-hant','阿拉伯語'),(322,'ar','ms','Arabic'),(323,'ar','gl','Arabic'),(324,'ar','bn','Arabic'),(325,'ar','az','Arabic'),(326,'bs','en','Bosnian'),(327,'bs','es','Bosnio'),(328,'bs','de','Bosnisch'),(329,'bs','fr','Bosnien'),(330,'bs','ar','البوسنية'),(331,'bs','bs','Bosnian'),(332,'bs','bg','Босненски'),(333,'bs','ca','Bosnian'),(334,'bs','cs','Bosenština'),(335,'bs','sk','Bosniačtina'),(336,'bs','cy','Bosnian'),(337,'bs','da','Bosnian'),(338,'bs','el','Βοσνιακά'),(339,'bs','eo','Bosnian'),(340,'bs','et','Bosnian'),(341,'bs','eu','Bosnian'),(342,'bs','fa','Bosnian'),(343,'bs','fi','Bosnia'),(344,'bs','ga','Bosnian'),(345,'bs','he','בוסנית'),(346,'bs','hi','Bosnian'),(347,'bs','hr','Bosanski'),(348,'bs','hu','Bosnyák'),(349,'bs','hy','Bosnian'),(350,'bs','id','Bosnian'),(351,'bs','is','Bosnian'),(352,'bs','it','Bosniaco'),(353,'bs','ja','ボスニア語'),(354,'bs','ko','보즈니아어'),(355,'bs','ku','Bosnian'),(356,'bs','lv','Bosnian'),(357,'bs','lt','Bosnian'),(358,'bs','mk','Bosnian'),(359,'bs','mt','Bosnian'),(360,'bs','mn','Bosnian'),(361,'bs','ne','Bosnian'),(362,'bs','nl','Bosnisch'),(363,'bs','no','Bosnisk'),(364,'bs','pa','Bosnian'),(365,'bs','pl','Bośniacki'),(366,'bs','pt-pt','Bósnio'),(367,'bs','pt-br','Bósnio'),(368,'bs','qu','Bosnian'),(369,'bs','ro','Bosniacă'),(370,'bs','ru','Боснийский'),(371,'bs','sl','Bosanski'),(372,'bs','so','Bosnian'),(373,'bs','sq','Bosnian'),(374,'bs','sr','босански'),(375,'bs','sv','Bosniska'),(376,'bs','ta','Bosnian'),(377,'bs','th','บอสเนียน'),(378,'bs','tr','Boşnakça'),(379,'bs','uk','Bosnian'),(380,'bs','ur','Bosnian'),(381,'bs','uz','Bosnian'),(382,'bs','vi','Bosnian'),(383,'bs','yi','Bosnian'),(384,'bs','zh-hans','波斯尼亚语'),(385,'bs','zu','Bosnian'),(386,'bs','zh-hant','波士尼亞語'),(387,'bs','ms','Bosnian'),(388,'bs','gl','Bosnian'),(389,'bs','bn','Bosnian'),(390,'bs','az','Bosnian'),(391,'bg','en','Bulgarian'),(392,'bg','es','Búlgaro'),(393,'bg','de','Bulgarisch'),(394,'bg','fr','Bulgare'),(395,'bg','ar','البلغارية'),(396,'bg','bs','Bulgarian'),(397,'bg','bg','Български'),(398,'bg','ca','Bulgarian'),(399,'bg','cs','Bulharština'),(400,'bg','sk','Bulharčina'),(401,'bg','cy','Bulgarian'),(402,'bg','da','Bulgarian'),(403,'bg','el','Βουλγαρικά'),(404,'bg','eo','Bulgarian'),(405,'bg','et','Bulgarian'),(406,'bg','eu','Bulgarian'),(407,'bg','fa','Bulgarian'),(408,'bg','fi','Bulgaria'),(409,'bg','ga','Bulgarian'),(410,'bg','he','בולגרית'),(411,'bg','hi','Bulgarian'),(412,'bg','hr','Bugarski'),(413,'bg','hu','Bolgár'),(414,'bg','hy','Bulgarian'),(415,'bg','id','Bulgarian'),(416,'bg','is','Bulgarian'),(417,'bg','it','Bulgaro'),(418,'bg','ja','ブルガリア語'),(419,'bg','ko','불가리아어'),(420,'bg','ku','Bulgarian'),(421,'bg','lv','Bulgarian'),(422,'bg','lt','Bulgarian'),(423,'bg','mk','Bulgarian'),(424,'bg','mt','Bulgarian'),(425,'bg','mn','Bulgarian'),(426,'bg','ne','Bulgarian'),(427,'bg','nl','Bulgaars'),(428,'bg','no','Bulgarian'),(429,'bg','pa','Bulgarian'),(430,'bg','pl','Bułgarski'),(431,'bg','pt-pt','Búlgaro'),(432,'bg','pt-br','Búlgaro'),(433,'bg','qu','Bulgarian'),(434,'bg','ro','Bulgară'),(435,'bg','ru','Болгарский'),(436,'bg','sl','Bolgarščina'),(437,'bg','so','Bulgarian'),(438,'bg','sq','Bulgarian'),(439,'bg','sr','бугарски'),(440,'bg','sv','Bulgariska'),(441,'bg','ta','Bulgarian'),(442,'bg','th','บัลแกเรียน'),(443,'bg','tr','Bulgarca'),(444,'bg','uk','Bulgarian'),(445,'bg','ur','Bulgarian'),(446,'bg','uz','Bulgarian'),(447,'bg','vi','Bulgarian'),(448,'bg','yi','Bulgarian'),(449,'bg','zh-hans','保加利亚语'),(450,'bg','zu','Bulgarian'),(451,'bg','zh-hant','保加利亞語'),(452,'bg','ms','Bulgarian'),(453,'bg','gl','Bulgarian'),(454,'bg','bn','Bulgarian'),(455,'bg','az','Bulgarian'),(456,'ca','en','Catalan'),(457,'ca','es','Catalán'),(458,'ca','de','Katalanisch'),(459,'ca','fr','Catalan'),(460,'ca','ar','الكاتالوينية'),(461,'ca','bs','Catalan'),(462,'ca','bg','Каталонски'),(463,'ca','ca','Català'),(464,'ca','cs','Katalánština'),(465,'ca','sk','Katalánčina'),(466,'ca','cy','Catalan'),(467,'ca','da','Catalan'),(468,'ca','el','Καταλανικά'),(469,'ca','eo','Catalan'),(470,'ca','et','Catalan'),(471,'ca','eu','Catalan'),(472,'ca','fa','Catalan'),(473,'ca','fi','Katalaani'),(474,'ca','ga','Catalan'),(475,'ca','he','קטלאנית'),(476,'ca','hi','Catalan'),(477,'ca','hr','Katalonski'),(478,'ca','hu','Katalán'),(479,'ca','hy','Catalan'),(480,'ca','id','Catalan'),(481,'ca','is','Catalan'),(482,'ca','it','Catalano'),(483,'ca','ja','カタルーニャ語'),(484,'ca','ko','카탈로니아어'),(485,'ca','ku','Catalan'),(486,'ca','lv','Catalan'),(487,'ca','lt','Catalan'),(488,'ca','mk','Catalan'),(489,'ca','mt','Catalan'),(490,'ca','mn','Catalan'),(491,'ca','ne','Catalan'),(492,'ca','nl','Catalaans'),(493,'ca','no','catalan'),(494,'ca','pa','Catalan'),(495,'ca','pl','Kataloński'),(496,'ca','pt-pt','Catalão'),(497,'ca','pt-br','Catalão'),(498,'ca','qu','Catalan'),(499,'ca','ro','Catalană'),(500,'ca','ru','Каталанский'),(501,'ca','sl','Katalonščina'),(502,'ca','so','Catalan'),(503,'ca','sq','Catalan'),(504,'ca','sr','каталонски'),(505,'ca','sv','Katalanska'),(506,'ca','ta','Catalan'),(507,'ca','th','คะตะลาน'),(508,'ca','tr','Katalan dili'),(509,'ca','uk','Catalan'),(510,'ca','ur','Catalan'),(511,'ca','uz','Catalan'),(512,'ca','vi','Catalan'),(513,'ca','yi','Catalan'),(514,'ca','zh-hans','加泰罗尼亚语'),(515,'ca','zu','Catalan'),(516,'ca','zh-hant','加泰羅尼亞語'),(517,'ca','ms','Catalan'),(518,'ca','gl','Catalan'),(519,'ca','bn','Catalan'),(520,'ca','az','Catalan'),(521,'cs','en','Czech'),(522,'cs','es','Checo'),(523,'cs','de','Tschechisch'),(524,'cs','fr','Tchèque'),(525,'cs','ar','التشيكية'),(526,'cs','bs','Czech'),(527,'cs','bg','Чешки'),(528,'cs','ca','Czech'),(529,'cs','cs','Čeština'),(530,'cs','sk','Čeština'),(531,'cs','cy','Czech'),(532,'cs','da','Czech'),(533,'cs','el','Τσεχικά'),(534,'cs','eo','Czech'),(535,'cs','et','Czech'),(536,'cs','eu','Czech'),(537,'cs','fa','Czech'),(538,'cs','fi','Tsekki'),(539,'cs','ga','Czech'),(540,'cs','he','צ\'כית'),(541,'cs','hi','Czech'),(542,'cs','hr','češki'),(543,'cs','hu','Cseh'),(544,'cs','hy','Czech'),(545,'cs','id','Czech'),(546,'cs','is','Czech'),(547,'cs','it','Ceco'),(548,'cs','ja','チェコ語'),(549,'cs','ko','체코슬로바키아어'),(550,'cs','ku','Czech'),(551,'cs','lv','Czech'),(552,'cs','lt','Czech'),(553,'cs','mk','Czech'),(554,'cs','mt','Czech'),(555,'cs','mn','Czech'),(556,'cs','ne','Czech'),(557,'cs','nl','Tsjechisch'),(558,'cs','no','Czech'),(559,'cs','pa','Czech'),(560,'cs','pl','Czeski'),(561,'cs','pt-pt','Tcheco'),(562,'cs','pt-br','Tcheco'),(563,'cs','qu','Czech'),(564,'cs','ro','Cehă'),(565,'cs','ru','Чешский'),(566,'cs','sl','Češčina'),(567,'cs','so','Czech'),(568,'cs','sq','Czech'),(569,'cs','sr','чешки'),(570,'cs','sv','Tjeckiska'),(571,'cs','ta','Czech'),(572,'cs','th','เช็ก'),(573,'cs','tr','Çekçe'),(574,'cs','uk','Czech'),(575,'cs','ur','Czech'),(576,'cs','uz','Czech'),(577,'cs','vi','Czech'),(578,'cs','yi','Czech'),(579,'cs','zh-hans','捷克语'),(580,'cs','zu','Czech'),(581,'cs','zh-hant','捷克語'),(582,'cs','ms','Czech'),(583,'cs','gl','Czech'),(584,'cs','bn','Czech'),(585,'cs','az','Czech'),(586,'sk','en','Slovak'),(587,'sk','es','Eslavo'),(588,'sk','de','Slowakisch'),(589,'sk','fr','Slave'),(590,'sk','ar','السلافية'),(591,'sk','bs','Slovak'),(592,'sk','bg','Словашки'),(593,'sk','ca','Slovak'),(594,'sk','cs','Slovenština'),(595,'sk','sk','Slovenčina'),(596,'sk','cy','Slovak'),(597,'sk','da','Slovak'),(598,'sk','el','Σλαβική'),(599,'sk','eo','Slovak'),(600,'sk','et','Slovak'),(601,'sk','eu','Slovak'),(602,'sk','fa','Slovak'),(603,'sk','fi','Slaavi'),(604,'sk','ga','Slovak'),(605,'sk','he','סלאבית'),(606,'sk','hi','Slovak'),(607,'sk','hr','Slovački'),(608,'sk','hu','Szlovák'),(609,'sk','hy','Slovak'),(610,'sk','id','Slovak'),(611,'sk','is','Slovak'),(612,'sk','it','Slavo'),(613,'sk','ja','スラヴ語派'),(614,'sk','ko','슬라브어'),(615,'sk','ku','Slovak'),(616,'sk','lv','Slovak'),(617,'sk','lt','Slovak'),(618,'sk','mk','Slovak'),(619,'sk','mt','Slovak'),(620,'sk','mn','Slovak'),(621,'sk','ne','Slovak'),(622,'sk','nl','Slavisch'),(623,'sk','no','Slovak'),(624,'sk','pa','Slovak'),(625,'sk','pl','Słowacki'),(626,'sk','pt-pt','Eslavo'),(627,'sk','pt-br','Eslavo'),(628,'sk','qu','Slovak'),(629,'sk','ro','Slavă'),(630,'sk','ru','Славянский'),(631,'sk','sl','Slovaščina'),(632,'sk','so','Slovak'),(633,'sk','sq','Slovak'),(634,'sk','sr','словачки'),(635,'sk','sv','Slavisk'),(636,'sk','ta','Slovak'),(637,'sk','th','สลาวิก'),(638,'sk','tr','Slav dili'),(639,'sk','uk','Slovak'),(640,'sk','ur','Slovak'),(641,'sk','uz','Slovak'),(642,'sk','vi','Slovak'),(643,'sk','yi','Slovak'),(644,'sk','zh-hans','斯拉夫语'),(645,'sk','zu','Slovak'),(646,'sk','zh-hant','斯拉夫語'),(647,'sk','ms','Slovak'),(648,'sk','gl','Slovak'),(649,'sk','bn','Slovak'),(650,'sk','az','Slovak'),(651,'cy','en','Welsh'),(652,'cy','es','Galés'),(653,'cy','de','Walisisch'),(654,'cy','fr','Gallois'),(655,'cy','ar','الولزية'),(656,'cy','bs','Welsh'),(657,'cy','bg','Уелски'),(658,'cy','ca','Welsh'),(659,'cy','cs','Velšský'),(660,'cy','sk','Welština'),(661,'cy','cy','Cymraeg'),(662,'cy','da','Welsh'),(663,'cy','el','Oυαλικά'),(664,'cy','eo','Welsh'),(665,'cy','et','Welsh'),(666,'cy','eu','Welsh'),(667,'cy','fa','Welsh'),(668,'cy','fi','Kymri'),(669,'cy','ga','Welsh'),(670,'cy','he','וולשית'),(671,'cy','hi','Welsh'),(672,'cy','hr','Velški'),(673,'cy','hu','Vels'),(674,'cy','hy','Welsh'),(675,'cy','id','Welsh'),(676,'cy','is','Welsh'),(677,'cy','it','Gallese'),(678,'cy','ja','ウェールズ語'),(679,'cy','ko','웨일즈어'),(680,'cy','ku','Welsh'),(681,'cy','lv','Welsh'),(682,'cy','lt','Welsh'),(683,'cy','mk','Welsh'),(684,'cy','mt','Welsh'),(685,'cy','mn','Welsh'),(686,'cy','ne','Welsh'),(687,'cy','nl','Welsh'),(688,'cy','no','Welsh'),(689,'cy','pa','Welsh'),(690,'cy','pl','Walijski'),(691,'cy','pt-pt','Galês'),(692,'cy','pt-br','Galês'),(693,'cy','qu','Welsh'),(694,'cy','ro','Galeză'),(695,'cy','ru','Валлийский'),(696,'cy','sl','Welsh'),(697,'cy','so','Welsh'),(698,'cy','sq','Welsh'),(699,'cy','sr','велшки'),(700,'cy','sv','Walesiska'),(701,'cy','ta','Welsh'),(702,'cy','th','เวลช์'),(703,'cy','tr','Galce'),(704,'cy','uk','Welsh'),(705,'cy','ur','Welsh'),(706,'cy','uz','Welsh'),(707,'cy','vi','Welsh'),(708,'cy','yi','Welsh'),(709,'cy','zh-hans','威尔士语'),(710,'cy','zu','Welsh'),(711,'cy','zh-hant','威爾士語'),(712,'cy','ms','Welsh'),(713,'cy','gl','Welsh'),(714,'cy','bn','Welsh'),(715,'cy','az','Welsh'),(716,'da','en','Danish'),(717,'da','es','Danés'),(718,'da','de','Dänisch'),(719,'da','fr','Danois'),(720,'da','ar','الدانماركية'),(721,'da','bs','Danish'),(722,'da','bg','Датски'),(723,'da','ca','Danish'),(724,'da','cs','Dánský'),(725,'da','sk','Dánčina'),(726,'da','cy','Danish'),(727,'da','da','Dansk'),(728,'da','el','Δανέζικα'),(729,'da','eo','Danish'),(730,'da','et','Danish'),(731,'da','eu','Danish'),(732,'da','fa','Danish'),(733,'da','fi','Tanska'),(734,'da','ga','Danish'),(735,'da','he','דנית'),(736,'da','hi','Danish'),(737,'da','hr','Danski'),(738,'da','hu','Dán'),(739,'da','hy','Danish'),(740,'da','id','Danish'),(741,'da','is','Danish'),(742,'da','it','Danese'),(743,'da','ja','デンマーク語'),(744,'da','ko','덴마크어'),(745,'da','ku','Danish'),(746,'da','lv','Danish'),(747,'da','lt','Danish'),(748,'da','mk','Danish'),(749,'da','mt','Danish'),(750,'da','mn','Danish'),(751,'da','ne','Danish'),(752,'da','nl','Deens'),(753,'da','no','Danish'),(754,'da','pa','Danish'),(755,'da','pl','Duński'),(756,'da','pt-pt','Dinamarquês'),(757,'da','pt-br','Dinamarquês'),(758,'da','qu','Danish'),(759,'da','ro','Daneză'),(760,'da','ru','Датский'),(761,'da','sl','Danščina'),(762,'da','so','Danish'),(763,'da','sq','Danish'),(764,'da','sr','дански'),(765,'da','sv','Danska'),(766,'da','ta','Danish'),(767,'da','th','เดนมาร์ก'),(768,'da','tr','Danca'),(769,'da','uk','Danish'),(770,'da','ur','Danish'),(771,'da','uz','Danish'),(772,'da','vi','Danish'),(773,'da','yi','Danish'),(774,'da','zh-hans','丹麦语'),(775,'da','zu','Danish'),(776,'da','zh-hant','丹麥語'),(777,'da','ms','Danish'),(778,'da','gl','Danish'),(779,'da','bn','Danish'),(780,'da','az','Danish'),(781,'el','en','Greek'),(782,'el','es','Griego'),(783,'el','de','Griechisch'),(784,'el','fr','Grec moderne'),(785,'el','ar','اليونانية'),(786,'el','bs','Greek'),(787,'el','bg','Гръцки'),(788,'el','ca','Greek'),(789,'el','cs','Řečtina'),(790,'el','sk','Gréčtina'),(791,'el','cy','Greek'),(792,'el','da','Greek'),(793,'el','el','Ελληνικά'),(794,'el','eo','Greek'),(795,'el','et','Greek'),(796,'el','eu','Greek'),(797,'el','fa','Greek'),(798,'el','fi','Kreikka'),(799,'el','ga','Greek'),(800,'el','he','יוונית'),(801,'el','hi','Greek'),(802,'el','hr','Grčki'),(803,'el','hu','Görög'),(804,'el','hy','Greek'),(805,'el','id','Greek'),(806,'el','is','Greek'),(807,'el','it','Greco'),(808,'el','ja','ギリシア語'),(809,'el','ko','그리스어'),(810,'el','ku','Greek'),(811,'el','lv','Greek'),(812,'el','lt','Greek'),(813,'el','mk','Greek'),(814,'el','mt','Greek'),(815,'el','mn','Greek'),(816,'el','ne','Greek'),(817,'el','nl','Grieks'),(818,'el','no','Gresk'),(819,'el','pa','Greek'),(820,'el','pl','Grecki'),(821,'el','pt-pt','Grego'),(822,'el','pt-br','Grego'),(823,'el','qu','Greek'),(824,'el','ro','Greacă'),(825,'el','ru','Греческий'),(826,'el','sl','Greek'),(827,'el','so','Greek'),(828,'el','sq','Greek'),(829,'el','sr','грчки'),(830,'el','sv','Grekiska'),(831,'el','ta','Greek'),(832,'el','th','กรีก'),(833,'el','tr','Yunanca'),(834,'el','uk','Greek'),(835,'el','ur','Greek'),(836,'el','uz','Greek'),(837,'el','vi','Greek'),(838,'el','yi','Greek'),(839,'el','zh-hans','希腊语'),(840,'el','zu','Greek'),(841,'el','zh-hant','希臘語'),(842,'el','ms','Greek'),(843,'el','gl','Greek'),(844,'el','bn','Greek'),(845,'el','az','Greek'),(846,'eo','en','Esperanto'),(847,'eo','es','Esperanto'),(848,'eo','de','Esperanto'),(849,'eo','fr','Espéranto'),(850,'eo','ar','الاسبرانتو'),(851,'eo','bs','Esperanto'),(852,'eo','bg','Есперанто'),(853,'eo','ca','Esperanto'),(854,'eo','cs','Esperanto'),(855,'eo','sk','Esperanto'),(856,'eo','cy','Esperanto'),(857,'eo','da','Esperanto'),(858,'eo','el','Εσπεράντο'),(859,'eo','eo','Esperanta'),(860,'eo','et','Esperanto'),(861,'eo','eu','Esperanto'),(862,'eo','fa','Esperanto'),(863,'eo','fi','Esperanto'),(864,'eo','ga','Esperanto'),(865,'eo','he','אספרנטו'),(866,'eo','hi','Esperanto'),(867,'eo','hr','Esperanto'),(868,'eo','hu','Eszperantó'),(869,'eo','hy','Esperanto'),(870,'eo','id','Esperanto'),(871,'eo','is','Esperanto'),(872,'eo','it','Esperanto'),(873,'eo','ja','エスペラント語'),(874,'eo','ko','에스페란토어'),(875,'eo','ku','Esperanto'),(876,'eo','lv','Esperanto'),(877,'eo','lt','Esperanto'),(878,'eo','mk','Esperanto'),(879,'eo','mt','Esperanto'),(880,'eo','mn','Esperanto'),(881,'eo','ne','Esperanto'),(882,'eo','nl','Esperanto'),(883,'eo','no','Esperanto'),(884,'eo','pa','Esperanto'),(885,'eo','pl','Esperanto'),(886,'eo','pt-pt','Esperanto'),(887,'eo','pt-br','Esperanto'),(888,'eo','qu','Esperanto'),(889,'eo','ro','Esperanto'),(890,'eo','ru','Эсперанто'),(891,'eo','sl','Esperanto'),(892,'eo','so','Esperanto'),(893,'eo','sq','Esperanto'),(894,'eo','sr','есперанто'),(895,'eo','sv','Esperanto'),(896,'eo','ta','Esperanto'),(897,'eo','th','เอสเปอรันโต'),(898,'eo','tr','Esperanto'),(899,'eo','uk','Esperanto'),(900,'eo','ur','Esperanto'),(901,'eo','uz','Esperanto'),(902,'eo','vi','Esperanto'),(903,'eo','yi','Esperanto'),(904,'eo','zh-hans','世界语'),(905,'eo','zu','Esperanto'),(906,'eo','zh-hant','世界語'),(907,'eo','ms','Esperanto'),(908,'eo','gl','Esperanto'),(909,'eo','bn','Esperanto'),(910,'eo','az','Esperanto'),(911,'et','en','Estonian'),(912,'et','es','Estonio'),(913,'et','de','Estnisch'),(914,'et','fr','Estonien'),(915,'et','ar','الأستونية'),(916,'et','bs','Estonian'),(917,'et','bg','Естонски'),(918,'et','ca','Estonian'),(919,'et','cs','Estonština'),(920,'et','sk','Estónčina'),(921,'et','cy','Estonian'),(922,'et','da','Estonian'),(923,'et','el','Εσθονικά'),(924,'et','eo','Estonian'),(925,'et','et','Eesti'),(926,'et','eu','Estonian'),(927,'et','fa','Estonian'),(928,'et','fi','Eesti'),(929,'et','ga','Estonian'),(930,'et','he','אסטונית'),(931,'et','hi','Estonian'),(932,'et','hr','Estonski'),(933,'et','hu','észt'),(934,'et','hy','Estonian'),(935,'et','id','Estonian'),(936,'et','is','Estonian'),(937,'et','it','Estone'),(938,'et','ja','エストニア語'),(939,'et','ko','에스토니아어'),(940,'et','ku','Estonian'),(941,'et','lv','Estonian'),(942,'et','lt','Estonian'),(943,'et','mk','Estonian'),(944,'et','mt','Estonian'),(945,'et','mn','Estonian'),(946,'et','ne','Estonian'),(947,'et','nl','Ests'),(948,'et','no','Estonian'),(949,'et','pa','Estonian'),(950,'et','pl','Estoński'),(951,'et','pt-pt','Estoniano'),(952,'et','pt-br','Estoniano'),(953,'et','qu','Estonian'),(954,'et','ro','Estoniană'),(955,'et','ru','Эстонский'),(956,'et','sl','Estonščina'),(957,'et','so','Estonian'),(958,'et','sq','Estonian'),(959,'et','sr','естонски'),(960,'et','sv','Estniska'),(961,'et','ta','Estonian'),(962,'et','th','เอสโตเนียน'),(963,'et','tr','Estonya dili'),(964,'et','uk','Estonian'),(965,'et','ur','Estonian'),(966,'et','uz','Estonian'),(967,'et','vi','Estonian'),(968,'et','yi','Estonian'),(969,'et','zh-hans','爱沙尼亚语'),(970,'et','zu','Estonian'),(971,'et','zh-hant','愛沙尼亞語'),(972,'et','ms','Estonian'),(973,'et','gl','Estonian'),(974,'et','bn','Estonian'),(975,'et','az','Estonian'),(976,'eu','en','Basque'),(977,'eu','es','Euskera'),(978,'eu','de','Baskisch'),(979,'eu','fr','Basque'),(980,'eu','ar','لغة الباسك'),(981,'eu','bs','Basque'),(982,'eu','bg','Баски'),(983,'eu','ca','Basque'),(984,'eu','cs','Basque'),(985,'eu','sk','Baskičtina'),(986,'eu','cy','Basque'),(987,'eu','da','Basque'),(988,'eu','el','Βασκικά'),(989,'eu','eo','Basque'),(990,'eu','et','Basque'),(991,'eu','eu','Euskara'),(992,'eu','fa','Basque'),(993,'eu','fi','Baski'),(994,'eu','ga','Basque'),(995,'eu','he','בסקית'),(996,'eu','hi','Basque'),(997,'eu','hr','Baskijski'),(998,'eu','hu','Baszk'),(999,'eu','hy','Basque'),(1000,'eu','id','Basque'),(1001,'eu','is','Basque'),(1002,'eu','it','Basco'),(1003,'eu','ja','バスク語'),(1004,'eu','ko','바스크어'),(1005,'eu','ku','Basque'),(1006,'eu','lv','Basque'),(1007,'eu','lt','Basque'),(1008,'eu','mk','Basque'),(1009,'eu','mt','Basque'),(1010,'eu','mn','Basque'),(1011,'eu','ne','Basque'),(1012,'eu','nl','Baskisch'),(1013,'eu','no','Basque'),(1014,'eu','pa','Basque'),(1015,'eu','pl','Baskijski'),(1016,'eu','pt-pt','Basco'),(1017,'eu','pt-br','Basco'),(1018,'eu','qu','Basque'),(1019,'eu','ro','Bască'),(1020,'eu','ru','Баскский'),(1021,'eu','sl','Baskovščina'),(1022,'eu','so','Basque'),(1023,'eu','sq','Basque'),(1024,'eu','sr','баскијски'),(1025,'eu','sv','Baskiska'),(1026,'eu','ta','Basque'),(1027,'eu','th','บาสค์'),(1028,'eu','tr','Bask dili'),(1029,'eu','uk','Basque'),(1030,'eu','ur','Basque'),(1031,'eu','uz','Basque'),(1032,'eu','vi','Basque'),(1033,'eu','yi','Basque'),(1034,'eu','zh-hans','巴斯克语'),(1035,'eu','zu','Basque'),(1036,'eu','zh-hant','巴斯克語'),(1037,'eu','ms','Basque'),(1038,'eu','gl','Basque'),(1039,'eu','bn','Basque'),(1040,'eu','az','Basque'),(1041,'fa','en','Persian'),(1042,'fa','es','Persa'),(1043,'fa','de','Persisch'),(1044,'fa','fr','Perse'),(1045,'fa','ar','الفارسية'),(1046,'fa','bs','Persian'),(1047,'fa','bg','Персийски'),(1048,'fa','ca','Persian'),(1049,'fa','cs','Perský'),(1050,'fa','sk','Perzština'),(1051,'fa','cy','Persian'),(1052,'fa','da','Persian'),(1053,'fa','el','Περσικά'),(1054,'fa','eo','Persian'),(1055,'fa','et','Persian'),(1056,'fa','eu','Persian'),(1057,'fa','fa','فارسی'),(1058,'fa','fi','Persia'),(1059,'fa','ga','Persian'),(1060,'fa','he','פרסית'),(1061,'fa','hi','Persian'),(1062,'fa','hr','Perzijski'),(1063,'fa','hu','Perzsa'),(1064,'fa','hy','Persian'),(1065,'fa','id','Persian'),(1066,'fa','is','Persian'),(1067,'fa','it','Persiano'),(1068,'fa','ja','ペルシア語'),(1069,'fa','ko','페르시아어'),(1070,'fa','ku','Persian'),(1071,'fa','lv','Persian'),(1072,'fa','lt','Persian'),(1073,'fa','mk','Persian'),(1074,'fa','mt','Persian'),(1075,'fa','mn','Persian'),(1076,'fa','ne','Persian'),(1077,'fa','nl','Perzisch'),(1078,'fa','no','Persisk'),(1079,'fa','pa','Persian'),(1080,'fa','pl','Perski'),(1081,'fa','pt-pt','Persa'),(1082,'fa','pt-br','Persa'),(1083,'fa','qu','Persian'),(1084,'fa','ro','Persană'),(1085,'fa','ru','Персидский'),(1086,'fa','sl','Perzijski'),(1087,'fa','so','Persian'),(1088,'fa','sq','Persian'),(1089,'fa','sr','персијски'),(1090,'fa','sv','Persiska'),(1091,'fa','ta','Persian'),(1092,'fa','th','เปอร์เซียน'),(1093,'fa','tr','Farsça'),(1094,'fa','uk','Persian'),(1095,'fa','ur','Persian'),(1096,'fa','uz','Persian'),(1097,'fa','vi','Persian'),(1098,'fa','yi','Persian'),(1099,'fa','zh-hans','波斯语'),(1100,'fa','zu','Persian'),(1101,'fa','zh-hant','波斯語'),(1102,'fa','ms','Persian'),(1103,'fa','gl','Persian'),(1104,'fa','bn','Persian'),(1105,'fa','az','Persian'),(1106,'fi','en','Finnish'),(1107,'fi','es','Finlandés'),(1108,'fi','de','Finnisch'),(1109,'fi','fr','Finnois'),(1110,'fi','ar','الفنلندية'),(1111,'fi','bs','Finnish'),(1112,'fi','bg','Фински'),(1113,'fi','ca','Finnish'),(1114,'fi','cs','Finský'),(1115,'fi','sk','Fínština'),(1116,'fi','cy','Finnish'),(1117,'fi','da','Finnish'),(1118,'fi','el','Φινλανδικά'),(1119,'fi','eo','Finnish'),(1120,'fi','et','Finnish'),(1121,'fi','eu','Finnish'),(1122,'fi','fa','Finnish'),(1123,'fi','fi','Suomi'),(1124,'fi','ga','Finnish'),(1125,'fi','he','פינית'),(1126,'fi','hi','Finnish'),(1127,'fi','hr','Finski'),(1128,'fi','hu','Finn'),(1129,'fi','hy','Finnish'),(1130,'fi','id','Finnish'),(1131,'fi','is','Finnish'),(1132,'fi','it','Finlandese'),(1133,'fi','ja','フィンランド語'),(1134,'fi','ko','핀란드어'),(1135,'fi','ku','Finnish'),(1136,'fi','lv','Finnish'),(1137,'fi','lt','Finnish'),(1138,'fi','mk','Finnish'),(1139,'fi','mt','Finnish'),(1140,'fi','mn','Finnish'),(1141,'fi','ne','Finnish'),(1142,'fi','nl','Fins'),(1143,'fi','no','Finsk'),(1144,'fi','pa','Finnish'),(1145,'fi','pl','Fiński'),(1146,'fi','pt-pt','Finlandês'),(1147,'fi','pt-br','Finlandês'),(1148,'fi','qu','Finnish'),(1149,'fi','ro','Finlandeză'),(1150,'fi','ru','Финский'),(1151,'fi','sl','Finski'),(1152,'fi','so','Finnish'),(1153,'fi','sq','Finnish'),(1154,'fi','sr','фински'),(1155,'fi','sv','Finska'),(1156,'fi','ta','Finnish'),(1157,'fi','th','ฟินนิช'),(1158,'fi','tr','Fince'),(1159,'fi','uk','Finnish'),(1160,'fi','ur','Finnish'),(1161,'fi','uz','Finnish'),(1162,'fi','vi','Finnish'),(1163,'fi','yi','Finnish'),(1164,'fi','zh-hans','芬兰语'),(1165,'fi','zu','Finnish'),(1166,'fi','zh-hant','芬蘭語'),(1167,'fi','ms','Finnish'),(1168,'fi','gl','Finnish'),(1169,'fi','bn','Finnish'),(1170,'fi','az','Finnish'),(1171,'ga','en','Irish'),(1172,'ga','es','Irlandés'),(1173,'ga','de','Irisch'),(1174,'ga','fr','Irlandais'),(1175,'ga','ar','الأيرلندية'),(1176,'ga','bs','Irish'),(1177,'ga','bg','Ирландски'),(1178,'ga','ca','Irish'),(1179,'ga','cs','Irský'),(1180,'ga','sk','Írština'),(1181,'ga','cy','Irish'),(1182,'ga','da','Irish'),(1183,'ga','el','Ιρλανδικά'),(1184,'ga','eo','Irish'),(1185,'ga','et','Irish'),(1186,'ga','eu','Irish'),(1187,'ga','fa','Irish'),(1188,'ga','fi','Iiri'),(1189,'ga','ga','Gaeilge'),(1190,'ga','he','אירית'),(1191,'ga','hi','Irish'),(1192,'ga','hr','Irski'),(1193,'ga','hu','ír'),(1194,'ga','hy','Irish'),(1195,'ga','id','Irish'),(1196,'ga','is','Irish'),(1197,'ga','it','Irlandese'),(1198,'ga','ja','アイルランド語'),(1199,'ga','ko','아일랜드어'),(1200,'ga','ku','Irish'),(1201,'ga','lv','Irish'),(1202,'ga','lt','Irish'),(1203,'ga','mk','Irish'),(1204,'ga','mt','Irish'),(1205,'ga','mn','Irish'),(1206,'ga','ne','Irish'),(1207,'ga','nl','Iers'),(1208,'ga','no','Irish'),(1209,'ga','pa','Irish'),(1210,'ga','pl','Irlandzki'),(1211,'ga','pt-pt','Irlandês'),(1212,'ga','pt-br','Irlandês'),(1213,'ga','qu','Irish'),(1214,'ga','ro','Irlandeză'),(1215,'ga','ru','Ирландский'),(1216,'ga','sl','Irski'),(1217,'ga','so','Irish'),(1218,'ga','sq','Irish'),(1219,'ga','sr','ирски'),(1220,'ga','sv','Irländska'),(1221,'ga','ta','Irish'),(1222,'ga','th','ไอริช'),(1223,'ga','tr','İrlanda dili'),(1224,'ga','uk','Irish'),(1225,'ga','ur','Irish'),(1226,'ga','uz','Irish'),(1227,'ga','vi','Irish'),(1228,'ga','yi','Irish'),(1229,'ga','zh-hans','爱尔兰语'),(1230,'ga','zu','Irish'),(1231,'ga','zh-hant','愛爾蘭語'),(1232,'ga','ms','Irish'),(1233,'ga','gl','Irish'),(1234,'ga','bn','Irish'),(1235,'ga','az','Irish'),(1236,'he','en','Hebrew'),(1237,'he','es','Hebreo'),(1238,'he','de','Hebräisch'),(1239,'he','fr','Hébreu'),(1240,'he','ar','العبرية'),(1241,'he','bs','Hebrew'),(1242,'he','bg','Иврит'),(1243,'he','ca','Hebrew'),(1244,'he','cs','Hebrejština'),(1245,'he','sk','Hebrejčina'),(1246,'he','cy','Hebrew'),(1247,'he','da','Hebrew'),(1248,'he','el','Εβραϊκά'),(1249,'he','eo','Hebrew'),(1250,'he','et','Hebrew'),(1251,'he','eu','Hebrew'),(1252,'he','fa','Hebrew'),(1253,'he','fi','Heprea'),(1254,'he','ga','Hebrew'),(1255,'he','he','עברית'),(1256,'he','hi','Hebrew'),(1257,'he','hr','Hebrejski'),(1258,'he','hu','Héber'),(1259,'he','hy','Hebrew'),(1260,'he','id','Hebrew'),(1261,'he','is','Hebrew'),(1262,'he','it','Ebraico'),(1263,'he','ja','ヘブライ語'),(1264,'he','ko','히브리어'),(1265,'he','ku','Hebrew'),(1266,'he','lv','Hebrew'),(1267,'he','lt','Hebrew'),(1268,'he','mk','Hebrew'),(1269,'he','mt','Hebrew'),(1270,'he','mn','Hebrew'),(1271,'he','ne','Hebrew'),(1272,'he','nl','Hebreeuws'),(1273,'he','no','Hebraisk'),(1274,'he','pa','Hebrew'),(1275,'he','pl','Hebrajski'),(1276,'he','pt-pt','Hebraico'),(1277,'he','pt-br','Hebraico'),(1278,'he','qu','Hebrew'),(1279,'he','ro','Ebraică'),(1280,'he','ru','Иврит'),(1281,'he','sl','Hebrejščina'),(1282,'he','so','Hebrew'),(1283,'he','sq','Hebrew'),(1284,'he','sr','Хебрејски'),(1285,'he','sv','Hebreiska'),(1286,'he','ta','Hebrew'),(1287,'he','th','ฮิบรู'),(1288,'he','tr','İbranice'),(1289,'he','uk','Hebrew'),(1290,'he','ur','Hebrew'),(1291,'he','uz','Hebrew'),(1292,'he','vi','Hebrew'),(1293,'he','yi','Hebrew'),(1294,'he','zh-hans','希伯来语'),(1295,'he','zu','Hebrew'),(1296,'he','zh-hant','希伯來語'),(1297,'he','ms','Hebrew'),(1298,'he','gl','Hebrew'),(1299,'he','bn','Hebrew'),(1300,'he','az','Hebrew'),(1301,'hi','en','Hindi'),(1302,'hi','es','Hindi'),(1303,'hi','de','Hindi'),(1304,'hi','fr','Hindi'),(1305,'hi','ar','الهندية'),(1306,'hi','bs','Hindi'),(1307,'hi','bg','Хинди'),(1308,'hi','ca','Hindi'),(1309,'hi','cs','Hindština'),(1310,'hi','sk','Hindčina'),(1311,'hi','cy','Hindi'),(1312,'hi','da','Hindi'),(1313,'hi','el','Ινδικά'),(1314,'hi','eo','Hindi'),(1315,'hi','et','Hindi'),(1316,'hi','eu','Hindi'),(1317,'hi','fa','Hindi'),(1318,'hi','fi','Hindi'),(1319,'hi','ga','Hindi'),(1320,'hi','he','הודית'),(1321,'hi','hi','हिन्दी'),(1322,'hi','hr','Hindski'),(1323,'hi','hu','Hindi'),(1324,'hi','hy','Hindi'),(1325,'hi','id','Hindi'),(1326,'hi','is','Hindi'),(1327,'hi','it','Hindi'),(1328,'hi','ja','ヒンディー語'),(1329,'hi','ko','힌두어'),(1330,'hi','ku','Hindi'),(1331,'hi','lv','Hindi'),(1332,'hi','lt','Hindi'),(1333,'hi','mk','Hindi'),(1334,'hi','mt','Hindi'),(1335,'hi','mn','Hindi'),(1336,'hi','ne','Hindi'),(1337,'hi','nl','Hindi'),(1338,'hi','no','Hindi'),(1339,'hi','pa','Hindi'),(1340,'hi','pl','Hindi'),(1341,'hi','pt-pt','Hindi'),(1342,'hi','pt-br','Hindi'),(1343,'hi','qu','Hindi'),(1344,'hi','ro','Hindi'),(1345,'hi','ru','Хинди'),(1346,'hi','sl','Hindi'),(1347,'hi','so','Hindi'),(1348,'hi','sq','Hindi'),(1349,'hi','sr','хинди'),(1350,'hi','sv','Hindi'),(1351,'hi','ta','Hindi'),(1352,'hi','th','ฮินดิ'),(1353,'hi','tr','Hintçe'),(1354,'hi','uk','Hindi'),(1355,'hi','ur','Hindi'),(1356,'hi','uz','Hindi'),(1357,'hi','vi','Hindi'),(1358,'hi','yi','Hindi'),(1359,'hi','zh-hans','印地语'),(1360,'hi','zu','Hindi'),(1361,'hi','zh-hant','印地語'),(1362,'hi','ms','Hindi'),(1363,'hi','gl','Hindi'),(1364,'hi','bn','Hindi'),(1365,'hi','az','Hindi'),(1366,'hr','en','Croatian'),(1367,'hr','es','Croata'),(1368,'hr','de','Kroatisch'),(1369,'hr','fr','Croate'),(1370,'hr','ar','الكرواتية'),(1371,'hr','bs','Croatian'),(1372,'hr','bg','Хърватски'),(1373,'hr','ca','Croatian'),(1374,'hr','cs','Chorvatský'),(1375,'hr','sk','Chorvátština'),(1376,'hr','cy','Croatian'),(1377,'hr','da','Croatian'),(1378,'hr','el','Κροατικά'),(1379,'hr','eo','Croatian'),(1380,'hr','et','Croatian'),(1381,'hr','eu','Croatian'),(1382,'hr','fa','Croatian'),(1383,'hr','fi','Kroatia'),(1384,'hr','ga','Croatian'),(1385,'hr','he','קרוטאית'),(1386,'hr','hi','Croatian'),(1387,'hr','hr','Hrvatski'),(1388,'hr','hu','Horvát'),(1389,'hr','hy','Croatian'),(1390,'hr','id','Croatian'),(1391,'hr','is','Croatian'),(1392,'hr','it','Croato'),(1393,'hr','ja','クロアチア語'),(1394,'hr','ko','크로아시아어'),(1395,'hr','ku','Croatian'),(1396,'hr','lv','Croatian'),(1397,'hr','lt','Croatian'),(1398,'hr','mk','Croatian'),(1399,'hr','mt','Croatian'),(1400,'hr','mn','Croatian'),(1401,'hr','ne','Croatian'),(1402,'hr','nl','Kroatisch'),(1403,'hr','no','Kroatisk'),(1404,'hr','pa','Croatian'),(1405,'hr','pl','Chorwacki'),(1406,'hr','pt-pt','Croata'),(1407,'hr','pt-br','Croata'),(1408,'hr','qu','Croatian'),(1409,'hr','ro','Croată'),(1410,'hr','ru','Хорватский'),(1411,'hr','sl','Hrvaški'),(1412,'hr','so','Croatian'),(1413,'hr','sq','Croatian'),(1414,'hr','sr','хрватски'),(1415,'hr','sv','Kroatiska'),(1416,'hr','ta','Croatian'),(1417,'hr','th','โครเอเชีย'),(1418,'hr','tr','Hırvatça'),(1419,'hr','uk','Croatian'),(1420,'hr','ur','Croatian'),(1421,'hr','uz','Croatian'),(1422,'hr','vi','Croatian'),(1423,'hr','yi','Croatian'),(1424,'hr','zh-hans','克罗地亚语'),(1425,'hr','zu','Croatian'),(1426,'hr','zh-hant','克羅地亞語'),(1427,'hr','ms','Croatian'),(1428,'hr','gl','Croatian'),(1429,'hr','bn','Croatian'),(1430,'hr','az','Croatian'),(1431,'hu','en','Hungarian'),(1432,'hu','es','Húngaro'),(1433,'hu','de','Ungarisch'),(1434,'hu','fr','Hongrois'),(1435,'hu','ar','الهنغارية'),(1436,'hu','bs','Hungarian'),(1437,'hu','bg','Унгарски'),(1438,'hu','ca','Hungarian'),(1439,'hu','cs','Maďarština'),(1440,'hu','sk','Maďarčina'),(1441,'hu','cy','Hungarian'),(1442,'hu','da','Hungarian'),(1443,'hu','el','Ουγγρικά'),(1444,'hu','eo','Hungarian'),(1445,'hu','et','Hungarian'),(1446,'hu','eu','Hungarian'),(1447,'hu','fa','Hungarian'),(1448,'hu','fi','Unkari'),(1449,'hu','ga','Hungarian'),(1450,'hu','he','הונגרית'),(1451,'hu','hi','Hungarian'),(1452,'hu','hr','Mađarski'),(1453,'hu','hu','Magyar'),(1454,'hu','hy','Hungarian'),(1455,'hu','id','Hungarian'),(1456,'hu','is','Hungarian'),(1457,'hu','it','Ungherese'),(1458,'hu','ja','ハンガリー語'),(1459,'hu','ko','헝가리어'),(1460,'hu','ku','Hungarian'),(1461,'hu','lv','Hungarian'),(1462,'hu','lt','Hungarian'),(1463,'hu','mk','Hungarian'),(1464,'hu','mt','Hungarian'),(1465,'hu','mn','Hungarian'),(1466,'hu','ne','Hungarian'),(1467,'hu','nl','Hongaars'),(1468,'hu','no','Ungarsk'),(1469,'hu','pa','Hungarian'),(1470,'hu','pl','Węgierski'),(1471,'hu','pt-pt','Húngaro'),(1472,'hu','pt-br','Húngaro'),(1473,'hu','qu','Hungarian'),(1474,'hu','ro','Ungară'),(1475,'hu','ru','Венгерский'),(1476,'hu','sl','Madžarski'),(1477,'hu','so','Hungarian'),(1478,'hu','sq','Hungarian'),(1479,'hu','sr','мађарски'),(1480,'hu','sv','Ungerska'),(1481,'hu','ta','Hungarian'),(1482,'hu','th','ฮังการี'),(1483,'hu','tr','Macarca'),(1484,'hu','uk','Hungarian'),(1485,'hu','ur','Hungarian'),(1486,'hu','uz','Hungarian'),(1487,'hu','vi','Hungarian'),(1488,'hu','yi','Hungarian'),(1489,'hu','zh-hans','匈牙利语'),(1490,'hu','zu','Hungarian'),(1491,'hu','zh-hant','匈牙利語'),(1492,'hu','ms','Hungarian'),(1493,'hu','gl','Hungarian'),(1494,'hu','bn','Hungarian'),(1495,'hu','az','Hungarian'),(1496,'hy','en','Armenian'),(1497,'hy','es','Armenio'),(1498,'hy','de','Armenisch'),(1499,'hy','fr','Arménien'),(1500,'hy','ar','الأرمينية'),(1501,'hy','bs','Armenian'),(1502,'hy','bg','Арменски'),(1503,'hy','ca','Armenian'),(1504,'hy','cs','Arménský'),(1505,'hy','sk','Arménčina'),(1506,'hy','cy','Armenian'),(1507,'hy','da','Armenian'),(1508,'hy','el','Αρμένικα'),(1509,'hy','eo','Armenian'),(1510,'hy','et','Armenian'),(1511,'hy','eu','Armenian'),(1512,'hy','fa','Armenian'),(1513,'hy','fi','Armenia'),(1514,'hy','ga','Armenian'),(1515,'hy','he','ארמנית'),(1516,'hy','hi','Armenian'),(1517,'hy','hr','Armenski'),(1518,'hy','hu','örmény'),(1519,'hy','hy','Հայերեն'),(1520,'hy','id','Armenian'),(1521,'hy','is','Armenian'),(1522,'hy','it','Armeno'),(1523,'hy','ja','アルメニア語'),(1524,'hy','ko','아르메니아어'),(1525,'hy','ku','Armenian'),(1526,'hy','lv','Armenian'),(1527,'hy','lt','Armenian'),(1528,'hy','mk','Armenian'),(1529,'hy','mt','Armenian'),(1530,'hy','mn','Armenian'),(1531,'hy','ne','Armenian'),(1532,'hy','nl','Armeens'),(1533,'hy','no','Armensk'),(1534,'hy','pa','Armenian'),(1535,'hy','pl','Ormiański'),(1536,'hy','pt-pt','Arménio'),(1537,'hy','pt-br','Arménio'),(1538,'hy','qu','Armenian'),(1539,'hy','ro','Armeană'),(1540,'hy','ru','Армянский'),(1541,'hy','sl','Armenski'),(1542,'hy','so','Armenian'),(1543,'hy','sq','Armenian'),(1544,'hy','sr','јерменски'),(1545,'hy','sv','Armeniska'),(1546,'hy','ta','Armenian'),(1547,'hy','th','อาร์เมเนีย'),(1548,'hy','tr','Ermenice'),(1549,'hy','uk','Armenian'),(1550,'hy','ur','Armenian'),(1551,'hy','uz','Armenian'),(1552,'hy','vi','Armenian'),(1553,'hy','yi','Armenian'),(1554,'hy','zh-hans','亚美尼亚语'),(1555,'hy','zu','Armenian'),(1556,'hy','zh-hant','亞美尼亞語'),(1557,'hy','ms','Armenian'),(1558,'hy','gl','Armenian'),(1559,'hy','bn','Armenian'),(1560,'hy','az','Armenian'),(1561,'id','en','Indonesian'),(1562,'id','es','Indonesio'),(1563,'id','de','Indonesisch'),(1564,'id','fr','Indonésien'),(1565,'id','ar','الأندونيسية'),(1566,'id','bs','Indonesian'),(1567,'id','bg','Индонезийски'),(1568,'id','ca','Indonesian'),(1569,'id','cs','Indonéský'),(1570,'id','sk','Indonézčina'),(1571,'id','cy','Indonesian'),(1572,'id','da','Indonesian'),(1573,'id','el','Ινδονησιακά'),(1574,'id','eo','Indonesian'),(1575,'id','et','Indonesian'),(1576,'id','eu','Indonesian'),(1577,'id','fa','Indonesian'),(1578,'id','fi','Indonesia'),(1579,'id','ga','Indonesian'),(1580,'id','he','אינדונזית'),(1581,'id','hi','Indonesian'),(1582,'id','hr','Indonezijski'),(1583,'id','hu','Indonéz'),(1584,'id','hy','Indonesian'),(1585,'id','id','Indonesia'),(1586,'id','is','Indonesian'),(1587,'id','it','Indonesiano'),(1588,'id','ja','インドネシア語'),(1589,'id','ko','인도네시아어'),(1590,'id','ku','Indonesian'),(1591,'id','lv','Indonesian'),(1592,'id','lt','Indonesian'),(1593,'id','mk','Indonesian'),(1594,'id','mt','Indonesian'),(1595,'id','mn','Indonesian'),(1596,'id','ne','Indonesian'),(1597,'id','nl','Indonesisch'),(1598,'id','no','Indonesian'),(1599,'id','pa','Indonesian'),(1600,'id','pl','Indonezyjski'),(1601,'id','pt-pt','Indonésio'),(1602,'id','pt-br','Indonésio'),(1603,'id','qu','Indonesian'),(1604,'id','ro','Indoneziană'),(1605,'id','ru','Индонезийский'),(1606,'id','sl','Indonezijski'),(1607,'id','so','Indonesian'),(1608,'id','sq','Indonesian'),(1609,'id','sr','индонезијски'),(1610,'id','sv','Indonesiska'),(1611,'id','ta','Indonesian'),(1612,'id','th','อินโดนีเซีย'),(1613,'id','tr','Endonezya dili'),(1614,'id','uk','Indonesian'),(1615,'id','ur','Indonesian'),(1616,'id','uz','Indonesian'),(1617,'id','vi','Indonesian'),(1618,'id','yi','Indonesian'),(1619,'id','zh-hans','印度尼西亚语'),(1620,'id','zu','Indonesian'),(1621,'id','zh-hant','印尼語'),(1622,'id','ms','Indonesian'),(1623,'id','gl','Indonesian'),(1624,'id','bn','Indonesian'),(1625,'id','az','Indonesian'),(1626,'is','en','Icelandic'),(1627,'is','es','Islandés'),(1628,'is','de','Isländisch'),(1629,'is','fr','Islandais'),(1630,'is','ar','الأيسلاندية'),(1631,'is','bs','Icelandic'),(1632,'is','bg','Исландски'),(1633,'is','ca','Icelandic'),(1634,'is','cs','Islandský'),(1635,'is','sk','Islančina'),(1636,'is','cy','Icelandic'),(1637,'is','da','Icelandic'),(1638,'is','el','Ισλανδικά'),(1639,'is','eo','Icelandic'),(1640,'is','et','Icelandic'),(1641,'is','eu','Icelandic'),(1642,'is','fa','Icelandic'),(1643,'is','fi','Islanti'),(1644,'is','ga','Icelandic'),(1645,'is','he','איסלנדית'),(1646,'is','hi','Icelandic'),(1647,'is','hr','Islandski'),(1648,'is','hu','Izlandi'),(1649,'is','hy','Icelandic'),(1650,'is','id','Icelandic'),(1651,'is','is','Íslenska'),(1652,'is','it','Islandese'),(1653,'is','ja','アイスランド語'),(1654,'is','ko','아이슬랜드어'),(1655,'is','ku','Icelandic'),(1656,'is','lv','Icelandic'),(1657,'is','lt','Icelandic'),(1658,'is','mk','Icelandic'),(1659,'is','mt','Icelandic'),(1660,'is','mn','Icelandic'),(1661,'is','ne','Icelandic'),(1662,'is','nl','Ijslands'),(1663,'is','no','Islandsk'),(1664,'is','pa','Icelandic'),(1665,'is','pl','Islandzki'),(1666,'is','pt-pt','Islandês'),(1667,'is','pt-br','Islandês'),(1668,'is','qu','Icelandic'),(1669,'is','ro','Islandeză'),(1670,'is','ru','Исландский'),(1671,'is','sl','Islandski'),(1672,'is','so','Icelandic'),(1673,'is','sq','Icelandic'),(1674,'is','sr','исландски'),(1675,'is','sv','Isländska'),(1676,'is','ta','Icelandic'),(1677,'is','th','ไอซ์แลนด์'),(1678,'is','tr','İzlandaca'),(1679,'is','uk','Icelandic'),(1680,'is','ur','Icelandic'),(1681,'is','uz','Icelandic'),(1682,'is','vi','Icelandic'),(1683,'is','yi','Icelandic'),(1684,'is','zh-hans','冰岛语'),(1685,'is','zu','Icelandic'),(1686,'is','zh-hant','冰島語'),(1687,'is','ms','Icelandic'),(1688,'is','gl','Icelandic'),(1689,'is','bn','Icelandic'),(1690,'is','az','Icelandic'),(1691,'it','en','Italian'),(1692,'it','es','Italiano'),(1693,'it','de','Italienisch'),(1694,'it','fr','Italien'),(1695,'it','ar','الإيطالية'),(1696,'it','bs','Italian'),(1697,'it','bg','Италиански'),(1698,'it','ca','Italian'),(1699,'it','cs','Ital'),(1700,'it','sk','Taliančina'),(1701,'it','cy','Italian'),(1702,'it','da','Italian'),(1703,'it','el','Ιταλικά'),(1704,'it','eo','Italian'),(1705,'it','et','Italian'),(1706,'it','eu','Italian'),(1707,'it','fa','Italian'),(1708,'it','fi','Italia'),(1709,'it','ga','Italian'),(1710,'it','he','איטלקית'),(1711,'it','hi','Italian'),(1712,'it','hr','Talijanski'),(1713,'it','hu','Olasz'),(1714,'it','hy','Italian'),(1715,'it','id','Italian'),(1716,'it','is','Italian'),(1717,'it','it','Italiano'),(1718,'it','ja','イタリア語'),(1719,'it','ko','이태리어'),(1720,'it','ku','Italian'),(1721,'it','lv','Italian'),(1722,'it','lt','Italian'),(1723,'it','mk','Italian'),(1724,'it','mt','Italian'),(1725,'it','mn','Italian'),(1726,'it','ne','Italian'),(1727,'it','nl','Italiaans'),(1728,'it','no','Italiensk'),(1729,'it','pa','Italian'),(1730,'it','pl','Włoski'),(1731,'it','pt-pt','Italiano'),(1732,'it','pt-br','Italiano'),(1733,'it','qu','Italian'),(1734,'it','ro','Italiană'),(1735,'it','ru','Итальянский'),(1736,'it','sl','Italijanski'),(1737,'it','so','Italian'),(1738,'it','sq','Italian'),(1739,'it','sr','италијански'),(1740,'it','sv','Italienska'),(1741,'it','ta','Italian'),(1742,'it','th','อิตาลี'),(1743,'it','tr','İtalyanca'),(1744,'it','uk','Italian'),(1745,'it','ur','Italian'),(1746,'it','uz','Italian'),(1747,'it','vi','Italian'),(1748,'it','yi','Italian'),(1749,'it','zh-hans','意大利语'),(1750,'it','zu','Italian'),(1751,'it','zh-hant','義大利語'),(1752,'it','ms','Italian'),(1753,'it','gl','Italian'),(1754,'it','bn','Italian'),(1755,'it','az','Italian'),(1756,'ja','en','Japanese'),(1757,'ja','es','Japonés'),(1758,'ja','de','Japanisch'),(1759,'ja','fr','Japonais'),(1760,'ja','ar','اليابانية'),(1761,'ja','bs','Japanese'),(1762,'ja','bg','Японски'),(1763,'ja','ca','Japanese'),(1764,'ja','cs','Japonský'),(1765,'ja','sk','Japonština'),(1766,'ja','cy','Japanese'),(1767,'ja','da','Japanese'),(1768,'ja','el','Ιαπωνικά'),(1769,'ja','eo','Japanese'),(1770,'ja','et','Japanese'),(1771,'ja','eu','Japanese'),(1772,'ja','fa','Japanese'),(1773,'ja','fi','Japani'),(1774,'ja','ga','Japanese'),(1775,'ja','he','יפנית'),(1776,'ja','hi','Japanese'),(1777,'ja','hr','Japanski'),(1778,'ja','hu','Japán'),(1779,'ja','hy','Japanese'),(1780,'ja','id','Japanese'),(1781,'ja','is','Japanese'),(1782,'ja','it','Giapponese'),(1783,'ja','ja','日本語'),(1784,'ja','ko','일어'),(1785,'ja','ku','Japanese'),(1786,'ja','lv','Japanese'),(1787,'ja','lt','Japanese'),(1788,'ja','mk','Japanese'),(1789,'ja','mt','Japanese'),(1790,'ja','mn','Japanese'),(1791,'ja','ne','Japanese'),(1792,'ja','nl','Japans'),(1793,'ja','no','Japansk'),(1794,'ja','pa','Japanese'),(1795,'ja','pl','Japoński'),(1796,'ja','pt-pt','Japonês'),(1797,'ja','pt-br','Japonês'),(1798,'ja','qu','Japanese'),(1799,'ja','ro','Japoneză'),(1800,'ja','ru','Японский'),(1801,'ja','sl','Japonski'),(1802,'ja','so','Japanese'),(1803,'ja','sq','Japanese'),(1804,'ja','sr','јапански'),(1805,'ja','sv','Japanska'),(1806,'ja','ta','Japanese'),(1807,'ja','th','ญี่ปุ่น'),(1808,'ja','tr','Japonca'),(1809,'ja','uk','Japanese'),(1810,'ja','ur','Japanese'),(1811,'ja','uz','Japanese'),(1812,'ja','vi','Japanese'),(1813,'ja','yi','Japanese'),(1814,'ja','zh-hans','日语'),(1815,'ja','zu','Japanese'),(1816,'ja','zh-hant','日語'),(1817,'ja','ms','Japanese'),(1818,'ja','gl','Japanese'),(1819,'ja','bn','Japanese'),(1820,'ja','az','Japanese'),(1821,'ko','en','Korean'),(1822,'ko','es','Coreano'),(1823,'ko','de','Koreanisch'),(1824,'ko','fr','Coréen'),(1825,'ko','ar','الكورية'),(1826,'ko','bs','Korean'),(1827,'ko','bg','Корейски'),(1828,'ko','ca','Korean'),(1829,'ko','cs','Korejský'),(1830,'ko','sk','Kórejčina'),(1831,'ko','cy','Korean'),(1832,'ko','da','Korean'),(1833,'ko','el','Κορεάτικα'),(1834,'ko','eo','Korean'),(1835,'ko','et','Korean'),(1836,'ko','eu','Korean'),(1837,'ko','fa','Korean'),(1838,'ko','fi','Korea'),(1839,'ko','ga','Korean'),(1840,'ko','he','קוראנית'),(1841,'ko','hi','Korean'),(1842,'ko','hr','Korejski'),(1843,'ko','hu','Koreai'),(1844,'ko','hy','Korean'),(1845,'ko','id','Korean'),(1846,'ko','is','Korean'),(1847,'ko','it','Coreano'),(1848,'ko','ja','韓国語'),(1849,'ko','ko','한국어'),(1850,'ko','ku','Korean'),(1851,'ko','lv','Korean'),(1852,'ko','lt','Korean'),(1853,'ko','mk','Korean'),(1854,'ko','mt','Korean'),(1855,'ko','mn','Korean'),(1856,'ko','ne','Korean'),(1857,'ko','nl','Koreaans'),(1858,'ko','no','Koreanske'),(1859,'ko','pa','Korean'),(1860,'ko','pl','Koreański'),(1861,'ko','pt-pt','Coreano'),(1862,'ko','pt-br','Coreano'),(1863,'ko','qu','Korean'),(1864,'ko','ro','Coreană'),(1865,'ko','ru','Корейский'),(1866,'ko','sl','Korejski'),(1867,'ko','so','Korean'),(1868,'ko','sq','Korean'),(1869,'ko','sr','корејски'),(1870,'ko','sv','Koreanska'),(1871,'ko','ta','Korean'),(1872,'ko','th','เกาหลี'),(1873,'ko','tr','Kore dili'),(1874,'ko','uk','Korean'),(1875,'ko','ur','Korean'),(1876,'ko','uz','Korean'),(1877,'ko','vi','Korean'),(1878,'ko','yi','Korean'),(1879,'ko','zh-hans','韩语'),(1880,'ko','zu','Korean'),(1881,'ko','zh-hant','韓語'),(1882,'ko','ms','Korean'),(1883,'ko','gl','Korean'),(1884,'ko','bn','Korean'),(1885,'ko','az','Korean'),(1886,'ku','en','Kurdish'),(1887,'ku','es','Kurdo'),(1888,'ku','de','Kurdisch'),(1889,'ku','fr','Kurde'),(1890,'ku','ar','الكردية'),(1891,'ku','bs','Kurdish'),(1892,'ku','bg','Кюрдски'),(1893,'ku','ca','Kurdish'),(1894,'ku','cs','Kurdský'),(1895,'ku','sk','Kurdština'),(1896,'ku','cy','Kurdish'),(1897,'ku','da','Kurdish'),(1898,'ku','el','Κουρδικά'),(1899,'ku','eo','Kurdish'),(1900,'ku','et','Kurdish'),(1901,'ku','eu','Kurdish'),(1902,'ku','fa','Kurdish'),(1903,'ku','fi','Kurdi'),(1904,'ku','ga','Kurdish'),(1905,'ku','he','כורדית'),(1906,'ku','hi','Kurdish'),(1907,'ku','hr','Kurdski'),(1908,'ku','hu','Kurd'),(1909,'ku','hy','Kurdish'),(1910,'ku','id','Kurdish'),(1911,'ku','is','Kurdish'),(1912,'ku','it','Curdo'),(1913,'ku','ja','クルド語'),(1914,'ku','ko','쿠르드어'),(1915,'ku','ku','Kurdish'),(1916,'ku','lv','Kurdish'),(1917,'ku','lt','Kurdish'),(1918,'ku','mk','Kurdish'),(1919,'ku','mt','Kurdish'),(1920,'ku','mn','Kurdish'),(1921,'ku','ne','Kurdish'),(1922,'ku','nl','Koerdish'),(1923,'ku','no','Kurdisk'),(1924,'ku','pa','Kurdish'),(1925,'ku','pl','Kurdyjski'),(1926,'ku','pt-pt','Curdo'),(1927,'ku','pt-br','Curdo'),(1928,'ku','qu','Kurdish'),(1929,'ku','ro','Kurdă'),(1930,'ku','ru','Курдский'),(1931,'ku','sl','Kurdščina'),(1932,'ku','so','Kurdish'),(1933,'ku','sq','Kurdish'),(1934,'ku','sr','курдски'),(1935,'ku','sv','Kurdiska'),(1936,'ku','ta','Kurdish'),(1937,'ku','th','เคอร์ดิช'),(1938,'ku','tr','Kürtçe'),(1939,'ku','uk','Kurdish'),(1940,'ku','ur','Kurdish'),(1941,'ku','uz','Kurdish'),(1942,'ku','vi','Kurdish'),(1943,'ku','yi','Kurdish'),(1944,'ku','zh-hans','库尔德语'),(1945,'ku','zu','Kurdish'),(1946,'ku','zh-hant','庫爾德語'),(1947,'ku','ms','Kurdish'),(1948,'ku','gl','Kurdish'),(1949,'ku','bn','Kurdish'),(1950,'ku','az','Kurdish'),(1951,'lv','en','Latvian'),(1952,'lv','es','Letón'),(1953,'lv','de','Lettisch'),(1954,'lv','fr','Letton'),(1955,'lv','ar','اللاتفية'),(1956,'lv','bs','Latvian'),(1957,'lv','bg','Латвийски'),(1958,'lv','ca','Latvian'),(1959,'lv','cs','Lotyština'),(1960,'lv','sk','Lotyština'),(1961,'lv','cy','Latvian'),(1962,'lv','da','Latvian'),(1963,'lv','el','Λετονικά'),(1964,'lv','eo','Latvian'),(1965,'lv','et','Latvian'),(1966,'lv','eu','Latvian'),(1967,'lv','fa','Latvian'),(1968,'lv','fi','Latvia'),(1969,'lv','ga','Latvian'),(1970,'lv','he','לטבית'),(1971,'lv','hi','Latvian'),(1972,'lv','hr','Latvijski'),(1973,'lv','hu','Lett'),(1974,'lv','hy','Latvian'),(1975,'lv','id','Latvian'),(1976,'lv','is','Latvian'),(1977,'lv','it','Lettone'),(1978,'lv','ja','ラトビア語'),(1979,'lv','ko','라트비아어'),(1980,'lv','ku','Latvian'),(1981,'lv','lv','Latviešu'),(1982,'lv','lt','Latvian'),(1983,'lv','mk','Latvian'),(1984,'lv','mt','Latvian'),(1985,'lv','mn','Latvian'),(1986,'lv','ne','Latvian'),(1987,'lv','nl','Lets'),(1988,'lv','no','Latvisk'),(1989,'lv','pa','Latvian'),(1990,'lv','pl','łotewski'),(1991,'lv','pt-pt','Letão'),(1992,'lv','pt-br','Letão'),(1993,'lv','qu','Latvian'),(1994,'lv','ro','Letoniană'),(1995,'lv','ru','латышский'),(1996,'lv','sl','Latvijščina'),(1997,'lv','so','Latvian'),(1998,'lv','sq','Latvian'),(1999,'lv','sr','летонски'),(2000,'lv','sv','Lettiska'),(2001,'lv','ta','Latvian'),(2002,'lv','th','ลัตเวีย'),(2003,'lv','tr','Letonca'),(2004,'lv','uk','Latvian'),(2005,'lv','ur','Latvian'),(2006,'lv','uz','Latvian'),(2007,'lv','vi','Latvian'),(2008,'lv','yi','Latvian'),(2009,'lv','zh-hans','拉脱维亚语'),(2010,'lv','zu','Latvian'),(2011,'lv','zh-hant','拉脫維亞語'),(2012,'lv','ms','Latvian'),(2013,'lv','gl','Latvian'),(2014,'lv','bn','Latvian'),(2015,'lv','az','Latvian'),(2016,'lt','en','Lithuanian'),(2017,'lt','es','Lituano'),(2018,'lt','de','Litauisch'),(2019,'lt','fr','Lituanien'),(2020,'lt','ar','اللتوانية'),(2021,'lt','bs','Lithuanian'),(2022,'lt','bg','Литовски'),(2023,'lt','ca','Lithuanian'),(2024,'lt','cs','Litevský'),(2025,'lt','sk','Litovčina'),(2026,'lt','cy','Lithuanian'),(2027,'lt','da','Lithuanian'),(2028,'lt','el','Λιθουανικά'),(2029,'lt','eo','Lithuanian'),(2030,'lt','et','Lithuanian'),(2031,'lt','eu','Lithuanian'),(2032,'lt','fa','Lithuanian'),(2033,'lt','fi','Liettua'),(2034,'lt','ga','Lithuanian'),(2035,'lt','he','ליטאית'),(2036,'lt','hi','Lithuanian'),(2037,'lt','hr','Litavski'),(2038,'lt','hu','Litván'),(2039,'lt','hy','Lithuanian'),(2040,'lt','id','Lithuanian'),(2041,'lt','is','Lithuanian'),(2042,'lt','it','Lituano'),(2043,'lt','ja','リトアニア語'),(2044,'lt','ko','리투아니아어'),(2045,'lt','ku','Lithuanian'),(2046,'lt','lv','Lithuanian'),(2047,'lt','lt','Lietuvių'),(2048,'lt','mk','Lithuanian'),(2049,'lt','mt','Lithuanian'),(2050,'lt','mn','Lithuanian'),(2051,'lt','ne','Lithuanian'),(2052,'lt','nl','Litouws'),(2053,'lt','no','Litauisk'),(2054,'lt','pa','Lithuanian'),(2055,'lt','pl','Litewski'),(2056,'lt','pt-pt','Lituano'),(2057,'lt','pt-br','Lituano'),(2058,'lt','qu','Lithuanian'),(2059,'lt','ro','Lituaniană'),(2060,'lt','ru','Литовский'),(2061,'lt','sl','Litovščina'),(2062,'lt','so','Lithuanian'),(2063,'lt','sq','Lithuanian'),(2064,'lt','sr','литвански'),(2065,'lt','sv','Litauiska'),(2066,'lt','ta','Lithuanian'),(2067,'lt','th','ลิธัวเนีย'),(2068,'lt','tr','Litvanyaca'),(2069,'lt','uk','Lithuanian'),(2070,'lt','ur','Lithuanian'),(2071,'lt','uz','Lithuanian'),(2072,'lt','vi','Lithuanian'),(2073,'lt','yi','Lithuanian'),(2074,'lt','zh-hans','立陶宛语'),(2075,'lt','zu','Lithuanian'),(2076,'lt','zh-hant','立陶宛語'),(2077,'lt','ms','Lithuanian'),(2078,'lt','gl','Lithuanian'),(2079,'lt','bn','Lithuanian'),(2080,'lt','az','Lithuanian'),(2081,'mk','en','Macedonian'),(2082,'mk','es','Macedonio'),(2083,'mk','de','Mazedonisch'),(2084,'mk','fr','Macédonien'),(2085,'mk','ar','المقدونية'),(2086,'mk','bs','Macedonian'),(2087,'mk','bg','Македонски'),(2088,'mk','ca','Macedonian'),(2089,'mk','cs','Makedonský'),(2090,'mk','sk','Macedónština'),(2091,'mk','cy','Macedonian'),(2092,'mk','da','Macedonian'),(2093,'mk','el','Μακεδονικά'),(2094,'mk','eo','Macedonian'),(2095,'mk','et','Macedonian'),(2096,'mk','eu','Macedonian'),(2097,'mk','fa','Macedonian'),(2098,'mk','fi','Makedonia'),(2099,'mk','ga','Macedonian'),(2100,'mk','he','מקדונית'),(2101,'mk','hi','Macedonian'),(2102,'mk','hr','Makedonski'),(2103,'mk','hu','Macedón'),(2104,'mk','hy','Macedonian'),(2105,'mk','id','Macedonian'),(2106,'mk','is','Macedonian'),(2107,'mk','it','Macedone'),(2108,'mk','ja','マケドニア語'),(2109,'mk','ko','마케도니아어'),(2110,'mk','ku','Macedonian'),(2111,'mk','lv','Macedonian'),(2112,'mk','lt','Macedonian'),(2113,'mk','mk','македонски'),(2114,'mk','mt','Macedonian'),(2115,'mk','mn','Macedonian'),(2116,'mk','ne','Macedonian'),(2117,'mk','nl','Macedonisch'),(2118,'mk','no','Makedonsk'),(2119,'mk','pa','Macedonian'),(2120,'mk','pl','Macedoński'),(2121,'mk','pt-pt','Macedônio'),(2122,'mk','pt-br','Macedônio'),(2123,'mk','qu','Macedonian'),(2124,'mk','ro','Macedoniană'),(2125,'mk','ru','Македонский'),(2126,'mk','sl','Makedonski'),(2127,'mk','so','Macedonian'),(2128,'mk','sq','Macedonian'),(2129,'mk','sr','македонски'),(2130,'mk','sv','Makedonska'),(2131,'mk','ta','Macedonian'),(2132,'mk','th','มาซิโดเนีย'),(2133,'mk','tr','Makedonyaca'),(2134,'mk','uk','Macedonian'),(2135,'mk','ur','Macedonian'),(2136,'mk','uz','Macedonian'),(2137,'mk','vi','Macedonian'),(2138,'mk','yi','Macedonian'),(2139,'mk','zh-hans','马其顿语'),(2140,'mk','zu','Macedonian'),(2141,'mk','zh-hant','馬其頓語'),(2142,'mk','ms','Macedonian'),(2143,'mk','gl','Macedonian'),(2144,'mk','bn','Macedonian'),(2145,'mk','az','Macedonian'),(2146,'mt','en','Maltese'),(2147,'mt','es','Maltés'),(2148,'mt','de','Maltesisch'),(2149,'mt','fr','Maltais'),(2150,'mt','ar','المالطية'),(2151,'mt','bs','Maltese'),(2152,'mt','bg','Малтийски'),(2153,'mt','ca','Maltese'),(2154,'mt','cs','Maltština'),(2155,'mt','sk','Maltézština'),(2156,'mt','cy','Maltese'),(2157,'mt','da','Maltese'),(2158,'mt','el','Μαλτέζικα'),(2159,'mt','eo','Maltese'),(2160,'mt','et','Maltese'),(2161,'mt','eu','Maltese'),(2162,'mt','fa','Maltese'),(2163,'mt','fi','Malta'),(2164,'mt','ga','Maltese'),(2165,'mt','he','מלטזית'),(2166,'mt','hi','Maltese'),(2167,'mt','hr','Malteški'),(2168,'mt','hu','Máltai'),(2169,'mt','hy','Maltese'),(2170,'mt','id','Maltese'),(2171,'mt','is','Maltese'),(2172,'mt','it','Maltese'),(2173,'mt','ja','マルタ語'),(2174,'mt','ko','몰타어'),(2175,'mt','ku','Maltese'),(2176,'mt','lv','Maltese'),(2177,'mt','lt','Maltese'),(2178,'mt','mk','Maltese'),(2179,'mt','mt','Malti'),(2180,'mt','mn','Maltese'),(2181,'mt','ne','Maltese'),(2182,'mt','nl','Maltees'),(2183,'mt','no','Maltese'),(2184,'mt','pa','Maltese'),(2185,'mt','pl','Maltański'),(2186,'mt','pt-pt','Maltês'),(2187,'mt','pt-br','Maltês'),(2188,'mt','qu','Maltese'),(2189,'mt','ro','Malteză'),(2190,'mt','ru','Мальтийский'),(2191,'mt','sl','Malteški'),(2192,'mt','so','Maltese'),(2193,'mt','sq','Maltese'),(2194,'mt','sr','малтешки'),(2195,'mt','sv','Maltesiska'),(2196,'mt','ta','Maltese'),(2197,'mt','th','มอลทีส'),(2198,'mt','tr','Malta dili'),(2199,'mt','uk','Maltese'),(2200,'mt','ur','Maltese'),(2201,'mt','uz','Maltese'),(2202,'mt','vi','Maltese'),(2203,'mt','yi','Maltese'),(2204,'mt','zh-hans','马耳他语'),(2205,'mt','zu','Maltese'),(2206,'mt','zh-hant','馬爾他語'),(2207,'mt','ms','Maltese'),(2208,'mt','gl','Maltese'),(2209,'mt','bn','Maltese'),(2210,'mt','az','Maltese'),(2211,'mn','en','Mongolian'),(2212,'mn','es','Mongol'),(2213,'mn','de','Mongolisch'),(2214,'mn','fr','Mongol'),(2215,'mn','ar','المنغولية'),(2216,'mn','bs','Mongolian'),(2217,'mn','bg','Монголски'),(2218,'mn','ca','Mongolian'),(2219,'mn','cs','Mongolský'),(2220,'mn','sk','Mongolština'),(2221,'mn','cy','Mongolian'),(2222,'mn','da','Mongolian'),(2223,'mn','el','Μογγολικά'),(2224,'mn','eo','Mongolian'),(2225,'mn','et','Mongolian'),(2226,'mn','eu','Mongolian'),(2227,'mn','fa','Mongolian'),(2228,'mn','fi','Mongoli'),(2229,'mn','ga','Mongolian'),(2230,'mn','he','מונגולית'),(2231,'mn','hi','Mongolian'),(2232,'mn','hr','Mongolski'),(2233,'mn','hu','Mongol'),(2234,'mn','hy','Mongolian'),(2235,'mn','id','Mongolian'),(2236,'mn','is','Mongolian'),(2237,'mn','it','Mongolo'),(2238,'mn','ja','モンゴル語'),(2239,'mn','ko','몽골어'),(2240,'mn','ku','Mongolian'),(2241,'mn','lv','Mongolian'),(2242,'mn','lt','Mongolian'),(2243,'mn','mk','Mongolian'),(2244,'mn','mt','Mongolian'),(2245,'mn','mn','Mongolian'),(2246,'mn','ne','Mongolian'),(2247,'mn','nl','Mongools'),(2248,'mn','no','Mongolsk'),(2249,'mn','pa','Mongolian'),(2250,'mn','pl','Mongolski'),(2251,'mn','pt-pt','Mongolian'),(2252,'mn','pt-br','Mongolian'),(2253,'mn','qu','Mongolian'),(2254,'mn','ro','Mongoleză'),(2255,'mn','ru','Монгольский'),(2256,'mn','sl','Mongolski'),(2257,'mn','so','Mongolian'),(2258,'mn','sq','Mongolian'),(2259,'mn','sr','монголски'),(2260,'mn','sv','Mongoliska'),(2261,'mn','ta','Mongolian'),(2262,'mn','th','มองโกเลีย'),(2263,'mn','tr','Mongolca'),(2264,'mn','uk','Mongolian'),(2265,'mn','ur','Mongolian'),(2266,'mn','uz','Mongolian'),(2267,'mn','vi','Mongolian'),(2268,'mn','yi','Mongolian'),(2269,'mn','zh-hans','蒙古语'),(2270,'mn','zu','Mongolian'),(2271,'mn','zh-hant','蒙古語'),(2272,'mn','ms','Mongolian'),(2273,'mn','gl','Mongolian'),(2274,'mn','bn','Mongolian'),(2275,'mn','az','Mongolian'),(2276,'ne','en','Nepali'),(2277,'ne','es','Nepalí'),(2278,'ne','de','Nepali'),(2279,'ne','fr','Népalais'),(2280,'ne','ar','النيبالية'),(2281,'ne','bs','Nepali'),(2282,'ne','bg','Непалски'),(2283,'ne','ca','Nepali'),(2284,'ne','cs','Nepálský'),(2285,'ne','sk','Nepálčina'),(2286,'ne','cy','Nepali'),(2287,'ne','da','Nepali'),(2288,'ne','el','Νεπαλικά'),(2289,'ne','eo','Nepali'),(2290,'ne','et','Nepali'),(2291,'ne','eu','Nepali'),(2292,'ne','fa','Nepali'),(2293,'ne','fi','Nepali'),(2294,'ne','ga','Nepali'),(2295,'ne','he','נפאלית'),(2296,'ne','hi','Nepali'),(2297,'ne','hr','Nepali'),(2298,'ne','hu','Nepáli'),(2299,'ne','hy','Nepali'),(2300,'ne','id','Nepali'),(2301,'ne','is','Nepali'),(2302,'ne','it','Nepalese'),(2303,'ne','ja','ネパール語'),(2304,'ne','ko','네팔어'),(2305,'ne','ku','Nepali'),(2306,'ne','lv','Nepali'),(2307,'ne','lt','Nepali'),(2308,'ne','mk','Nepali'),(2309,'ne','mt','Nepali'),(2310,'ne','mn','Nepali'),(2311,'ne','ne','Nepali'),(2312,'ne','nl','Nepalees'),(2313,'ne','no','Nepali'),(2314,'ne','pa','Nepali'),(2315,'ne','pl','Nepalski'),(2316,'ne','pt-pt','Nepali'),(2317,'ne','pt-br','Nepali'),(2318,'ne','qu','Nepali'),(2319,'ne','ro','Nepaleză'),(2320,'ne','ru','Непальский'),(2321,'ne','sl','Nepalščina'),(2322,'ne','so','Nepali'),(2323,'ne','sq','Nepali'),(2324,'ne','sr','непалски'),(2325,'ne','sv','Nepalesiska'),(2326,'ne','ta','Nepali'),(2327,'ne','th','เนปาล'),(2328,'ne','tr','Nepal dili'),(2329,'ne','uk','Nepali'),(2330,'ne','ur','Nepali'),(2331,'ne','uz','Nepali'),(2332,'ne','vi','Nepali'),(2333,'ne','yi','Nepali'),(2334,'ne','zh-hans','尼泊尔语'),(2335,'ne','zu','Nepali'),(2336,'ne','zh-hant','尼泊爾語'),(2337,'ne','ms','Nepali'),(2338,'ne','gl','Nepali'),(2339,'ne','bn','Nepali'),(2340,'ne','az','Nepali'),(2341,'nl','en','Dutch'),(2342,'nl','es','Holandés'),(2343,'nl','de','Niederländisch'),(2344,'nl','fr','Néerlandais'),(2345,'nl','ar','الهولندية'),(2346,'nl','bs','Dutch'),(2347,'nl','bg','Холандски'),(2348,'nl','ca','Dutch'),(2349,'nl','cs','Holandský'),(2350,'nl','sk','Holandčina'),(2351,'nl','cy','Dutch'),(2352,'nl','da','Dutch'),(2353,'nl','el','Ολλανδικά'),(2354,'nl','eo','Dutch'),(2355,'nl','et','Dutch'),(2356,'nl','eu','Dutch'),(2357,'nl','fa','Dutch'),(2358,'nl','fi','Hollanti'),(2359,'nl','ga','Dutch'),(2360,'nl','he','הולנדית'),(2361,'nl','hi','Dutch'),(2362,'nl','hr','Nizozemski'),(2363,'nl','hu','Holland'),(2364,'nl','hy','Dutch'),(2365,'nl','id','Dutch'),(2366,'nl','is','Dutch'),(2367,'nl','it','Olandese'),(2368,'nl','ja','オランダ語'),(2369,'nl','ko','화란어'),(2370,'nl','ku','Dutch'),(2371,'nl','lv','Dutch'),(2372,'nl','lt','Dutch'),(2373,'nl','mk','Dutch'),(2374,'nl','mt','Dutch'),(2375,'nl','mn','Dutch'),(2376,'nl','ne','Dutch'),(2377,'nl','nl','Nederlands'),(2378,'nl','no','Nederlandsk'),(2379,'nl','pa','Dutch'),(2380,'nl','pl','Holenderski'),(2381,'nl','pt-pt','Holandês'),(2382,'nl','pt-br','Holandês'),(2383,'nl','qu','Dutch'),(2384,'nl','ro','Olaneză'),(2385,'nl','ru','Голландский'),(2386,'nl','sl','Nizozemščina'),(2387,'nl','so','Dutch'),(2388,'nl','sq','Dutch'),(2389,'nl','sr','холандски'),(2390,'nl','sv','Nederländska'),(2391,'nl','ta','Dutch'),(2392,'nl','th','ดัตช์'),(2393,'nl','tr','Hollandaca'),(2394,'nl','uk','Dutch'),(2395,'nl','ur','Dutch'),(2396,'nl','uz','Dutch'),(2397,'nl','vi','Dutch'),(2398,'nl','yi','Dutch'),(2399,'nl','zh-hans','荷兰语'),(2400,'nl','zu','Dutch'),(2401,'nl','zh-hant','荷蘭語'),(2402,'nl','ms','Dutch'),(2403,'nl','gl','Dutch'),(2404,'nl','bn','Dutch'),(2405,'nl','az','Dutch'),(2406,'no','en','Norwegian Bokmål'),(2407,'no','es','Bokmål'),(2408,'no','de','Norwegisch (Buchsprache)'),(2409,'no','fr','Norvégien Bokmål'),(2410,'no','ar','البوكمالية النرويجية'),(2411,'no','bs','Norwegian Bokmål'),(2412,'no','bg','Норвежки книжовен'),(2413,'no','ca','Norwegian Bokmål'),(2414,'no','cs','Norwegian bokmål'),(2415,'no','sk','Nórsky jazyk Bokmål'),(2416,'no','cy','Norwegian Bokmål'),(2417,'no','da','Norwegian Bokmål'),(2418,'no','el','Νορβηγικά'),(2419,'no','eo','Norwegian Bokmål'),(2420,'no','et','Norwegian Bokmål'),(2421,'no','eu','Norwegian Bokmål'),(2422,'no','fa','Norwegian Bokmål'),(2423,'no','fi','Kirjanorja'),(2424,'no','ga','Norwegian Bokmål'),(2425,'no','he','נורווגית'),(2426,'no','hi','Norwegian Bokmål'),(2427,'no','hr','Književni norveški'),(2428,'no','hu','Norvég bokmål'),(2429,'no','hy','Norwegian Bokmål'),(2430,'no','id','Norwegian Bokmål'),(2431,'no','is','Norwegian Bokmål'),(2432,'no','it','Norvegese Bokmål'),(2433,'no','ja','ノルウェー・ブークモール'),(2434,'no','ko','노르웨이 보크말어'),(2435,'no','ku','Norwegian Bokmål'),(2436,'no','lv','Norwegian Bokmål'),(2437,'no','lt','Norwegian Bokmål'),(2438,'no','mk','Norwegian Bokmål'),(2439,'no','mt','Norwegian Bokmål'),(2440,'no','mn','Norwegian Bokmål'),(2441,'no','ne','Norwegian Bokmål'),(2442,'no','nl','Noors Bokmål'),(2443,'no','no','Norsk bokmål'),(2444,'no','pa','Norwegian Bokmål'),(2445,'no','pl','Norweski bokmål'),(2446,'no','pt-pt','Norueguês'),(2447,'no','pt-br','Norueguês'),(2448,'no','qu','Norwegian Bokmål'),(2449,'no','ro','Bokmål (norvegiană)'),(2450,'no','ru','Норвежский букмол'),(2451,'no','sl','Knjižna norveščina'),(2452,'no','so','Norwegian Bokmål'),(2453,'no','sq','Norwegian Bokmål'),(2454,'no','sr','Норвешки бокмал'),(2455,'no','sv','Norskt Bokmål'),(2456,'no','ta','Norwegian Bokmål'),(2457,'no','th','นอร์วิเจียนบอกมาล'),(2458,'no','tr','Bokmal Norveç dili'),(2459,'no','uk','Norwegian Bokmål'),(2460,'no','ur','Norwegian Bokmål'),(2461,'no','uz','Norwegian Bokmål'),(2462,'no','vi','Norwegian Bokmål'),(2463,'no','yi','Norwegian Bokmål'),(2464,'no','zh-hans','挪威布克莫尔语'),(2465,'no','zu','Norwegian Bokmål'),(2466,'no','zh-hant','挪威布克莫爾語'),(2467,'no','ms','Norwegian Bokmål'),(2468,'no','gl','Norwegian Bokmål'),(2469,'no','bn','Norwegian Bokmål'),(2470,'no','az','Norwegian Bokmål'),(2471,'pa','en','Punjabi'),(2472,'pa','es','Panyabí'),(2473,'pa','de','Pandschabi'),(2474,'pa','fr','Panjabi'),(2475,'pa','ar','البنجابية'),(2476,'pa','bs','Punjabi'),(2477,'pa','bg','Панджабски'),(2478,'pa','ca','Punjabi'),(2479,'pa','cs','Punjabi'),(2480,'pa','sk','Pandžábčina'),(2481,'pa','cy','Punjabi'),(2482,'pa','da','Punjabi'),(2483,'pa','el','Παντζάμπι'),(2484,'pa','eo','Punjabi'),(2485,'pa','et','Punjabi'),(2486,'pa','eu','Punjabi'),(2487,'pa','fa','Punjabi'),(2488,'pa','fi','Pandzabi'),(2489,'pa','ga','Punjabi'),(2490,'pa','he','פנג\'אבית'),(2491,'pa','hi','Punjabi'),(2492,'pa','hr','Pendžabljanin'),(2493,'pa','hu','Pandzsábi'),(2494,'pa','hy','Punjabi'),(2495,'pa','id','Punjabi'),(2496,'pa','is','Punjabi'),(2497,'pa','it','Panjabi'),(2498,'pa','ja','パンジャーブ語'),(2499,'pa','ko','펀자브어'),(2500,'pa','ku','Punjabi'),(2501,'pa','lv','Punjabi'),(2502,'pa','lt','Punjabi'),(2503,'pa','mk','Punjabi'),(2504,'pa','mt','Punjabi'),(2505,'pa','mn','Punjabi'),(2506,'pa','ne','Punjabi'),(2507,'pa','nl','Punjabi'),(2508,'pa','no','Punjabi'),(2509,'pa','pa','Punjabi'),(2510,'pa','pl','Pendżabi'),(2511,'pa','pt-pt','Panjabi'),(2512,'pa','pt-br','Panjabi'),(2513,'pa','qu','Punjabi'),(2514,'pa','ro','Punjabi'),(2515,'pa','ru','Панджаби'),(2516,'pa','sl','Pandžabščina'),(2517,'pa','so','Punjabi'),(2518,'pa','sq','Punjabi'),(2519,'pa','sr','панџаби'),(2520,'pa','sv','Punjabi'),(2521,'pa','ta','Punjabi'),(2522,'pa','th','ปัญจาบ'),(2523,'pa','tr','Pencapça'),(2524,'pa','uk','Punjabi'),(2525,'pa','ur','Punjabi'),(2526,'pa','uz','Punjabi'),(2527,'pa','vi','Punjabi'),(2528,'pa','yi','Punjabi'),(2529,'pa','zh-hans','旁遮普语'),(2530,'pa','zu','Punjabi'),(2531,'pa','zh-hant','旁遮普語'),(2532,'pa','ms','Punjabi'),(2533,'pa','gl','Punjabi'),(2534,'pa','bn','Punjabi'),(2535,'pa','az','Punjabi'),(2536,'pl','en','Polish'),(2537,'pl','es','Polaco'),(2538,'pl','de','Polnisch'),(2539,'pl','fr','Polonais'),(2540,'pl','ar','البولندية'),(2541,'pl','bs','Polish'),(2542,'pl','bg','Полски'),(2543,'pl','ca','Polish'),(2544,'pl','cs','Polský'),(2545,'pl','sk','Polština'),(2546,'pl','cy','Polish'),(2547,'pl','da','Polish'),(2548,'pl','el','Πολωνικά'),(2549,'pl','eo','Polish'),(2550,'pl','et','Polish'),(2551,'pl','eu','Polish'),(2552,'pl','fa','Polish'),(2553,'pl','fi','Puola'),(2554,'pl','ga','Polish'),(2555,'pl','he','פולנית'),(2556,'pl','hi','Polish'),(2557,'pl','hr','Poljski'),(2558,'pl','hu','Lengyel'),(2559,'pl','hy','Polish'),(2560,'pl','id','Polish'),(2561,'pl','is','Polish'),(2562,'pl','it','Polacco'),(2563,'pl','ja','ポーランド語'),(2564,'pl','ko','폴란드어'),(2565,'pl','ku','Polish'),(2566,'pl','lv','Polish'),(2567,'pl','lt','Polish'),(2568,'pl','mk','Polish'),(2569,'pl','mt','Polish'),(2570,'pl','mn','Polish'),(2571,'pl','ne','Polish'),(2572,'pl','nl','Pools'),(2573,'pl','no','Polsk'),(2574,'pl','pa','Polish'),(2575,'pl','pl','Polski'),(2576,'pl','pt-pt','Polonês'),(2577,'pl','pt-br','Polonês'),(2578,'pl','qu','Polish'),(2579,'pl','ro','Poloneză'),(2580,'pl','ru','Польский'),(2581,'pl','sl','Poljski'),(2582,'pl','so','Polish'),(2583,'pl','sq','Polish'),(2584,'pl','sr','пољски'),(2585,'pl','sv','Polska'),(2586,'pl','ta','Polish'),(2587,'pl','th','โปแลนด์'),(2588,'pl','tr','Polonyaca'),(2589,'pl','uk','Polish'),(2590,'pl','ur','Polish'),(2591,'pl','uz','Polish'),(2592,'pl','vi','Polish'),(2593,'pl','yi','Polish'),(2594,'pl','zh-hans','波兰语'),(2595,'pl','zu','Polish'),(2596,'pl','zh-hant','波蘭語'),(2597,'pl','ms','Polish'),(2598,'pl','gl','Polish'),(2599,'pl','bn','Polish'),(2600,'pl','az','Polish'),(2601,'pt-pt','en','Portuguese (Portugal)'),(2602,'pt-pt','es','Portugués, Portugal'),(2603,'pt-pt','de','Portugiesisch, Portugal'),(2604,'pt-pt','fr','Portugais - du Portugal'),(2605,'pt-pt','ar','البرتغالية ، البرتغال'),(2606,'pt-pt','bs','Portuguese, Portugal'),(2607,'pt-pt','bg','Португалски (Португалия)'),(2608,'pt-pt','ca','Portuguese, Portugal'),(2609,'pt-pt','cs','Portugalština ( Portugalsko)'),(2610,'pt-pt','sk','Portugalština'),(2611,'pt-pt','cy','Portuguese, Portugal'),(2612,'pt-pt','da','Portuguese, Portugal'),(2613,'pt-pt','el','Πορτογαλικά'),(2614,'pt-pt','eo','Portuguese, Portugal'),(2615,'pt-pt','et','Portuguese, Portugal'),(2616,'pt-pt','eu','Portuguese, Portugal'),(2617,'pt-pt','fa','Portuguese, Portugal'),(2618,'pt-pt','fi','Portugali'),(2619,'pt-pt','ga','Portuguese, Portugal'),(2620,'pt-pt','he','פורטוגזית'),(2621,'pt-pt','hi','Portuguese, Portugal'),(2622,'pt-pt','hr','Portugalski (Portugal)'),(2623,'pt-pt','hu','Portugál'),(2624,'pt-pt','hy','Portuguese, Portugal'),(2625,'pt-pt','id','Portuguese, Portugal'),(2626,'pt-pt','is','Portuguese, Portugal'),(2627,'pt-pt','it','Portoghese, Portogallo'),(2628,'pt-pt','ja','ポルトガル語'),(2629,'pt-pt','ko','포르투갈 포르투갈어'),(2630,'pt-pt','ku','Portuguese, Portugal'),(2631,'pt-pt','lv','Portuguese, Portugal'),(2632,'pt-pt','lt','Portuguese, Portugal'),(2633,'pt-pt','mk','Portuguese, Portugal'),(2634,'pt-pt','mt','Portuguese, Portugal'),(2635,'pt-pt','mn','Portuguese, Portugal'),(2636,'pt-pt','ne','Portuguese, Portugal'),(2637,'pt-pt','nl','Portugees, Portugal'),(2638,'pt-pt','no','Portugisisk (Portugal)'),(2639,'pt-pt','pa','Portuguese, Portugal'),(2640,'pt-pt','pl','Portugalski, Portugalia'),(2641,'pt-pt','pt-pt','Português'),(2642,'pt-pt','pt-br','Português'),(2643,'pt-pt','qu','Portuguese, Portugal'),(2644,'pt-pt','ro','Portugheză (Portugalia)'),(2645,'pt-pt','ru','Португальский, Португалия'),(2646,'pt-pt','sl','Portugalščina ( Portugalska )'),(2647,'pt-pt','so','Portuguese, Portugal'),(2648,'pt-pt','sq','Portuguese, Portugal'),(2649,'pt-pt','sr','Португалски (Португалија)'),(2650,'pt-pt','sv','Portugisiska, Portugal'),(2651,'pt-pt','ta','Portuguese, Portugal'),(2652,'pt-pt','th','โปรตุเกส'),(2653,'pt-pt','tr','Portekizce, Portekiz'),(2654,'pt-pt','uk','Portuguese, Portugal'),(2655,'pt-pt','ur','Portuguese, Portugal'),(2656,'pt-pt','uz','Portuguese, Portugal'),(2657,'pt-pt','vi','Portuguese, Portugal'),(2658,'pt-pt','yi','Portuguese, Portugal'),(2659,'pt-pt','zh-hans','葡萄牙语（葡萄牙）'),(2660,'pt-pt','zu','Portuguese, Portugal'),(2661,'pt-pt','zh-hant','葡萄牙語（葡萄牙）'),(2662,'pt-pt','ms','Portuguese, Portugal'),(2663,'pt-pt','gl','Portuguese, Portugal'),(2664,'pt-pt','bn','Portuguese, Portugal'),(2665,'pt-pt','az','Portuguese, Portugal'),(2666,'pt-br','en','Portuguese (Brazil)'),(2667,'pt-br','es','Portugués, Brasil'),(2668,'pt-br','de','Portugiesisch, Brasilien'),(2669,'pt-br','fr','Portugais - du Brésil'),(2670,'pt-br','ar','البرتغالية ،البرازيل'),(2671,'pt-br','bs','Portuguese, Brazil'),(2672,'pt-br','bg','Португалски (Бразилия)'),(2673,'pt-br','ca','Portuguese, Brazil'),(2674,'pt-br','cs','Portugalština ( Brazílie)'),(2675,'pt-br','sk','Brazílska Portugalština'),(2676,'pt-br','cy','Portuguese, Brazil'),(2677,'pt-br','da','Portuguese, Brazil'),(2678,'pt-br','el','Πορτογαλικά Βραζιλίας'),(2679,'pt-br','eo','Portuguese, Brazil'),(2680,'pt-br','et','Portuguese, Brazil'),(2681,'pt-br','eu','Portuguese, Brazil'),(2682,'pt-br','fa','Portuguese, Brazil'),(2683,'pt-br','fi','Brasilian portugali'),(2684,'pt-br','ga','Portuguese, Brazil'),(2685,'pt-br','he','פורטוגזית - ברזיל'),(2686,'pt-br','hi','Portuguese, Brazil'),(2687,'pt-br','hr','Portugalski (Brazil)'),(2688,'pt-br','hu','Brazil'),(2689,'pt-br','hy','Portuguese, Brazil'),(2690,'pt-br','id','Portuguese, Brazil'),(2691,'pt-br','is','Portuguese, Brazil'),(2692,'pt-br','it','Portoghese, Brasile'),(2693,'pt-br','ja','ポルトガル語（ブラジル）'),(2694,'pt-br','ko','브라질 포르투갈어'),(2695,'pt-br','ku','Portuguese, Brazil'),(2696,'pt-br','lv','Portuguese, Brazil'),(2697,'pt-br','lt','Portuguese, Brazil'),(2698,'pt-br','mk','Portuguese, Brazil'),(2699,'pt-br','mt','Portuguese, Brazil'),(2700,'pt-br','mn','Portuguese, Brazil'),(2701,'pt-br','ne','Portuguese, Brazil'),(2702,'pt-br','nl','Portugees, Brazilië'),(2703,'pt-br','no','Portugisisk (Brasil)'),(2704,'pt-br','pa','Portuguese, Brazil'),(2705,'pt-br','pl','Portugalski, Brazylia'),(2706,'pt-br','pt-pt','Português'),(2707,'pt-br','pt-br','Português'),(2708,'pt-br','qu','Portuguese, Brazil'),(2709,'pt-br','ro','Portugheză (Brazilia)'),(2710,'pt-br','ru','Португальский, Бразилия'),(2711,'pt-br','sl','Portugalščina ( Brazilija )'),(2712,'pt-br','so','Portuguese, Brazil'),(2713,'pt-br','sq','Portuguese, Brazil'),(2714,'pt-br','sr','Португалски (Бразил)'),(2715,'pt-br','sv','Portugisiska, Brasilien'),(2716,'pt-br','ta','Portuguese, Brazil'),(2717,'pt-br','th','โปรตุเกสบราซิล'),(2718,'pt-br','tr','Portekizce, Brezilya'),(2719,'pt-br','uk','Portuguese, Brazil'),(2720,'pt-br','ur','Portuguese, Brazil'),(2721,'pt-br','uz','Portuguese, Brazil'),(2722,'pt-br','vi','Portuguese, Brazil'),(2723,'pt-br','yi','Portuguese, Brazil'),(2724,'pt-br','zh-hans','葡萄牙语（巴西）'),(2725,'pt-br','zu','Portuguese, Brazil'),(2726,'pt-br','zh-hant','葡萄牙語（巴西）'),(2727,'pt-br','ms','Portuguese, Brazil'),(2728,'pt-br','gl','Portuguese, Brazil'),(2729,'pt-br','bn','Portuguese, Brazil'),(2730,'pt-br','az','Portuguese, Brazil'),(2731,'qu','en','Quechua'),(2732,'qu','es','Quechua'),(2733,'qu','de','Quechua'),(2734,'qu','fr','Quechua'),(2735,'qu','ar','الكويتشوا'),(2736,'qu','bs','Quechua'),(2737,'qu','bg','Кечуа'),(2738,'qu','ca','Quechua'),(2739,'qu','cs','Quechua'),(2740,'qu','sk','Jazyk Quechua'),(2741,'qu','cy','Quechua'),(2742,'qu','da','Quechua'),(2743,'qu','el','Κέτσουα'),(2744,'qu','eo','Quechua'),(2745,'qu','et','Quechua'),(2746,'qu','eu','Quechua'),(2747,'qu','fa','Quechua'),(2748,'qu','fi','Ketsua'),(2749,'qu','ga','Quechua'),(2750,'qu','he','קצ\'ואה'),(2751,'qu','hi','Quechua'),(2752,'qu','hr','Quechua'),(2753,'qu','hu','Quechua'),(2754,'qu','hy','Quechua'),(2755,'qu','id','Quechua'),(2756,'qu','is','Quechua'),(2757,'qu','it','Quechua'),(2758,'qu','ja','ケチュア語'),(2759,'qu','ko','케추아어'),(2760,'qu','ku','Quechua'),(2761,'qu','lv','Quechua'),(2762,'qu','lt','Quechua'),(2763,'qu','mk','Quechua'),(2764,'qu','mt','Quechua'),(2765,'qu','mn','Quechua'),(2766,'qu','ne','Quechua'),(2767,'qu','nl','Quechua'),(2768,'qu','no','Quechua'),(2769,'qu','pa','Quechua'),(2770,'qu','pl','Keczua'),(2771,'qu','pt-pt','Quechua'),(2772,'qu','pt-br','Quechua'),(2773,'qu','qu','Quechua'),(2774,'qu','ro','Quechuană'),(2775,'qu','ru','Кечуа'),(2776,'qu','sl','Quechua'),(2777,'qu','so','Quechua'),(2778,'qu','sq','Quechua'),(2779,'qu','sr','Кечуа'),(2780,'qu','sv','Quechua'),(2781,'qu','ta','Quechua'),(2782,'qu','th','คิวชัว'),(2783,'qu','tr','Quechua dili'),(2784,'qu','uk','Quechua'),(2785,'qu','ur','Quechua'),(2786,'qu','uz','Quechua'),(2787,'qu','vi','Quechua'),(2788,'qu','yi','Quechua'),(2789,'qu','zh-hans','盖丘亚语'),(2790,'qu','zu','Quechua'),(2791,'qu','zh-hant','蓋丘亞語'),(2792,'qu','ms','Quechua'),(2793,'qu','gl','Quechua'),(2794,'qu','bn','Quechua'),(2795,'qu','az','Quechua'),(2796,'ro','en','Romanian'),(2797,'ro','es','Rumano'),(2798,'ro','de','Rumänisch'),(2799,'ro','fr','Roumain'),(2800,'ro','ar','الرومانية'),(2801,'ro','bs','Romanian'),(2802,'ro','bg','Румънски'),(2803,'ro','ca','Romanian'),(2804,'ro','cs','Rumunština'),(2805,'ro','sk','Rumunčina'),(2806,'ro','cy','Romanian'),(2807,'ro','da','Romanian'),(2808,'ro','el','Ρουμανικά'),(2809,'ro','eo','Romanian'),(2810,'ro','et','Romanian'),(2811,'ro','eu','Romanian'),(2812,'ro','fa','Romanian'),(2813,'ro','fi','Romania'),(2814,'ro','ga','Romanian'),(2815,'ro','he','רומנית'),(2816,'ro','hi','Romanian'),(2817,'ro','hr','Rumunjski'),(2818,'ro','hu','Román'),(2819,'ro','hy','Romanian'),(2820,'ro','id','Romanian'),(2821,'ro','is','Romanian'),(2822,'ro','it','Rumeno'),(2823,'ro','ja','ルーマニア語'),(2824,'ro','ko','로마니아어'),(2825,'ro','ku','Romanian'),(2826,'ro','lv','Romanian'),(2827,'ro','lt','Romanian'),(2828,'ro','mk','Romanian'),(2829,'ro','mt','Romanian'),(2830,'ro','mn','Romanian'),(2831,'ro','ne','Romanian'),(2832,'ro','nl','Roemeens'),(2833,'ro','no','Rumensk'),(2834,'ro','pa','Romanian'),(2835,'ro','pl','Rumuński'),(2836,'ro','pt-pt','Romeno'),(2837,'ro','pt-br','Romeno'),(2838,'ro','qu','Romanian'),(2839,'ro','ro','Română'),(2840,'ro','ru','Румынский'),(2841,'ro','sl','Romunščina'),(2842,'ro','so','Romanian'),(2843,'ro','sq','Romanian'),(2844,'ro','sr','румунски'),(2845,'ro','sv','Rumänska'),(2846,'ro','ta','Romanian'),(2847,'ro','th','โรมาเนีย'),(2848,'ro','tr','Rumence'),(2849,'ro','uk','Romanian'),(2850,'ro','ur','Romanian'),(2851,'ro','uz','Romanian'),(2852,'ro','vi','Romanian'),(2853,'ro','yi','Romanian'),(2854,'ro','zh-hans','罗马尼亚语'),(2855,'ro','zu','Romanian'),(2856,'ro','zh-hant','羅馬尼亞語'),(2857,'ro','ms','Romanian'),(2858,'ro','gl','Romanian'),(2859,'ro','bn','Romanian'),(2860,'ro','az','Romanian'),(2861,'ru','en','Russian'),(2862,'ru','es','Ruso'),(2863,'ru','de','Russisch'),(2864,'ru','fr','Russe'),(2865,'ru','ar','الروسية'),(2866,'ru','bs','Russian'),(2867,'ru','bg','Руски'),(2868,'ru','ca','Russian'),(2869,'ru','cs','Ruský'),(2870,'ru','sk','Ruština'),(2871,'ru','cy','Russian'),(2872,'ru','da','Russian'),(2873,'ru','el','Ρωσικά'),(2874,'ru','eo','Russian'),(2875,'ru','et','Russian'),(2876,'ru','eu','Russian'),(2877,'ru','fa','Russian'),(2878,'ru','fi','Venäjä'),(2879,'ru','ga','Russian'),(2880,'ru','he','רוסית'),(2881,'ru','hi','Russian'),(2882,'ru','hr','Ruski'),(2883,'ru','hu','Orosz'),(2884,'ru','hy','Russian'),(2885,'ru','id','Russian'),(2886,'ru','is','Russian'),(2887,'ru','it','Russo'),(2888,'ru','ja','ロシア語'),(2889,'ru','ko','러시아어'),(2890,'ru','ku','Russian'),(2891,'ru','lv','Russian'),(2892,'ru','lt','Russian'),(2893,'ru','mk','Russian'),(2894,'ru','mt','Russian'),(2895,'ru','mn','Russian'),(2896,'ru','ne','Russian'),(2897,'ru','nl','Russisch'),(2898,'ru','no','Russisk'),(2899,'ru','pa','Russian'),(2900,'ru','pl','Rosyjski'),(2901,'ru','pt-pt','Russo'),(2902,'ru','pt-br','Russo'),(2903,'ru','qu','Russian'),(2904,'ru','ro','Rusă'),(2905,'ru','ru','Русский'),(2906,'ru','sl','Ruščina'),(2907,'ru','so','Russian'),(2908,'ru','sq','Russian'),(2909,'ru','sr','руски'),(2910,'ru','sv','Ryska'),(2911,'ru','ta','Russian'),(2912,'ru','th','รัสเซีย'),(2913,'ru','tr','Rusça'),(2914,'ru','uk','Russian'),(2915,'ru','ur','Russian'),(2916,'ru','uz','Russian'),(2917,'ru','vi','Russian'),(2918,'ru','yi','Russian'),(2919,'ru','zh-hans','俄语'),(2920,'ru','zu','Russian'),(2921,'ru','zh-hant','俄語'),(2922,'ru','ms','Russian'),(2923,'ru','gl','Russian'),(2924,'ru','bn','Russian'),(2925,'ru','az','Russian'),(2926,'sl','en','Slovenian'),(2927,'sl','es','Esloveno'),(2928,'sl','de','Slowenisch'),(2929,'sl','fr','Slovène'),(2930,'sl','ar','السلوفانية'),(2931,'sl','bs','Slovenian'),(2932,'sl','bg','Словенски'),(2933,'sl','ca','Slovenian'),(2934,'sl','cs','Slovinština'),(2935,'sl','sk','Slovinčina'),(2936,'sl','cy','Slovenian'),(2937,'sl','da','Slovenian'),(2938,'sl','el','Σλοβενικά'),(2939,'sl','eo','Slovenian'),(2940,'sl','et','Slovenian'),(2941,'sl','eu','Slovenian'),(2942,'sl','fa','Slovenian'),(2943,'sl','fi','Sloveeni'),(2944,'sl','ga','Slovenian'),(2945,'sl','he','סלובנית'),(2946,'sl','hi','Slovenian'),(2947,'sl','hr','Slovenski'),(2948,'sl','hu','Szlovén'),(2949,'sl','hy','Slovenian'),(2950,'sl','id','Slovenian'),(2951,'sl','is','Slovenian'),(2952,'sl','it','Sloveno'),(2953,'sl','ja','スロベニア語'),(2954,'sl','ko','슬로베니아어'),(2955,'sl','ku','Slovenian'),(2956,'sl','lv','Slovenian'),(2957,'sl','lt','Slovenian'),(2958,'sl','mk','Slovenian'),(2959,'sl','mt','Slovenian'),(2960,'sl','mn','Slovenian'),(2961,'sl','ne','Slovenian'),(2962,'sl','nl','Sloveens'),(2963,'sl','no','Slovensk'),(2964,'sl','pa','Slovenian'),(2965,'sl','pl','Słoweński'),(2966,'sl','pt-pt','Esloveno'),(2967,'sl','pt-br','Esloveno'),(2968,'sl','qu','Slovenian'),(2969,'sl','ro','Slovenă'),(2970,'sl','ru','Словенский'),(2971,'sl','sl','Slovenščina'),(2972,'sl','so','Slovenian'),(2973,'sl','sq','Slovenian'),(2974,'sl','sr','словеначки'),(2975,'sl','sv','Slovenska'),(2976,'sl','ta','Slovenian'),(2977,'sl','th','สโลวีเนียน'),(2978,'sl','tr','Sloven dili'),(2979,'sl','uk','Slovenian'),(2980,'sl','ur','Slovenian'),(2981,'sl','uz','Slovenian'),(2982,'sl','vi','Slovenian'),(2983,'sl','yi','Slovenian'),(2984,'sl','zh-hans','斯洛文尼亚语'),(2985,'sl','zu','Slovenian'),(2986,'sl','zh-hant','斯洛文尼亞語'),(2987,'sl','ms','Slovenian'),(2988,'sl','gl','Slovenian'),(2989,'sl','bn','Slovenian'),(2990,'sl','az','Slovenian'),(2991,'so','en','Somali'),(2992,'so','es','Somalí'),(2993,'so','de','Somali'),(2994,'so','fr','Somali'),(2995,'so','ar','الصومالية'),(2996,'so','bs','Somali'),(2997,'so','bg','Сомалийски'),(2998,'so','ca','Somali'),(2999,'so','cs','Somali'),(3000,'so','sk','Somálčina'),(3001,'so','cy','Somali'),(3002,'so','da','Somali'),(3003,'so','el','Σομαλικά'),(3004,'so','eo','Somali'),(3005,'so','et','Somali'),(3006,'so','eu','Somali'),(3007,'so','fa','Somali'),(3008,'so','fi','Somali'),(3009,'so','ga','Somali'),(3010,'so','he','סומלית'),(3011,'so','hi','Somali'),(3012,'so','hr','Somalski'),(3013,'so','hu','Szomáli'),(3014,'so','hy','Somali'),(3015,'so','id','Somali'),(3016,'so','is','Somali'),(3017,'so','it','Somalo'),(3018,'so','ja','ソマリ語'),(3019,'so','ko','소말리아어'),(3020,'so','ku','Somali'),(3021,'so','lv','Somali'),(3022,'so','lt','Somali'),(3023,'so','mk','Somali'),(3024,'so','mt','Somali'),(3025,'so','mn','Somali'),(3026,'so','ne','Somali'),(3027,'so','nl','Somalisch'),(3028,'so','no','Somali'),(3029,'so','pa','Somali'),(3030,'so','pl','Somalijski'),(3031,'so','pt-pt','Somali'),(3032,'so','pt-br','Somali'),(3033,'so','qu','Somali'),(3034,'so','ro','Somaleză'),(3035,'so','ru','Сомалийский'),(3036,'so','sl','Somalski'),(3037,'so','so','Somali'),(3038,'so','sq','Somali'),(3039,'so','sr','Сомалијски'),(3040,'so','sv','Somaliska'),(3041,'so','ta','Somali'),(3042,'so','th','โซมาลี'),(3043,'so','tr','Somalice'),(3044,'so','uk','Somali'),(3045,'so','ur','Somali'),(3046,'so','uz','Somali'),(3047,'so','vi','Somali'),(3048,'so','yi','Somali'),(3049,'so','zh-hans','索马里语'),(3050,'so','zu','Somali'),(3051,'so','zh-hant','索馬里語'),(3052,'so','ms','Somali'),(3053,'so','gl','Somali'),(3054,'so','bn','Somali'),(3055,'so','az','Somali'),(3056,'sq','en','Albanian'),(3057,'sq','es','Albanés'),(3058,'sq','de','Albanisch'),(3059,'sq','fr','Albanais'),(3060,'sq','ar','الألبانية'),(3061,'sq','bs','Albanian'),(3062,'sq','bg','Албански'),(3063,'sq','ca','Albanian'),(3064,'sq','cs','Albánský'),(3065,'sq','sk','Albánčina'),(3066,'sq','cy','Albanian'),(3067,'sq','da','Albanian'),(3068,'sq','el','Αλβανικά'),(3069,'sq','eo','Albanian'),(3070,'sq','et','Albanian'),(3071,'sq','eu','Albanian'),(3072,'sq','fa','Albanian'),(3073,'sq','fi','Albania'),(3074,'sq','ga','Albanian'),(3075,'sq','he','אלבנית'),(3076,'sq','hi','Albanian'),(3077,'sq','hr','Albanski'),(3078,'sq','hu','Albán'),(3079,'sq','hy','Albanian'),(3080,'sq','id','Albanian'),(3081,'sq','is','Albanian'),(3082,'sq','it','Albanese'),(3083,'sq','ja','アルバニア語'),(3084,'sq','ko','알바니아어'),(3085,'sq','ku','Albanian'),(3086,'sq','lv','Albanian'),(3087,'sq','lt','Albanian'),(3088,'sq','mk','Albanian'),(3089,'sq','mt','Albanian'),(3090,'sq','mn','Albanian'),(3091,'sq','ne','Albanian'),(3092,'sq','nl','Albaans'),(3093,'sq','no','Albansk'),(3094,'sq','pa','Albanian'),(3095,'sq','pl','Albański'),(3096,'sq','pt-pt','Albanês'),(3097,'sq','pt-br','Albanês'),(3098,'sq','qu','Albanian'),(3099,'sq','ro','Albaneză'),(3100,'sq','ru','Албанский'),(3101,'sq','sl','Albanski'),(3102,'sq','so','Albanian'),(3103,'sq','sq','Albanian'),(3104,'sq','sr','албански'),(3105,'sq','sv','Albanska'),(3106,'sq','ta','Albanian'),(3107,'sq','th','อัลเบเนีย'),(3108,'sq','tr','Arnavutça'),(3109,'sq','uk','Albanian'),(3110,'sq','ur','Albanian'),(3111,'sq','uz','Albanian'),(3112,'sq','vi','Albanian'),(3113,'sq','yi','Albanian'),(3114,'sq','zh-hans','阿尔巴尼亚语'),(3115,'sq','zu','Albanian'),(3116,'sq','zh-hant','阿爾巴尼亞語'),(3117,'sq','ms','Albanian'),(3118,'sq','gl','Albanian'),(3119,'sq','bn','Albanian'),(3120,'sq','az','Albanian'),(3121,'sr','en','Serbian'),(3122,'sr','es','Serbio'),(3123,'sr','de','Serbisch'),(3124,'sr','fr','Serbe'),(3125,'sr','ar','الصربية'),(3126,'sr','bs','Serbian'),(3127,'sr','bg','Сръбски'),(3128,'sr','ca','Serbian'),(3129,'sr','cs','Srbský'),(3130,'sr','sk','Srbština'),(3131,'sr','cy','Serbian'),(3132,'sr','da','Serbian'),(3133,'sr','el','Σερβικά'),(3134,'sr','eo','Serbian'),(3135,'sr','et','Serbian'),(3136,'sr','eu','Serbian'),(3137,'sr','fa','Serbian'),(3138,'sr','fi','Serbia'),(3139,'sr','ga','Serbian'),(3140,'sr','he','סרבית'),(3141,'sr','hi','Serbian'),(3142,'sr','hr','Srpski'),(3143,'sr','hu','Szerb'),(3144,'sr','hy','Serbian'),(3145,'sr','id','Serbian'),(3146,'sr','is','Serbian'),(3147,'sr','it','Serbo'),(3148,'sr','ja','セルビア語'),(3149,'sr','ko','세르비아어'),(3150,'sr','ku','Serbian'),(3151,'sr','lv','Serbian'),(3152,'sr','lt','Serbian'),(3153,'sr','mk','Serbian'),(3154,'sr','mt','Serbian'),(3155,'sr','mn','Serbian'),(3156,'sr','ne','Serbian'),(3157,'sr','nl','Servisch'),(3158,'sr','no','Serbisk'),(3159,'sr','pa','Serbian'),(3160,'sr','pl','Serbski'),(3161,'sr','pt-pt','Sérvio'),(3162,'sr','pt-br','Sérvio'),(3163,'sr','qu','Serbian'),(3164,'sr','ro','Sârbă'),(3165,'sr','ru','Сербский'),(3166,'sr','sl','Srbski'),(3167,'sr','so','Serbian'),(3168,'sr','sq','Serbian'),(3169,'sr','sr','српски'),(3170,'sr','sv','Serbiska'),(3171,'sr','ta','Serbian'),(3172,'sr','th','เซอร์เบีย'),(3173,'sr','tr','Sırpça'),(3174,'sr','uk','Serbian'),(3175,'sr','ur','Serbian'),(3176,'sr','uz','Serbian'),(3177,'sr','vi','Serbian'),(3178,'sr','yi','Serbian'),(3179,'sr','zh-hans','赛尔维亚语'),(3180,'sr','zu','Serbian'),(3181,'sr','zh-hant','賽爾維亞語'),(3182,'sr','ms','Serbian'),(3183,'sr','gl','Serbian'),(3184,'sr','bn','Serbian'),(3185,'sr','az','Serbian'),(3186,'sv','en','Swedish'),(3187,'sv','es','Sueco'),(3188,'sv','de','Schwedisch'),(3189,'sv','fr','Suédois'),(3190,'sv','ar','السويدية'),(3191,'sv','bs','Swedish'),(3192,'sv','bg','Шведски'),(3193,'sv','ca','Swedish'),(3194,'sv','cs','Švédský'),(3195,'sv','sk','Švédština'),(3196,'sv','cy','Swedish'),(3197,'sv','da','Swedish'),(3198,'sv','el','Σουηδικά'),(3199,'sv','eo','Swedish'),(3200,'sv','et','Swedish'),(3201,'sv','eu','Swedish'),(3202,'sv','fa','Swedish'),(3203,'sv','fi','Ruotsi'),(3204,'sv','ga','Swedish'),(3205,'sv','he','שוודית'),(3206,'sv','hi','Swedish'),(3207,'sv','hr','švedski'),(3208,'sv','hu','Svéd'),(3209,'sv','hy','Swedish'),(3210,'sv','id','Swedish'),(3211,'sv','is','Swedish'),(3212,'sv','it','Svedese'),(3213,'sv','ja','スウェーデン語'),(3214,'sv','ko','스웨덴어'),(3215,'sv','ku','Swedish'),(3216,'sv','lv','Swedish'),(3217,'sv','lt','Swedish'),(3218,'sv','mk','Swedish'),(3219,'sv','mt','Swedish'),(3220,'sv','mn','Swedish'),(3221,'sv','ne','Swedish'),(3222,'sv','nl','Zweeds'),(3223,'sv','no','Swedish'),(3224,'sv','pa','Swedish'),(3225,'sv','pl','Szwedzki'),(3226,'sv','pt-pt','Sueco'),(3227,'sv','pt-br','Sueco'),(3228,'sv','qu','Swedish'),(3229,'sv','ro','Suedeză'),(3230,'sv','ru','Шведский'),(3231,'sv','sl','Švedščina'),(3232,'sv','so','Swedish'),(3233,'sv','sq','Swedish'),(3234,'sv','sr','шведски'),(3235,'sv','sv','Svenska'),(3236,'sv','ta','Swedish'),(3237,'sv','th','สวีเดน'),(3238,'sv','tr','İsveççe'),(3239,'sv','uk','Swedish'),(3240,'sv','ur','Swedish'),(3241,'sv','uz','Swedish'),(3242,'sv','vi','Swedish'),(3243,'sv','yi','Swedish'),(3244,'sv','zh-hans','瑞典语'),(3245,'sv','zu','Swedish'),(3246,'sv','zh-hant','瑞典語'),(3247,'sv','ms','Swedish'),(3248,'sv','gl','Swedish'),(3249,'sv','bn','Swedish'),(3250,'sv','az','Swedish'),(3251,'ta','en','Tamil'),(3252,'ta','es','Tamil'),(3253,'ta','de','Tamil'),(3254,'ta','fr','Tamoul'),(3255,'ta','ar','التاميلية'),(3256,'ta','bs','Tamil'),(3257,'ta','bg','Тамилски'),(3258,'ta','ca','Tamil'),(3259,'ta','cs','Tamil'),(3260,'ta','sk','Tamilčina'),(3261,'ta','cy','Tamil'),(3262,'ta','da','Tamil'),(3263,'ta','el','Ταμίλ'),(3264,'ta','eo','Tamil'),(3265,'ta','et','Tamil'),(3266,'ta','eu','Tamil'),(3267,'ta','fa','Tamil'),(3268,'ta','fi','Tamili'),(3269,'ta','ga','Tamil'),(3270,'ta','he','טמילית'),(3271,'ta','hi','Tamil'),(3272,'ta','hr','Tamil'),(3273,'ta','hu','Tamil'),(3274,'ta','hy','Tamil'),(3275,'ta','id','Tamil'),(3276,'ta','is','Tamil'),(3277,'ta','it','Tamil'),(3278,'ta','ja','タミル語'),(3279,'ta','ko','타밀어'),(3280,'ta','ku','Tamil'),(3281,'ta','lv','Tamil'),(3282,'ta','lt','Tamil'),(3283,'ta','mk','Tamil'),(3284,'ta','mt','Tamil'),(3285,'ta','mn','Tamil'),(3286,'ta','ne','Tamil'),(3287,'ta','nl','Tamil'),(3288,'ta','no','Tamil'),(3289,'ta','pa','Tamil'),(3290,'ta','pl','Tamilski'),(3291,'ta','pt-pt','Tamil'),(3292,'ta','pt-br','Tamil'),(3293,'ta','qu','Tamil'),(3294,'ta','ro','Tamilă'),(3295,'ta','ru','Тамильский'),(3296,'ta','sl','Tamilščina'),(3297,'ta','so','Tamil'),(3298,'ta','sq','Tamil'),(3299,'ta','sr','тамилски'),(3300,'ta','sv','Tamil'),(3301,'ta','ta','Tamil'),(3302,'ta','th','ทมิฬ'),(3303,'ta','tr','Tamil dili'),(3304,'ta','uk','Tamil'),(3305,'ta','ur','Tamil'),(3306,'ta','uz','Tamil'),(3307,'ta','vi','Tamil'),(3308,'ta','yi','Tamil'),(3309,'ta','zh-hans','泰米尔语'),(3310,'ta','zu','Tamil'),(3311,'ta','zh-hant','泰米爾語'),(3312,'ta','ms','Tamil'),(3313,'ta','gl','Tamil'),(3314,'ta','bn','Tamil'),(3315,'ta','az','Tamil'),(3316,'th','en','Thai'),(3317,'th','es','Tailandés'),(3318,'th','de','Thai'),(3319,'th','fr','Thaï'),(3320,'th','ar','التايلندية'),(3321,'th','bs','Thai'),(3322,'th','bg','Тайски'),(3323,'th','ca','Thai'),(3324,'th','cs','Thai'),(3325,'th','sk','Thajština'),(3326,'th','cy','Thai'),(3327,'th','da','Thai'),(3328,'th','el','Ταϊλανδέζικα'),(3329,'th','eo','Thai'),(3330,'th','et','Thai'),(3331,'th','eu','Thai'),(3332,'th','fa','Thai'),(3333,'th','fi','Thai'),(3334,'th','ga','Thai'),(3335,'th','he','תאילנדית'),(3336,'th','hi','Thai'),(3337,'th','hr','Thai'),(3338,'th','hu','Tájföldi'),(3339,'th','hy','Thai'),(3340,'th','id','Thai'),(3341,'th','is','Thai'),(3342,'th','it','Thai'),(3343,'th','ja','タイ語'),(3344,'th','ko','태국어'),(3345,'th','ku','Thai'),(3346,'th','lv','Thai'),(3347,'th','lt','Thai'),(3348,'th','mk','Thai'),(3349,'th','mt','Thai'),(3350,'th','mn','Thai'),(3351,'th','ne','Thai'),(3352,'th','nl','Thai'),(3353,'th','no','Thai'),(3354,'th','pa','Thai'),(3355,'th','pl','Tajski'),(3356,'th','pt-pt','Tailandês'),(3357,'th','pt-br','Tailandês'),(3358,'th','qu','Thai'),(3359,'th','ro','Tailandeză'),(3360,'th','ru','Тайский'),(3361,'th','sl','Tajski'),(3362,'th','so','Thai'),(3363,'th','sq','Thai'),(3364,'th','sr','Тајландски'),(3365,'th','sv','Thailändska'),(3366,'th','ta','Thai'),(3367,'th','th','ไทย'),(3368,'th','tr','Tayca'),(3369,'th','uk','Thai'),(3370,'th','ur','Thai'),(3371,'th','uz','Thai'),(3372,'th','vi','Thai'),(3373,'th','yi','Thai'),(3374,'th','zh-hans','泰语'),(3375,'th','zu','Thai'),(3376,'th','zh-hant','泰語'),(3377,'th','ms','Thai'),(3378,'th','gl','Thai'),(3379,'th','bn','Thai'),(3380,'th','az','Thai'),(3381,'tr','en','Turkish'),(3382,'tr','es','Turco'),(3383,'tr','de','Türkisch'),(3384,'tr','fr','Turc'),(3385,'tr','ar','التركية'),(3386,'tr','bs','Turkish'),(3387,'tr','bg','Турски'),(3388,'tr','ca','Turkish'),(3389,'tr','cs','Turečtina'),(3390,'tr','sk','Turečtina'),(3391,'tr','cy','Turkish'),(3392,'tr','da','Turkish'),(3393,'tr','el','Τουρκικά'),(3394,'tr','eo','Turkish'),(3395,'tr','et','Turkish'),(3396,'tr','eu','Turkish'),(3397,'tr','fa','Turkish'),(3398,'tr','fi','Turkki'),(3399,'tr','ga','Turkish'),(3400,'tr','he','תורכית'),(3401,'tr','hi','Turkish'),(3402,'tr','hr','Turski'),(3403,'tr','hu','Török'),(3404,'tr','hy','Turkish'),(3405,'tr','id','Turkish'),(3406,'tr','is','Turkish'),(3407,'tr','it','Turco'),(3408,'tr','ja','トルコ語'),(3409,'tr','ko','터어키어'),(3410,'tr','ku','Turkish'),(3411,'tr','lv','Turkish'),(3412,'tr','lt','Turkish'),(3413,'tr','mk','Turkish'),(3414,'tr','mt','Turkish'),(3415,'tr','mn','Turkish'),(3416,'tr','ne','Turkish'),(3417,'tr','nl','Turks'),(3418,'tr','no','Turkish'),(3419,'tr','pa','Turkish'),(3420,'tr','pl','Turecki'),(3421,'tr','pt-pt','Turco'),(3422,'tr','pt-br','Turco'),(3423,'tr','qu','Turkish'),(3424,'tr','ro','Turcă'),(3425,'tr','ru','Турецкий'),(3426,'tr','sl','Turščina'),(3427,'tr','so','Turkish'),(3428,'tr','sq','Turkish'),(3429,'tr','sr','турски'),(3430,'tr','sv','Turkiska'),(3431,'tr','ta','Turkish'),(3432,'tr','th','ตุรกี'),(3433,'tr','tr','Türkçe'),(3434,'tr','uk','Turkish'),(3435,'tr','ur','Turkish'),(3436,'tr','uz','Turkish'),(3437,'tr','vi','Turkish'),(3438,'tr','yi','Turkish'),(3439,'tr','zh-hans','土耳其语'),(3440,'tr','zu','Turkish'),(3441,'tr','zh-hant','土耳其語'),(3442,'tr','ms','Turkish'),(3443,'tr','gl','Turkish'),(3444,'tr','bn','Turkish'),(3445,'tr','az','Turkish'),(3446,'uk','en','Ukrainian'),(3447,'uk','es','Ucraniano'),(3448,'uk','de','Ukrainisch'),(3449,'uk','fr','Ukrainien'),(3450,'uk','ar','الأوكرانية'),(3451,'uk','bs','Ukrainian'),(3452,'uk','bg','Украински'),(3453,'uk','ca','Ukrainian'),(3454,'uk','cs','Ukrajinský'),(3455,'uk','sk','Ukrajinčina'),(3456,'uk','cy','Ukrainian'),(3457,'uk','da','Ukrainian'),(3458,'uk','el','Ουκρανικά'),(3459,'uk','eo','Ukrainian'),(3460,'uk','et','Ukrainian'),(3461,'uk','eu','Ukrainian'),(3462,'uk','fa','Ukrainian'),(3463,'uk','fi','Ukraina'),(3464,'uk','ga','Ukrainian'),(3465,'uk','he','אוקראינית'),(3466,'uk','hi','Ukrainian'),(3467,'uk','hr','Ukrajinski'),(3468,'uk','hu','Ukrán'),(3469,'uk','hy','Ukrainian'),(3470,'uk','id','Ukrainian'),(3471,'uk','is','Ukrainian'),(3472,'uk','it','Ucraino'),(3473,'uk','ja','ウクライナ語'),(3474,'uk','ko','우크라이나어'),(3475,'uk','ku','Ukrainian'),(3476,'uk','lv','Ukrainian'),(3477,'uk','lt','Ukrainian'),(3478,'uk','mk','Ukrainian'),(3479,'uk','mt','Ukrainian'),(3480,'uk','mn','Ukrainian'),(3481,'uk','ne','Ukrainian'),(3482,'uk','nl','Oekraïens'),(3483,'uk','no','Ukrainsk'),(3484,'uk','pa','Ukrainian'),(3485,'uk','pl','Ukraiński'),(3486,'uk','pt-pt','Ucraniano'),(3487,'uk','pt-br','Ucraniano'),(3488,'uk','qu','Ukrainian'),(3489,'uk','ro','Ucrainiană'),(3490,'uk','ru','Украинский'),(3491,'uk','sl','Ukrajinski'),(3492,'uk','so','Ukrainian'),(3493,'uk','sq','Ukrainian'),(3494,'uk','sr','украјински'),(3495,'uk','sv','Ukrainska'),(3496,'uk','ta','Ukrainian'),(3497,'uk','th','ยูเครน'),(3498,'uk','tr','Ukraynaca'),(3499,'uk','uk','Українська'),(3500,'uk','ur','Ukrainian'),(3501,'uk','uz','Ukrainian'),(3502,'uk','vi','Ukrainian'),(3503,'uk','yi','Ukrainian'),(3504,'uk','zh-hans','乌克兰语'),(3505,'uk','zu','Ukrainian'),(3506,'uk','zh-hant','烏克蘭語'),(3507,'uk','ms','Ukrainian'),(3508,'uk','gl','Ukrainian'),(3509,'uk','bn','Ukrainian'),(3510,'uk','az','Ukrainian'),(3511,'ur','en','Urdu'),(3512,'ur','es','Urdu'),(3513,'ur','de','Urdu'),(3514,'ur','fr','Ourdu'),(3515,'ur','ar','الأردية'),(3516,'ur','bs','Urdu'),(3517,'ur','bg','Урду'),(3518,'ur','ca','Urdu'),(3519,'ur','cs','Urdu'),(3520,'ur','sk','Urdština'),(3521,'ur','cy','Urdu'),(3522,'ur','da','Urdu'),(3523,'ur','el','Ούρντου'),(3524,'ur','eo','Urdu'),(3525,'ur','et','Urdu'),(3526,'ur','eu','Urdu'),(3527,'ur','fa','Urdu'),(3528,'ur','fi','Urdu'),(3529,'ur','ga','Urdu'),(3530,'ur','he','אורדו'),(3531,'ur','hi','Urdu'),(3532,'ur','hr','Urdski'),(3533,'ur','hu','Urdu'),(3534,'ur','hy','Urdu'),(3535,'ur','id','Urdu'),(3536,'ur','is','Urdu'),(3537,'ur','it','Urdu'),(3538,'ur','ja','ウルドゥー語'),(3539,'ur','ko','우르두어'),(3540,'ur','ku','Urdu'),(3541,'ur','lv','Urdu'),(3542,'ur','lt','Urdu'),(3543,'ur','mk','Urdu'),(3544,'ur','mt','Urdu'),(3545,'ur','mn','Urdu'),(3546,'ur','ne','Urdu'),(3547,'ur','nl','Urdu'),(3548,'ur','no','Urdu'),(3549,'ur','pa','Urdu'),(3550,'ur','pl','Urdu'),(3551,'ur','pt-pt','Urdu'),(3552,'ur','pt-br','Urdu'),(3553,'ur','qu','Urdu'),(3554,'ur','ro','Urdu'),(3555,'ur','ru','Урду'),(3556,'ur','sl','Urdujščina'),(3557,'ur','so','Urdu'),(3558,'ur','sq','Urdu'),(3559,'ur','sr','урду'),(3560,'ur','sv','Urdu'),(3561,'ur','ta','Urdu'),(3562,'ur','th','อุรดู'),(3563,'ur','tr','Urduca'),(3564,'ur','uk','Urdu'),(3565,'ur','ur','اردو '),(3566,'ur','uz','Urdu'),(3567,'ur','vi','Urdu'),(3568,'ur','yi','Urdu'),(3569,'ur','zh-hans','乌尔都语'),(3570,'ur','zu','Urdu'),(3571,'ur','zh-hant','烏爾都語'),(3572,'ur','ms','Urdu'),(3573,'ur','gl','Urdu'),(3574,'ur','bn','Urdu'),(3575,'ur','az','Urdu'),(3576,'uz','en','Uzbek'),(3577,'uz','es','Uzbeko'),(3578,'uz','de','Usbekisch'),(3579,'uz','fr','Ouzbek'),(3580,'uz','ar','الاوزباكية'),(3581,'uz','bs','Uzbek'),(3582,'uz','bg','Узбекски'),(3583,'uz','ca','Uzbek'),(3584,'uz','cs','Uzbek'),(3585,'uz','sk','Uzbekčina'),(3586,'uz','cy','Uzbek'),(3587,'uz','da','Uzbek'),(3588,'uz','el','Ουζμπεκικά'),(3589,'uz','eo','Uzbek'),(3590,'uz','et','Uzbek'),(3591,'uz','eu','Uzbek'),(3592,'uz','fa','Uzbek'),(3593,'uz','fi','Uzbekki'),(3594,'uz','ga','Uzbek'),(3595,'uz','he','אוזבקית'),(3596,'uz','hi','Uzbek'),(3597,'uz','hr','Uzbečki'),(3598,'uz','hu','üzbég'),(3599,'uz','hy','Uzbek'),(3600,'uz','id','Uzbek'),(3601,'uz','is','Uzbek'),(3602,'uz','it','Uzbeco'),(3603,'uz','ja','ウズベク語'),(3604,'uz','ko','우즈베크어'),(3605,'uz','ku','Uzbek'),(3606,'uz','lv','Uzbek'),(3607,'uz','lt','Uzbek'),(3608,'uz','mk','Uzbek'),(3609,'uz','mt','Uzbek'),(3610,'uz','mn','Uzbek'),(3611,'uz','ne','Uzbek'),(3612,'uz','nl','Oezbeeks'),(3613,'uz','no','Usbekisk'),(3614,'uz','pa','Uzbek'),(3615,'uz','pl','Uzbecki'),(3616,'uz','pt-pt','Uzbeque'),(3617,'uz','pt-br','Uzbeque'),(3618,'uz','qu','Uzbek'),(3619,'uz','ro','Uzbecă'),(3620,'uz','ru','Узбекский'),(3621,'uz','sl','Uzbek'),(3622,'uz','so','Uzbek'),(3623,'uz','sq','Uzbek'),(3624,'uz','sr','Узбек'),(3625,'uz','sv','Uzbekiska'),(3626,'uz','ta','Uzbek'),(3627,'uz','th','อุซเบก'),(3628,'uz','tr','Özbekçe'),(3629,'uz','uk','Uzbek'),(3630,'uz','ur','Uzbek'),(3631,'uz','uz','Uzbek'),(3632,'uz','vi','Uzbek'),(3633,'uz','yi','Uzbek'),(3634,'uz','zh-hans','乌兹别克语'),(3635,'uz','zu','Uzbek'),(3636,'uz','zh-hant','烏茲別克語'),(3637,'uz','ms','Uzbek'),(3638,'uz','gl','Uzbek'),(3639,'uz','bn','Uzbek'),(3640,'uz','az','Uzbek'),(3641,'vi','en','Vietnamese'),(3642,'vi','es','Vietnamita'),(3643,'vi','de','Vietnamesisch'),(3644,'vi','fr','Vietnamien'),(3645,'vi','ar','الفيتنامية'),(3646,'vi','bs','Vietnamese'),(3647,'vi','bg','Виетнамски'),(3648,'vi','ca','Vietnamese'),(3649,'vi','cs','Vietnamský'),(3650,'vi','sk','Vietnamčina'),(3651,'vi','cy','Vietnamese'),(3652,'vi','da','Vietnamese'),(3653,'vi','el','Βιετναμέζικα'),(3654,'vi','eo','Vietnamese'),(3655,'vi','et','Vietnamese'),(3656,'vi','eu','Vietnamese'),(3657,'vi','fa','Vietnamese'),(3658,'vi','fi','Vietnam'),(3659,'vi','ga','Vietnamese'),(3660,'vi','he','וייטנאמית'),(3661,'vi','hi','Vietnamese'),(3662,'vi','hr','Vijetnamski'),(3663,'vi','hu','Vietnámi'),(3664,'vi','hy','Vietnamese'),(3665,'vi','id','Vietnamese'),(3666,'vi','is','Vietnamese'),(3667,'vi','it','Vietnamita'),(3668,'vi','ja','ベトナム語'),(3669,'vi','ko','베트남어'),(3670,'vi','ku','Vietnamese'),(3671,'vi','lv','Vietnamese'),(3672,'vi','lt','Vietnamese'),(3673,'vi','mk','Vietnamese'),(3674,'vi','mt','Vietnamese'),(3675,'vi','mn','Vietnamese'),(3676,'vi','ne','Vietnamese'),(3677,'vi','nl','Vietnamees'),(3678,'vi','no','Vietnamesisk'),(3679,'vi','pa','Vietnamese'),(3680,'vi','pl','Wietnamski'),(3681,'vi','pt-pt','Vietnamita'),(3682,'vi','pt-br','Vietnamita'),(3683,'vi','qu','Vietnamese'),(3684,'vi','ro','Vietnameză'),(3685,'vi','ru','Вьетнамский'),(3686,'vi','sl','Vietnamščina'),(3687,'vi','so','Vietnamese'),(3688,'vi','sq','Vietnamese'),(3689,'vi','sr','вијетнамски'),(3690,'vi','sv','Vietnamesiska'),(3691,'vi','ta','Vietnamese'),(3692,'vi','th','เวียดนาม'),(3693,'vi','tr','Vietnamca'),(3694,'vi','uk','Vietnamese'),(3695,'vi','ur','Vietnamese'),(3696,'vi','uz','Vietnamese'),(3697,'vi','vi','Tiếng Việt'),(3698,'vi','yi','Vietnamese'),(3699,'vi','zh-hans','越南语'),(3700,'vi','zu','Vietnamese'),(3701,'vi','zh-hant','越南語'),(3702,'vi','ms','Vietnamese'),(3703,'vi','gl','Vietnamese'),(3704,'vi','bn','Vietnamese'),(3705,'vi','az','Vietnamese'),(3706,'yi','en','Yiddish'),(3707,'yi','es','Yidis'),(3708,'yi','de','Jiddisch'),(3709,'yi','fr','Yiddish'),(3710,'yi','ar','اليديشية'),(3711,'yi','bs','Yiddish'),(3712,'yi','bg','Идиш'),(3713,'yi','ca','Yiddish'),(3714,'yi','cs','Jidiš'),(3715,'yi','sk','Jidiš'),(3716,'yi','cy','Yiddish'),(3717,'yi','da','Yiddish'),(3718,'yi','el','Γίντις'),(3719,'yi','eo','Yiddish'),(3720,'yi','et','Yiddish'),(3721,'yi','eu','Yiddish'),(3722,'yi','fa','Yiddish'),(3723,'yi','fi','Jiddi'),(3724,'yi','ga','Yiddish'),(3725,'yi','he','יידיש'),(3726,'yi','hi','Yiddish'),(3727,'yi','hr','Jidiš'),(3728,'yi','hu','Jiddis'),(3729,'yi','hy','Yiddish'),(3730,'yi','id','Yiddish'),(3731,'yi','is','Yiddish'),(3732,'yi','it','Yiddish'),(3733,'yi','ja','イディッシュ語'),(3734,'yi','ko','이디시어'),(3735,'yi','ku','Yiddish'),(3736,'yi','lv','Yiddish'),(3737,'yi','lt','Yiddish'),(3738,'yi','mk','Yiddish'),(3739,'yi','mt','Yiddish'),(3740,'yi','mn','Yiddish'),(3741,'yi','ne','Yiddish'),(3742,'yi','nl','Jiddisch'),(3743,'yi','no','Yiddish'),(3744,'yi','pa','Yiddish'),(3745,'yi','pl','Jidysz'),(3746,'yi','pt-pt','Yiddish'),(3747,'yi','pt-br','Yiddish'),(3748,'yi','qu','Yiddish'),(3749,'yi','ro','Idiş'),(3750,'yi','ru','Идиш'),(3751,'yi','sl','Jidiš'),(3752,'yi','so','Yiddish'),(3753,'yi','sq','Yiddish'),(3754,'yi','sr','јидиш'),(3755,'yi','sv','Jiddisch'),(3756,'yi','ta','Yiddish'),(3757,'yi','th','ยิชดิช'),(3758,'yi','tr','Eski İbranice'),(3759,'yi','uk','Yiddish'),(3760,'yi','ur','Yiddish'),(3761,'yi','uz','Yiddish'),(3762,'yi','vi','Yiddish'),(3763,'yi','yi','Yiddish'),(3764,'yi','zh-hans','依地语'),(3765,'yi','zu','Yiddish'),(3766,'yi','zh-hant','依地語'),(3767,'yi','ms','Yiddish'),(3768,'yi','gl','Yiddish'),(3769,'yi','bn','Yiddish'),(3770,'yi','az','Yiddish'),(3771,'zh-hans','en','Chinese (Simplified)'),(3772,'zh-hans','es','Chino simplificado'),(3773,'zh-hans','de','Vereinfachtes Chinesisch'),(3774,'zh-hans','fr','Chinois simplifié'),(3775,'zh-hans','ar','الصينية المبسطة'),(3776,'zh-hans','bs','Chinese (Simplified)'),(3777,'zh-hans','bg','Китайски  (опростен)'),(3778,'zh-hans','ca','Chinese (Simplified)'),(3779,'zh-hans','cs','Čínština ( Zjednodušený )'),(3780,'zh-hans','sk','Zjednodušená Čínština'),(3781,'zh-hans','cy','Chinese (Simplified)'),(3782,'zh-hans','da','Chinese (Simplified)'),(3783,'zh-hans','el','Κινεζικά (Απλοποιημένα)'),(3784,'zh-hans','eo','Chinese (Simplified)'),(3785,'zh-hans','et','Chinese (Simplified)'),(3786,'zh-hans','eu','Chinese (Simplified)'),(3787,'zh-hans','fa','Chinese (Simplified)'),(3788,'zh-hans','fi','Kiina'),(3789,'zh-hans','ga','Chinese (Simplified)'),(3790,'zh-hans','he','סינית'),(3791,'zh-hans','hi','Chinese (Simplified)'),(3792,'zh-hans','hr','Kineski (pojednostavljeni)'),(3793,'zh-hans','hu','Egyszerűsített kínai'),(3794,'zh-hans','hy','Chinese (Simplified)'),(3795,'zh-hans','id','Chinese (Simplified)'),(3796,'zh-hans','is','Chinese (Simplified)'),(3797,'zh-hans','it','Cinese semplificato'),(3798,'zh-hans','ja','簡体中国語'),(3799,'zh-hans','ko','중국어 간체'),(3800,'zh-hans','ku','Chinese (Simplified)'),(3801,'zh-hans','lv','Chinese (Simplified)'),(3802,'zh-hans','lt','Chinese (Simplified)'),(3803,'zh-hans','mk','Chinese (Simplified)'),(3804,'zh-hans','mt','Chinese (Simplified)'),(3805,'zh-hans','mn','Chinese (Simplified)'),(3806,'zh-hans','ne','Chinese (Simplified)'),(3807,'zh-hans','nl','Vereenvoudigd Chinees'),(3808,'zh-hans','no','Kinesisk (forenklet)'),(3809,'zh-hans','pa','Chinese (Simplified)'),(3810,'zh-hans','pl','Chiński uproszczony'),(3811,'zh-hans','pt-pt','Chinês (Simplificado)'),(3812,'zh-hans','pt-br','Chinês (Simplificado)'),(3813,'zh-hans','qu','Chinese (Simplified)'),(3814,'zh-hans','ro','Chineza simplificată'),(3815,'zh-hans','ru','Китайский (упрощенный)'),(3816,'zh-hans','sl','Kitajščina (poenostavljena )'),(3817,'zh-hans','so','Chinese (Simplified)'),(3818,'zh-hans','sq','Chinese (Simplified)'),(3819,'zh-hans','sr','Кинески (поједностављени)'),(3820,'zh-hans','sv','Förenklad kinesiska'),(3821,'zh-hans','ta','Chinese (Simplified)'),(3822,'zh-hans','th','จีนประยุกต์'),(3823,'zh-hans','tr','Modern Çince'),(3824,'zh-hans','uk','Chinese (Simplified)'),(3825,'zh-hans','ur','Chinese (Simplified)'),(3826,'zh-hans','uz','Chinese (Simplified)'),(3827,'zh-hans','vi','Chinese (Simplified)'),(3828,'zh-hans','yi','Chinese (Simplified)'),(3829,'zh-hans','zh-hans','简体中文'),(3830,'zh-hans','zu','Chinese (Simplified)'),(3831,'zh-hans','zh-hant','簡體中文'),(3832,'zh-hans','ms','Chinese (Simplified)'),(3833,'zh-hans','gl','Chinese (Simplified)'),(3834,'zh-hans','bn','Chinese (Simplified)'),(3835,'zh-hans','az','Chinese (Simplified)'),(3836,'zu','en','Zulu'),(3837,'zu','es','Zulú'),(3838,'zu','de','Zulu'),(3839,'zu','fr','Zoulou'),(3840,'zu','ar','الزولو'),(3841,'zu','bs','Zulu'),(3842,'zu','bg','Зулу'),(3843,'zu','ca','Zulu'),(3844,'zu','cs','Zulu'),(3845,'zu','sk','Jazyk Zulu'),(3846,'zu','cy','Zulu'),(3847,'zu','da','Zulu'),(3848,'zu','el','Ζουλού'),(3849,'zu','eo','Zulu'),(3850,'zu','et','Zulu'),(3851,'zu','eu','Zulu'),(3852,'zu','fa','Zulu'),(3853,'zu','fi','Zulu'),(3854,'zu','ga','Zulu'),(3855,'zu','he','זולו '),(3856,'zu','hi','Zulu'),(3857,'zu','hr','Zulu'),(3858,'zu','hu','Zulu'),(3859,'zu','hy','Zulu'),(3860,'zu','id','Zulu'),(3861,'zu','is','Zulu'),(3862,'zu','it','Zulu'),(3863,'zu','ja','ズールー語'),(3864,'zu','ko','줄루어'),(3865,'zu','ku','Zulu'),(3866,'zu','lv','Zulu'),(3867,'zu','lt','Zulu'),(3868,'zu','mk','Zulu'),(3869,'zu','mt','Zulu'),(3870,'zu','mn','Zulu'),(3871,'zu','ne','Zulu'),(3872,'zu','nl','Zulu'),(3873,'zu','no','Zulu'),(3874,'zu','pa','Zulu'),(3875,'zu','pl','Zuluski'),(3876,'zu','pt-pt','Zulu'),(3877,'zu','pt-br','Zulu'),(3878,'zu','qu','Zulu'),(3879,'zu','ro','Zulu'),(3880,'zu','ru','Зулу'),(3881,'zu','sl','Zulu'),(3882,'zu','so','Zulu'),(3883,'zu','sq','Zulu'),(3884,'zu','sr','зулу'),(3885,'zu','sv','Zulu'),(3886,'zu','ta','Zulu'),(3887,'zu','th','ซูลู'),(3888,'zu','tr','Zulu dili'),(3889,'zu','uk','Zulu'),(3890,'zu','ur','Zulu'),(3891,'zu','uz','Zulu'),(3892,'zu','vi','Zulu'),(3893,'zu','yi','Zulu'),(3894,'zu','zh-hans','祖鲁语'),(3895,'zu','zu','Zulu'),(3896,'zu','zh-hant','祖魯語'),(3897,'zu','ms','Zulu'),(3898,'zu','gl','Zulu'),(3899,'zu','bn','Zulu'),(3900,'zu','az','Zulu'),(3901,'zh-hant','en','Chinese (Traditional)'),(3902,'zh-hant','es','Chino tradicional'),(3903,'zh-hant','de','Traditionelles Chinesisch'),(3904,'zh-hant','fr','Chinois traditionnel'),(3905,'zh-hant','ar','الصينية التقليدية'),(3906,'zh-hant','bs','Chinese (Traditional)'),(3907,'zh-hant','bg','Китайски (традиционен)'),(3908,'zh-hant','ca','Chinese (Traditional)'),(3909,'zh-hant','cs','Čínština (tradiční )'),(3910,'zh-hant','sk','Tradičná Čínština'),(3911,'zh-hant','cy','Chinese (Traditional)'),(3912,'zh-hant','da','Chinese (Traditional)'),(3913,'zh-hant','el','Κινεζικά (Παραδοσιακά)'),(3914,'zh-hant','eo','Chinese (Traditional)'),(3915,'zh-hant','et','Chinese (Traditional)'),(3916,'zh-hant','eu','Chinese (Traditional)'),(3917,'zh-hant','fa','Chinese (Traditional)'),(3918,'zh-hant','fi','Perinteinen kiina'),(3919,'zh-hant','ga','Chinese (Traditional)'),(3920,'zh-hant','he','סינית מסורתית'),(3921,'zh-hant','hi','Chinese (Traditional)'),(3922,'zh-hant','hr','Kineski (tradicionalni)'),(3923,'zh-hant','hu','Hagyományos kínai'),(3924,'zh-hant','hy','Chinese (Traditional)'),(3925,'zh-hant','id','Chinese (Traditional)'),(3926,'zh-hant','is','Chinese (Traditional)'),(3927,'zh-hant','it','Cinese tradizionale'),(3928,'zh-hant','ja','繁体中国語'),(3929,'zh-hant','ko','중국어 번체'),(3930,'zh-hant','ku','Chinese (Traditional)'),(3931,'zh-hant','lv','Chinese (Traditional)'),(3932,'zh-hant','lt','Chinese (Traditional)'),(3933,'zh-hant','mk','Chinese (Traditional)'),(3934,'zh-hant','mt','Chinese (Traditional)'),(3935,'zh-hant','mn','Chinese (Traditional)'),(3936,'zh-hant','ne','Chinese (Traditional)'),(3937,'zh-hant','nl','Traditioneel Chinees'),(3938,'zh-hant','no','Kinesisk (tradisjonell)'),(3939,'zh-hant','pa','Chinese (Traditional)'),(3940,'zh-hant','pl','Chiński tradycyjny'),(3941,'zh-hant','pt-pt','Chinês (Tradicional)'),(3942,'zh-hant','pt-br','Chinês (Tradicional)'),(3943,'zh-hant','qu','Chinese (Traditional)'),(3944,'zh-hant','ro','Chineza tradiţională'),(3945,'zh-hant','ru','Китайский (традиционный)'),(3946,'zh-hant','sl','Kitajščina (tradicionalna)'),(3947,'zh-hant','so','Chinese (Traditional)'),(3948,'zh-hant','sq','Chinese (Traditional)'),(3949,'zh-hant','sr','Кинески (традиционални)'),(3950,'zh-hant','sv','Traditionell kinesiska'),(3951,'zh-hant','ta','Chinese (Traditional)'),(3952,'zh-hant','th','จีนดั้งเดิม'),(3953,'zh-hant','tr','Klasik Çince'),(3954,'zh-hant','uk','Chinese (Traditional)'),(3955,'zh-hant','ur','Chinese (Traditional)'),(3956,'zh-hant','uz','Chinese (Traditional)'),(3957,'zh-hant','vi','Chinese (Traditional)'),(3958,'zh-hant','yi','Chinese (Traditional)'),(3959,'zh-hant','zh-hans','繁体中文'),(3960,'zh-hant','zu','Chinese (Traditional)'),(3961,'zh-hant','zh-hant','繁體中文'),(3962,'zh-hant','ms','Chinese (Traditional)'),(3963,'zh-hant','gl','Chinese (Traditional)'),(3964,'zh-hant','bn','Chinese (Traditional)'),(3965,'zh-hant','az','Chinese (Traditional)'),(3966,'ms','en','Malay'),(3967,'ms','es','Malayo'),(3968,'ms','de','Malaiisch'),(3969,'ms','fr','Malay'),(3970,'ms','ar','لغة الملايو'),(3971,'ms','bs','Malay'),(3972,'ms','bg','Малайски'),(3973,'ms','ca','Malay'),(3974,'ms','cs','Malajský'),(3975,'ms','sk','Malay'),(3976,'ms','cy','Malay'),(3977,'ms','da','Malay'),(3978,'ms','el','Malay'),(3979,'ms','eo','Malay'),(3980,'ms','et','Malay'),(3981,'ms','eu','Malay'),(3982,'ms','fa','Malay'),(3983,'ms','fi','Malay'),(3984,'ms','ga','Malay'),(3985,'ms','he','מלאית'),(3986,'ms','hi','Malay'),(3987,'ms','hr','Malajski'),(3988,'ms','hu','Malay'),(3989,'ms','hy','Malay'),(3990,'ms','id','Malay'),(3991,'ms','is','Malay'),(3992,'ms','it','Malay'),(3993,'ms','ja','Malay'),(3994,'ms','ko','Malay'),(3995,'ms','ku','Malay'),(3996,'ms','lv','Malay'),(3997,'ms','lt','Malay'),(3998,'ms','mk','Malay'),(3999,'ms','mt','Malay'),(4000,'ms','mn','Malay'),(4001,'ms','ne','Malay'),(4002,'ms','nl','Malay'),(4003,'ms','no','Malay'),(4004,'ms','pa','Malay'),(4005,'ms','pl','Malay'),(4006,'ms','pt-pt','Malaio'),(4007,'ms','pt-br','Malaio'),(4008,'ms','qu','Malay'),(4009,'ms','ro','Malay'),(4010,'ms','ru','Малайский'),(4011,'ms','sl','Malajščina'),(4012,'ms','so','Malay'),(4013,'ms','sq','Malay'),(4014,'ms','sr','малајски'),(4015,'ms','sv','Malay'),(4016,'ms','ta','Malay'),(4017,'ms','th','Malay'),(4018,'ms','tr','Malay'),(4019,'ms','uk','Malay'),(4020,'ms','ur','Malay'),(4021,'ms','uz','Malay'),(4022,'ms','vi','Malay'),(4023,'ms','yi','Malay'),(4024,'ms','zh-hans','Malay'),(4025,'ms','zu','Malay'),(4026,'ms','zh-hant','Malay'),(4027,'ms','ms','Melayu'),(4028,'ms','gl','Malay'),(4029,'ms','bn','Malay'),(4030,'ms','az','Malay'),(4031,'gl','en','Galician'),(4032,'gl','es','Gallego'),(4033,'gl','de','Galicisch'),(4034,'gl','fr','Galicien'),(4035,'gl','ar','Galician'),(4036,'gl','bs','Galician'),(4037,'gl','bg','Galician'),(4038,'gl','ca','Galician'),(4039,'gl','cs','Galician'),(4040,'gl','sk','Galician'),(4041,'gl','cy','Galician'),(4042,'gl','da','Galician'),(4043,'gl','el','Galician'),(4044,'gl','eo','Galician'),(4045,'gl','et','Galician'),(4046,'gl','eu','Galician'),(4047,'gl','fa','Galician'),(4048,'gl','fi','Galician'),(4049,'gl','ga','Galician'),(4050,'gl','he','Galician'),(4051,'gl','hi','Galician'),(4052,'gl','hr','Galician'),(4053,'gl','hu','Galician'),(4054,'gl','hy','Galician'),(4055,'gl','id','Galician'),(4056,'gl','is','Galician'),(4057,'gl','it','Gallego'),(4058,'gl','ja','Galician'),(4059,'gl','ko','Galician'),(4060,'gl','ku','Galician'),(4061,'gl','lv','Galician'),(4062,'gl','lt','Galician'),(4063,'gl','mk','Galician'),(4064,'gl','mt','Galician'),(4065,'gl','mn','Galician'),(4066,'gl','ne','Galician'),(4067,'gl','nl','Galician'),(4068,'gl','no','Galician'),(4069,'gl','pa','Galician'),(4070,'gl','pl','Galician'),(4071,'gl','pt-pt','Galego'),(4072,'gl','pt-br','Galego'),(4073,'gl','qu','Galician'),(4074,'gl','ro','Galician'),(4075,'gl','ru','Галисийский'),(4076,'gl','sl','Galician'),(4077,'gl','so','Galician'),(4078,'gl','sq','Galician'),(4079,'gl','sr','Galician'),(4080,'gl','sv','Galician'),(4081,'gl','ta','Galician'),(4082,'gl','th','Galician'),(4083,'gl','tr','Galician'),(4084,'gl','uk','Galician'),(4085,'gl','ur','Galician'),(4086,'gl','uz','Galician'),(4087,'gl','vi','Galician'),(4088,'gl','yi','Galician'),(4089,'gl','zh-hans','Galician'),(4090,'gl','zu','Galician'),(4091,'gl','zh-hant','Galician'),(4092,'gl','ms','Galician'),(4093,'gl','gl','Galego'),(4094,'gl','bn','Galician'),(4095,'gl','az','Galician'),(4096,'bn','en','Bengali'),(4097,'bn','es','Bengalí'),(4098,'bn','de','Bengalisch'),(4099,'bn','fr','Bengali'),(4100,'bn','ar','Bengali'),(4101,'bn','bs','Bengali'),(4102,'bn','bg','Bengali'),(4103,'bn','ca','Bengali'),(4104,'bn','cs','Bengali'),(4105,'bn','sk','Bengali'),(4106,'bn','cy','Bengali'),(4107,'bn','da','Bengali'),(4108,'bn','el','Bengali'),(4109,'bn','eo','Bengali'),(4110,'bn','et','Bengali'),(4111,'bn','eu','Bengali'),(4112,'bn','fa','Bengali'),(4113,'bn','fi','Bengali'),(4114,'bn','ga','Bengali'),(4115,'bn','he','Bengali'),(4116,'bn','hi','Bengali'),(4117,'bn','hr','Bengali'),(4118,'bn','hu','Bengali'),(4119,'bn','hy','Bengali'),(4120,'bn','id','Bengali'),(4121,'bn','is','Bengali'),(4122,'bn','it','Bengalese'),(4123,'bn','ja','Bengali'),(4124,'bn','ko','Bengali'),(4125,'bn','ku','Bengali'),(4126,'bn','lv','Bengali'),(4127,'bn','lt','Bengali'),(4128,'bn','mk','Bengali'),(4129,'bn','mt','Bengali'),(4130,'bn','mn','Bengali'),(4131,'bn','ne','Bengali'),(4132,'bn','nl','Bengali'),(4133,'bn','no','Bengali'),(4134,'bn','pa','Bengali'),(4135,'bn','pl','Bengali'),(4136,'bn','pt-pt','Bengalês'),(4137,'bn','pt-br','Bengalês'),(4138,'bn','qu','Bengali'),(4139,'bn','ro','Bengali'),(4140,'bn','ru','Бенгальский'),(4141,'bn','sl','Bengali'),(4142,'bn','so','Bengali'),(4143,'bn','sq','Bengali'),(4144,'bn','sr','Bengali'),(4145,'bn','sv','Bengali'),(4146,'bn','ta','Bengali'),(4147,'bn','th','Bengali'),(4148,'bn','tr','Bengali'),(4149,'bn','uk','Bengali'),(4150,'bn','ur','Bengali'),(4151,'bn','uz','Bengali'),(4152,'bn','vi','Bengali'),(4153,'bn','yi','Bengali'),(4154,'bn','zh-hans','Bengali'),(4155,'bn','zu','Bengali'),(4156,'bn','zh-hant','Bengali'),(4157,'bn','ms','Bengali'),(4158,'bn','gl','Bengali'),(4159,'bn','bn','বাংলাদেশ'),(4160,'bn','az','Bengali'),(4161,'az','en','Azerbaijani'),(4162,'az','es','Azerí'),(4163,'az','de','Aserbeidschanisch'),(4164,'az','fr','Azéri'),(4165,'az','ar','الأذربيجانية'),(4166,'az','bs','Azerbaijani'),(4167,'az','bg','Azerbaijani'),(4168,'az','ca','Azerbaijani'),(4169,'az','cs','Azerbaijani'),(4170,'az','sk','Azerbaijani'),(4171,'az','cy','Azerbaijani'),(4172,'az','da','Azerbaijani'),(4173,'az','el','Azerbaijani'),(4174,'az','eo','Azerbaijani'),(4175,'az','et','Azerbaijani'),(4176,'az','eu','Azerbaijani'),(4177,'az','fa','Azerbaijani'),(4178,'az','fi','Azerbaijani'),(4179,'az','ga','Azerbaijani'),(4180,'az','he','אזרביג\'נית'),(4181,'az','hi','Azerbaijani'),(4182,'az','hr','Azerbaijani'),(4183,'az','hu','Azerbaijani'),(4184,'az','hy','Azerbaijani'),(4185,'az','id','Azerbaijani'),(4186,'az','is','Azerbaijani'),(4187,'az','it','Azerbaigiano'),(4188,'az','ja','アゼルバイジャン語'),(4189,'az','ko','Azerbaijani'),(4190,'az','ku','Azerbaijani'),(4191,'az','lv','Azerbaijani'),(4192,'az','lt','Azerbaijani'),(4193,'az','mk','Azerbaijani'),(4194,'az','mt','Azerbaijani'),(4195,'az','mn','Azerbaijani'),(4196,'az','ne','Azerbaijani'),(4197,'az','nl','Azerbaijani'),(4198,'az','no','Azerbaijani'),(4199,'az','pa','Azerbaijani'),(4200,'az','pl','Azerski'),(4201,'az','pt-pt','Azerbaijano'),(4202,'az','pt-br','Azerbaijano'),(4203,'az','qu','Azerbaijani'),(4204,'az','ro','Azerbaijani'),(4205,'az','ru','Азербайджанский'),(4206,'az','sl','Azerbaijani'),(4207,'az','so','Azerbaijani'),(4208,'az','sq','Azerbaijani'),(4209,'az','sr','Azerbaijani'),(4210,'az','sv','Azerbaijani'),(4211,'az','ta','Azerbaijani'),(4212,'az','th','Azerbaijani'),(4213,'az','tr','Azerbaijani'),(4214,'az','uk','Azerbaijani'),(4215,'az','ur','Azerbaijani'),(4216,'az','uz','Azerbaijani'),(4217,'az','vi','Azerbaijani'),(4218,'az','yi','Azerbaijani'),(4219,'az','zh-hans','阿塞拜疆语'),(4220,'az','zu','Azerbaijani'),(4221,'az','zh-hant','Azerbaijani'),(4222,'az','ms','Azerbaijani'),(4223,'az','gl','Azerbaijani'),(4224,'az','bn','Azerbaijani'),(4225,'az','az','Azərbaycan');

--
-- Table structure for table `wpsy_icl_locale_map`
--

CREATE TABLE `wpsy_icl_locale_map` (
  `code` varchar(7) NOT NULL,
  `locale` varchar(35) NOT NULL,
  PRIMARY KEY (`code`,`locale`)
) ENGINE=InnoDB DEFAULT CHARSET=utf8mb4 COLLATE=utf8mb4_unicode_ci;

--
-- Dumping data for table `wpsy_icl_locale_map`
--

INSERT INTO `wpsy_icl_locale_map` VALUES ('en','en_US'),('es','es_ES'),('pt-br','pt_BR');

--
-- Table structure for table `wpsy_icl_message_status`
--

CREATE TABLE `wpsy_icl_message_status` (
  `id` bigint(20) unsigned NOT NULL AUTO_INCREMENT,
  `rid` bigint(20) unsigned NOT NULL,
  `object_id` bigint(20) unsigned NOT NULL,
  `from_language` varchar(10) NOT NULL,
  `to_language` varchar(10) NOT NULL,
  `timestamp` timestamp NOT NULL DEFAULT current_timestamp(),
  `md5` varchar(32) NOT NULL,
  `object_type` varchar(64) NOT NULL,
  `status` smallint(6) NOT NULL,
  PRIMARY KEY (`id`),
  UNIQUE KEY `rid` (`rid`),
  KEY `object_id` (`object_id`)
) ENGINE=InnoDB DEFAULT CHARSET=utf8mb4 COLLATE=utf8mb4_unicode_ci;

--
-- Dumping data for table `wpsy_icl_message_status`
--


--
-- Table structure for table `wpsy_icl_mo_files_domains`
--

CREATE TABLE `wpsy_icl_mo_files_domains` (
  `id` int(11) NOT NULL AUTO_INCREMENT,
  `file_path` varchar(250) NOT NULL,
  `file_path_md5` varchar(32) NOT NULL,
  `domain` varchar(160) NOT NULL,
  `status` varchar(20) NOT NULL DEFAULT 'not_imported',
  `num_of_strings` int(11) NOT NULL DEFAULT 0,
  `last_modified` int(11) NOT NULL,
  `component_type` enum('plugin','theme','other') NOT NULL DEFAULT 'other',
  `component_id` varchar(100) DEFAULT NULL,
  PRIMARY KEY (`id`),
  UNIQUE KEY `file_path_md5_UNIQUE` (`file_path_md5`)
) ENGINE=InnoDB AUTO_INCREMENT=171 DEFAULT CHARSET=utf8mb4 COLLATE=utf8mb4_unicode_ci;

--
-- Dumping data for table `wpsy_icl_mo_files_domains`
--

INSERT INTO `wpsy_icl_mo_files_domains` VALUES (1,'wp-content/plugins/wpml-string-translation/locale/wpml-string-translation-es_ES.mo','9ac768c6db2e30dc875c1047274b674c','wpml-string-translation','not_imported',0,1667508207,'plugin','wpml-string-translation/plugin.php'),(2,'wp-content/plugins/buddypress-group-email-subscription/languages/buddypress-group-email-subscription-es_ES.mo','f27aea1bde0c68ec2f738de237e47493','buddypress-group-email-subscription','not_imported',0,1668549902,'plugin','buddypress-group-email-subscription/bp-activity-subscription.php'),(3,'wp-content/plugins/buddypress-media/languages/buddypress-media-es_ES.mo','66519cbd238b330fe14e85e7b6bee1d4','buddypress-media','imported',405,1661981375,'plugin','buddypress-media/index.php'),(4,'wp-content/plugins/buddypress-docs/languages/buddypress-docs-es_ES.mo','04d8044b4ec98411f4a407031688f554','buddypress-docs','imported',189,1663047150,'plugin','buddypress-docs/loader.php'),(5,'wp-content/plugins/bp-editable-activity/languages/bp-editable-activity-en_US.mo','7ec5ba60025651feb1dae281a4c29285','bp-editable-activity','imported',0,1663047244,'plugin','bp-editable-activity/bp-editable-activity.php'),(6,'wp-content/plugins/sitepress-multilingual-cms/locale/sitepress-es_ES.mo','2119238c130612b6e8b960809f166e5a','sitepress','not_imported',0,1667874539,'plugin','sitepress-multilingual-cms/sitepress.php'),(7,'wp-content/plugins/buddypress-activity-share-pro/languages/buddypress-share-en_US.mo','665bdccc4e69b429e616a4016f80895b','buddypress-share','imported',0,1661976458,'plugin','buddypress-activity-share-pro/buddypress-share.php'),(8,'wp-content/plugins/types/vendor/toolset/toolset-common/languages/views-es_ES.mo','1a066c4081454129ded378d720679cd1','wpv-views','not_imported',0,1667918185,'plugin','types/wpcf.php'),(9,'wp-content/plugins/types/vendor/toolset/types/embedded/locale/types-es_ES.mo','23b80a0ebcbd14316282c1d13e758853','wpcf','not_imported',0,1667918184,'plugin','types/wpcf.php'),(10,'wp-content/plugins/sitepress-multilingual-cms/locale/wpml-translation-management-es_ES.mo','e0ae081bb7fa548a9845f2edce9a7bdb','wpml-translation-management','not_imported',0,1669206747,'plugin','sitepress-multilingual-cms/sitepress.php'),(11,'wp-content/languages/es_ES.mo','42c34bd8677e02233c8192bef1a1623e','default','not_imported',0,1668120767,'other',''),(12,'wp-content/languages/admin-es_ES.mo','5b8584efc7d86be868929516860818c5','default','not_imported',0,1668120767,'other',''),(15,'wp-content/languages/es_ES-320f4ad9792aaa6dedb1e71cbdf85d57.json','e98353db13762176afcd8b7c841ff59f','default-wp-a11y','not_imported',0,1668120767,'other',''),(16,'wp-content/languages/es_ES-81c889563f09dd13de1701135dc62941.json','cda52dea080211a5e4bcc31b98006864','default-media-views','not_imported',0,1668120767,'other',''),(17,'wp-content/languages/es_ES-f575f481034e90e21d832e415fd95fcf.json','4e8b50529ff48d443be2a0eda5a5141e','default-media-editor','not_imported',0,1668120767,'other',''),(20,'wp-content/plugins/sitepress-multilingual-cms/locale/jed/sitepress-es_ES-wpml-media-setup-ui.json','869429745d7eafd54271e47d6642ef7b','sitepress-wpml-media-setup-ui','imported',2,1665433945,'plugin','sitepress-multilingual-cms/sitepress.php'),(21,'wp-content/plugins/sitepress-multilingual-cms/locale/jed/wpml-translation-management-es_ES-wpml-ate-jobs-sync-ui.json','3bff284329e1ae6348d808a2b52e5aba','wpml-translation-management-wpml-ate-jobs-sync-ui','not_imported',0,1669206747,'plugin','sitepress-multilingual-cms/sitepress.php'),(22,'wp-content/languages/es_ES-77fdfadaf2e1ca3a027d1956b910bc50.json','55b8be04256f8f79981cc338f4ab27e4','default-common','not_imported',0,1668120767,'other',''),(23,'wp-content/languages/es_ES-93882e8f9976382d7f724ac595ed7151.json','4ff08c5ae156df6458828a8a717677a7','default-wp-auth-check','not_imported',0,1668120767,'other',''),(24,'wp-content/languages/es_ES-9c3519f4870fac83dc0dbf18cb6bd4c4.json','c99f1cda2c20b181718d31d6a16087d9','default-wp-color-picker','not_imported',0,1668120767,'other',''),(28,'wp-content/languages/es_ES-1d17475f620f63a92e2c5d2681c51ee8.json','6db1ee281a8e3559d057c25652bcd89e','default-image-edit','not_imported',0,1668120767,'other',''),(29,'wp-content/languages/es_ES-bf23b24175490c2e46aaf92ff6a0c70f.json','97c5c21a99ca1aa5415849641be3b675','default-wp-pointer','not_imported',0,1668120767,'other',''),(30,'wp-content/languages/es_ES-0eebe503220d4a00341eb011b92769b4.json','7ff3f01af6183cd9293f9170c1e34687','default-password-strength-meter','not_imported',0,1668120767,'other',''),(31,'wp-content/languages/es_ES-81d6f084cb273e02e15b01bd9ece87f7.json','640e3760d28ad1f2ad03a9a6de3fe6bb','default-user-profile','not_imported',0,1668120767,'other',''),(32,'wp-content/languages/es_ES-4a38fe1c0c45989e44682ba6109d9f46.json','b3b21b661c9ad2fcc76dc63b58f894b8','default-site-health','not_imported',0,1668120767,'other',''),(33,'wp-content/languages/es_ES-6025add6bde16aaeb12787d250f9b414.json','8887f4ad0017c5a3e007162e2f6628e4','default-admin-comments','not_imported',0,1668120767,'other',''),(34,'wp-content/languages/es_ES-50278328b502f4eb3f2b8b7ab49324a1.json','ffb5410ed3b58fd173ac34d5de414318','default-postbox','not_imported',0,1668120767,'other',''),(35,'wp-content/languages/es_ES-e2e4c4b80f3adf2c70b431bfdb1b4872.json','45687d6d2e34141fdf4c82c79fa07c0f','default-dashboard','not_imported',0,1668120767,'other',''),(36,'wp-content/languages/es_ES-7436b7ee9e4f11ac0d618d8cc886eb66.json','2e111e748166fa3b1f2ea842d1211d27','default-plugin-install','not_imported',0,1668120767,'other',''),(37,'wp-content/languages/es_ES-2b390f85a3048c5b4255fb45960b6514.json','d074ca6d6ea7991edc1b9d90df9e0796','default-updates','not_imported',0,1668120767,'other',''),(38,'wp-content/languages/es_ES-1bba9045bb07c89671c88a3f328548e8.json','904903420503fcf1a2088277b3233a63','default-wp-api-fetch','not_imported',0,1668120767,'other',''),(39,'wp-content/languages/es_ES-7d5ca435e60d92f024d46c9257aaa0f7.json','b612297b7d67642852598bf55071c1b3','default-tags-suggest','not_imported',0,1668120767,'other',''),(40,'wp-content/languages/es_ES-9b256ea9cd54df92095e04c76758ceb0.json','d2a17d7090d39ec15012cefdabd9a690','default-inline-edit-post','not_imported',0,1668120767,'other',''),(41,'wp-content/plugins/sitepress-multilingual-cms/locale/jed/sitepress-es_ES-wpml-jobs-ui.json','0be12acb2c012ad120673e00f723473c','sitepress-wpml-jobs-ui','not_imported',0,1669206747,'plugin','sitepress-multilingual-cms/sitepress.php'),(42,'wp-content/plugins/sitepress-multilingual-cms/locale/jed/sitepress-es_ES-wpml-languages-ui.json','7f6871d307095eb95c4d36c8746d4695','sitepress-wpml-languages-ui','imported',14,1665433945,'plugin','sitepress-multilingual-cms/sitepress.php'),(43,'wp-content/plugins/sitepress-multilingual-cms/vendor/otgs/installer/locale/installer-es_ES.mo','b32488c9fba0f5d47fbd3fa86e0e8415','installer','not_imported',0,1669206746,'plugin','sitepress-multilingual-cms/sitepress.php'),(45,'wp-content/languages/es_ES-a25d1cc7bf7ca0b4e114f6bea64943f4.json','3d44a1b11e626308753643c4076970d2','default-wp-keycodes','not_imported',0,1668120767,'other',''),(46,'wp-content/languages/es_ES-17179a5f2930647c89151e365f843b6e.json','3d1582ca4b57b920d1a75c0c9c72142a','default-wp-rich-text','not_imported',0,1668120767,'other',''),(47,'wp-content/languages/es_ES-7f13c36c641b114bf18cd0bcc9ecc7e0.json','9b0a56a0e3890ff60c89bb16a42eaeb7','default-wp-components','not_imported',0,1668120767,'other',''),(48,'wp-content/languages/es_ES-9d47a87c240c1d10701cd6a02b28aa1b.json','e76c16b4eb50824b1c2d52dd1aab22a8','default-tags-box','not_imported',0,1668120767,'other',''),(49,'wp-content/languages/es_ES-569e85ef168299eb8c8f24d8ef8c8a78.json','285a20e6e679cf6f7900f7b2d97c60ee','default-post','not_imported',0,1668120767,'other',''),(50,'wp-content/languages/es_ES-2c5d274ea625dd91556554ad82901529.json','57c898b994b6f0c8440fbe1f6abc98e3','default-wp-annotations','not_imported',0,1668120767,'other',''),(51,'wp-content/languages/es_ES-1a0cd6a7128913b15c1a10dd68951869.json','527a4985d677864f45db40f865cae08a','default-wp-blocks','not_imported',0,1668120767,'other',''),(52,'wp-content/plugins/sitepress-multilingual-cms/locale/jed/sitepress-es_ES-wpml-settings-ui.json','818fe99c76601c270384c76356c3de3e','sitepress-wpml-settings-ui','not_imported',0,1665433945,'plugin','sitepress-multilingual-cms/sitepress.php'),(53,'wp-content/plugins/sitepress-multilingual-cms/locale/jed/wpml-translation-management-es_ES-wpml-translation-method-ui.json','f2fcad0a2a4dbe2eb30951b88194b8c3','wpml-translation-management-wpml-translation-method-ui','not_imported',0,1665433945,'plugin','sitepress-multilingual-cms/sitepress.php'),(54,'wp-content/languages/continents-cities-es_ES.mo','f043f895b2071c8c409bece708a9f402','continents-cities','not_imported',0,1668120767,'other',''),(55,'wp-content/languages/es_ES-a9dc201dcd011fe71849743133052619.json','9b8dc647ac21437a143e14276bb29e96','default-nav-menu','not_imported',0,1668120767,'other',''),(56,'wp-content/languages/plugins/buddypress-media-es_ES.mo','d66f4140f1b8262634304b0b8a5732dd','buddypress-media','imported',688,1663106880,'plugin','buddypress-media/index.php'),(57,'wp-content/languages/plugins/buddypress-es_ES.mo','f55762970b7fd80a8a0cb918e9bc2924','buddypress','imported',3412,1664967234,'plugin','buddypress/bp-loader.php'),(58,'wp-content/languages/plugins/bp-verified-member-es_ES.mo','b1725679c494cc6c075b28f905760427','bp-verified-member','imported',38,1663106881,'plugin','bp-verified-member/bp-verified-member.php'),(59,'wp-content/languages/plugins/elementor-es_ES.mo','559f9eae6ffa2c690e0eec0f4d770529','elementor','not_imported',0,1668423237,'plugin','elementor/elementor.php'),(60,'wp-content/languages/plugins/imagify-es_ES.mo','9b88c8d30c26af35c9406c4c65dffd6e','imagify','imported',534,1663106880,'plugin','imagify/imagify.php'),(61,'wp-content/languages/plugins/wordpress-seo-es_ES.mo','79b4e8ccca2d734312f57d497934ae7e','wordpress-seo','not_imported',0,1670087755,'plugin','wordpress-seo/wp-seo.php'),(62,'wp-content/languages/plugins/buddypress-docs-es_ES.mo','95decb72dd73b2d08015a3babfb157a0','buddypress-docs','imported',318,1663106878,'plugin','buddypress-docs/loader.php'),(63,'wp-content/languages/plugins/bbpress-es_ES.mo','30aadfcdfd5729a2b6972c032899d8a5','bbpress','imported',1425,1664924658,'plugin','bbpress/bbpress.php'),(64,'wp-content/languages/plugins/user-switching-es_ES.mo','d336c02a9c5afb01f9ac120ff6b2816d','user-switching','imported',14,1663106881,'plugin','user-switching/user-switching.php'),(65,'wp-content/languages/plugins/wp-mail-smtp-es_ES.mo','8e62df8e35ea9f3f90bc4314a6b6d2e7','wp-mail-smtp','not_imported',0,1670501052,'plugin','wp-mail-smtp/wp_mail_smtp.php'),(66,'wp-content/languages/plugins/tinymce-advanced-es_ES.mo','e231cb78438b2de321c13ba4fe2abfe0','tinymce-advanced','imported',132,1663106876,'plugin','tinymce-advanced/tinymce-advanced.php'),(67,'wp-content/plugins/wp-rocket/languages/rocket-es_ES.mo','9592f150abd97f6ebf25ee9b21cc21a7','rocket','not_imported',0,1670087764,'plugin','wp-rocket/wp-rocket.php'),(69,'wp-content/languages/es_ES-8240df461220d1d3a028a9a4c5652a5b.json','60d1d077ef57e6062eb0b243d25098dd','default-wp-theme-plugin-editor','not_imported',0,1668120767,'other',''),(70,'wp-content/languages/admin-network-es_ES.mo','a19bc29ce760c193ba19b2ff7d940a35','default','not_imported',0,1668120767,'other',''),(71,'wp-content/languages/es_ES-7289286ed59e90a8f36ae797df62220b.json','b326bc454f466cd6e46676ea70c7cd35','default-media','not_imported',0,1668120767,'other',''),(72,'wp-content/languages/es_ES-7b74c8457eaa7fcc50db41b431f8a003.json','563979d22bddfdc57c88bd41dc5ab2af','default-admin-tags','not_imported',0,1668120767,'other',''),(73,'wp-content/languages/es_ES-ca28138671823450e87dfd354f7afc6b.json','50e2128f6f96dce8c8f03ca4f84375f3','default-inline-edit-tax','not_imported',0,1668120767,'other',''),(74,'wp-content/languages/es_ES-5251f7623766a714c8207c7edb938628.json','4c7dc0115bc48803807c6e0d1e8628ae','default-admin-widgets','not_imported',0,1668120767,'other',''),(75,'wp-content/languages/es_ES-529362903a5a05b34b06b5e793fb4cf8.json','43a1232e35dd4a5a757bc3c8486e68ff','default-application-passwords','not_imported',0,1668120767,'other',''),(76,'wp-content/plugins/the-events-calendar/common/lang/tribe-common-es_ES.mo','fdce09d3679cb9f86fbbdcc94565c84b','tribe-common','not_imported',0,1664119658,'plugin','the-events-calendar/the-events-calendar.php'),(77,'wp-content/languages/plugins/the-events-calendar-es_ES.mo','dc5b6f90bb8f1e4dc17e84091c9434c6','the-events-calendar','not_imported',0,1664119662,'plugin','the-events-calendar/the-events-calendar.php'),(78,'wp-content/plugins/the-events-calendar/lang/the-events-calendar-es_ES.mo','2549b988e5d0efea4dc86bb91c2783bb','the-events-calendar','not_imported',0,1664119658,'plugin','the-events-calendar/the-events-calendar.php'),(84,'wp-content/plugins/template-events-calendar/admin/codestar-framework/languages/es_ES.mo','334394764787e2336a11dd90081fcd0f','csf','not_imported',0,1664119669,'plugin','template-events-calendar/events-calendar-templates.php'),(85,'wp-content/languages/plugins/duplicate-post-es_ES.mo','143eddd87e86ff865940505039f0b3da','duplicate-post','not_imported',0,1665533125,'plugin','duplicate-post/duplicate-post.php'),(87,'wp-content/plugins/wpml-string-translation/locale/wpml-string-translation-pt_BR.mo','3f5fb2686e27e8cdb6100487ce7ae7b1','wpml-string-translation','not_imported',0,1667508207,'plugin','wpml-string-translation/plugin.php'),(88,'wp-content/plugins/buddypress-group-email-subscription/languages/buddypress-group-email-subscription-pt_BR.mo','8cae0273c002259f873aa87d16765344','buddypress-group-email-subscription','not_imported',0,1668549902,'plugin','buddypress-group-email-subscription/bp-activity-subscription.php'),(89,'wp-content/plugins/buddypress-media/languages/buddypress-media-pt_BR.mo','f2bb9e03aa86c9e71b08a76e0a98de7e','buddypress-media','imported',231,1661981375,'plugin','buddypress-media/index.php'),(90,'wp-content/plugins/perfmatters/languages/perfmatters-pt_BR.mo','3bf3e810e1184573784a185575e898c4','perfmatters','imported',225,1666195681,'plugin','perfmatters/perfmatters.php'),(91,'wp-content/plugins/wp-rocket/languages/rocket-pt_BR.mo','bb7ed1acad795a4976b188f0f2a7bba8','rocket','not_imported',0,1670087764,'plugin','wp-rocket/wp-rocket.php'),(92,'wp-content/plugins/buddypress-docs/languages/buddypress-docs-pt_BR.mo','a92cc8e8bb8d2defc7b078415072503c','buddypress-docs','imported',127,1663047150,'plugin','buddypress-docs/loader.php'),(93,'wp-content/languages/pt_BR.mo','cc5fcce05c791ee680feee9a4761690f','default','not_imported',0,1668180147,'other',''),(94,'wp-content/languages/pt_BR-320f4ad9792aaa6dedb1e71cbdf85d57.json','bf0c3403c1cb7e142eb0fbf442e2a50f','default-wp-a11y','not_imported',0,1668180147,'other',''),(95,'wp-content/plugins/sitepress-multilingual-cms/locale/wpml-translation-management-pt_BR.mo','d1c9bdc183661e8a4a20ae5a0fe6b33c','wpml-translation-management','not_imported',0,1669206747,'plugin','sitepress-multilingual-cms/sitepress.php'),(103,'wp-content/languages/admin-pt_BR.mo','13709c2c0b250529ca9b08ec99d89c33','default','not_imported',0,1668180147,'other',''),(104,'wp-content/plugins/sitepress-multilingual-cms/locale/jed/sitepress-pt_BR-wpml-media-setup-ui.json','d901ec9cfd1fc2c658bbe4ab2208affb','sitepress-wpml-media-setup-ui','imported',2,1665433945,'plugin','sitepress-multilingual-cms/sitepress.php'),(105,'wp-content/plugins/sitepress-multilingual-cms/locale/jed/wpml-translation-management-pt_BR-wpml-ate-jobs-sync-ui.json','05a63d8b637a75347ad67bb3fa640190','wpml-translation-management-wpml-ate-jobs-sync-ui','not_imported',0,1669206747,'plugin','sitepress-multilingual-cms/sitepress.php'),(106,'wp-content/languages/pt_BR-9c3519f4870fac83dc0dbf18cb6bd4c4.json','b12d46811d4ee41d6d32dd533a70ea58','default-wp-color-picker','not_imported',0,1668180147,'other',''),(107,'wp-content/plugins/sitepress-multilingual-cms/locale/jed/sitepress-pt_BR-wpml-languages-ui.json','6677f255e0b679eba1f15e4b3301c30a','sitepress-wpml-languages-ui','imported',14,1665433945,'plugin','sitepress-multilingual-cms/sitepress.php'),(108,'wp-content/languages/pt_BR-bf23b24175490c2e46aaf92ff6a0c70f.json','18e7c409398faebd8cbd890a9e794bd5','default-wp-pointer','not_imported',0,1668180147,'other',''),(109,'wp-content/languages/pt_BR-77fdfadaf2e1ca3a027d1956b910bc50.json','52a91456ad95c813642d1552e9e64888','default-common','not_imported',0,1668180147,'other',''),(110,'wp-content/languages/pt_BR-93882e8f9976382d7f724ac595ed7151.json','13d48ebf549eba2ffdb324f9415d5255','default-wp-auth-check','not_imported',0,1668180147,'other',''),(112,'wp-content/languages/pt_BR-81c889563f09dd13de1701135dc62941.json','38739ec8b19717d14a06fd34efe7be87','default-media-views','not_imported',0,1668180147,'other',''),(113,'wp-content/languages/pt_BR-f575f481034e90e21d832e415fd95fcf.json','b676fd64219c71563fa679c65ad34af9','default-media-editor','not_imported',0,1668180147,'other',''),(114,'wp-content/languages/pt_BR-1d17475f620f63a92e2c5d2681c51ee8.json','0e73a26170e23faf884dfde3634929f0','default-image-edit','not_imported',0,1668180147,'other',''),(115,'wp-content/languages/pt_BR-0eebe503220d4a00341eb011b92769b4.json','338053ed42908f3ad02bbf71332aab80','default-password-strength-meter','not_imported',0,1668180147,'other',''),(116,'wp-content/languages/pt_BR-81d6f084cb273e02e15b01bd9ece87f7.json','74079c3da0d39fe02643ce7de1c32e9d','default-user-profile','not_imported',0,1668180147,'other',''),(117,'wp-content/languages/pt_BR-4a38fe1c0c45989e44682ba6109d9f46.json','12603abb153b79455b867eeb4d8c1c80','default-site-health','not_imported',0,1668180147,'other',''),(118,'wp-content/languages/pt_BR-6025add6bde16aaeb12787d250f9b414.json','1aeda05ad717d3eedb0bb33a8a6fc13a','default-admin-comments','not_imported',0,1668180147,'other',''),(119,'wp-content/languages/pt_BR-50278328b502f4eb3f2b8b7ab49324a1.json','35fd94ddc93ca264eac35d5e58d0b980','default-postbox','not_imported',0,1668180147,'other',''),(120,'wp-content/languages/pt_BR-e2e4c4b80f3adf2c70b431bfdb1b4872.json','52462b24612510b8bac2140d3e0db161','default-dashboard','not_imported',0,1668180147,'other',''),(121,'wp-content/languages/pt_BR-7436b7ee9e4f11ac0d618d8cc886eb66.json','adef142f8e131b7c4188c8aace4881ba','default-plugin-install','not_imported',0,1668180147,'other',''),(122,'wp-content/languages/pt_BR-2b390f85a3048c5b4255fb45960b6514.json','f6699c74582056845387a63d6d0e2d25','default-updates','not_imported',0,1668180147,'other',''),(123,'wp-content/languages/pt_BR-1bba9045bb07c89671c88a3f328548e8.json','0be2d9033072cc70623d04a1eb864dec','default-wp-api-fetch','not_imported',0,1668180147,'other',''),(124,'wp-content/languages/pt_BR-a9dc201dcd011fe71849743133052619.json','52d0c39e4e0d78ad90bbcf435d5940c8','default-nav-menu','not_imported',0,1668180147,'other',''),(125,'wp-content/plugins/sitepress-multilingual-cms/locale/sitepress-pt_BR.mo','fc3a8125599d0a4076f75c1a55962808','sitepress','not_imported',0,1667874539,'plugin','sitepress-multilingual-cms/sitepress.php'),(126,'wp-content/plugins/sitepress-multilingual-cms/vendor/otgs/installer/locale/installer-pt_BR.mo','99bb501812e3e9e14211864fb83fb146','installer','not_imported',0,1669206746,'plugin','sitepress-multilingual-cms/sitepress.php'),(127,'wp-content/languages/plugins/buddypress-pt_BR.mo','d5b81d176314d13692a8e1be820a21c0','buddypress','imported',2480,1666962566,'plugin','buddypress/bp-loader.php'),(128,'wp-content/languages/plugins/elementor-pt_BR.mo','dea69ab0020c4677521bc46c29acae4a','elementor','not_imported',0,1670021616,'plugin','elementor/elementor.php'),(129,'wp-content/languages/plugins/imagify-pt_BR.mo','ebdfd9949863fdaf03d99b1d6bd7882b','imagify','imported',232,1666813189,'plugin','imagify/imagify.php'),(130,'wp-content/languages/plugins/wordpress-seo-pt_BR.mo','cf1d3a60b81149ab58b2d7c67a605332','wordpress-seo','not_imported',0,1669416843,'plugin','wordpress-seo/wp-seo.php'),(131,'wp-content/languages/plugins/buddypress-docs-pt_BR.mo','859e4d02da4f791a039d58c6eb658e7e','buddypress-docs','imported',318,1666813188,'plugin','buddypress-docs/loader.php'),(132,'wp-content/languages/plugins/bbpress-pt_BR.mo','f6e8304ec9bd96f4451d803b27eca005','bbpress','not_imported',0,1670280837,'plugin','bbpress/bbpress.php'),(133,'wp-content/languages/plugins/user-switching-pt_BR.mo','f5bbbbab8ef90368566583bb12119b53','user-switching','imported',10,1666813190,'plugin','user-switching/user-switching.php'),(134,'wp-content/languages/plugins/wp-mail-smtp-pt_BR.mo','b2179bdbddf336a596732f6c0439e3fa','wp-mail-smtp','imported',429,1666813190,'plugin','wp-mail-smtp/wp_mail_smtp.php'),(140,'wp-content/languages/plugins/tinymce-advanced-pt_BR.mo','85ca17eb0c781c34b534b538dc50268f','tinymce-advanced','imported',132,1666813186,'plugin','tinymce-advanced/tinymce-advanced.php'),(141,'wp-content/plugins/push-notification/languages/push-notification-pt_BR.mo','611e757d31d42870dddbd0444fe03e91','push-notification','not_imported',0,1670363964,'plugin','push-notification/push-notification.php'),(142,'wp-content/plugins/wbcom-designs-buddypress-search/languages/buddypress-search-pt_BR.mo','edc6acf1325e39202e9f130f2cf264d5','buddypress-search','imported',0,1663050786,'plugin','wbcom-designs-buddypress-search/buddypress-search.php'),(143,'wp-content/languages/pt_BR-529362903a5a05b34b06b5e793fb4cf8.json','7a2cbacc76f5a1674da51a1e5ba31eb3','default-application-passwords','not_imported',0,1668180147,'other',''),(144,'wp-content/plugins/sitepress-multilingual-cms/locale/jed/sitepress-pt_BR-wpml-jobs-ui.json','f18fa4a7dc38cd989231ffa4a545c046','sitepress-wpml-jobs-ui','not_imported',0,1669206747,'plugin','sitepress-multilingual-cms/sitepress.php'),(145,'wp-content/languages/pt_BR-7d5ca435e60d92f024d46c9257aaa0f7.json','2aa61be86ce249d670aff1afa07ed143','default-tags-suggest','not_imported',0,1668180147,'other',''),(146,'wp-content/languages/pt_BR-9b256ea9cd54df92095e04c76758ceb0.json','fa88b89238266f32c46bd8fb74987a16','default-inline-edit-post','not_imported',0,1668180147,'other',''),(147,'wp-content/languages/admin-network-pt_BR.mo','50c063119b06375762507d732ed1aa87','default','not_imported',0,1668180147,'other',''),(148,'wp-content/languages/pt_BR-a25d1cc7bf7ca0b4e114f6bea64943f4.json','2ac50d8a3fd5d3b064001c9757d726b4','default-wp-keycodes','not_imported',0,1668180147,'other',''),(149,'wp-content/languages/pt_BR-17179a5f2930647c89151e365f843b6e.json','049ae43e99594a38aee016b7acf2aefc','default-wp-rich-text','not_imported',0,1668180147,'other',''),(150,'wp-content/languages/pt_BR-7f13c36c641b114bf18cd0bcc9ecc7e0.json','cda2acd2cf3fdc19ceb9811d5ce75c80','default-wp-components','not_imported',0,1668180147,'other',''),(151,'wp-content/languages/pt_BR-9d47a87c240c1d10701cd6a02b28aa1b.json','8c26d3ca479bd463e96f44a9e4c0a27e','default-tags-box','not_imported',0,1668180147,'other',''),(152,'wp-content/languages/pt_BR-569e85ef168299eb8c8f24d8ef8c8a78.json','1f8aa9313b45d73d344e4459d4dce357','default-post','not_imported',0,1668180147,'other',''),(153,'wp-content/languages/pt_BR-2c5d274ea625dd91556554ad82901529.json','e0caaf0d271f1d8eaf1ab9a61526cfcb','default-wp-annotations','not_imported',0,1668180147,'other',''),(154,'wp-content/languages/pt_BR-1a0cd6a7128913b15c1a10dd68951869.json','082e38cc4e4d560010a5948c3feb616e','default-wp-blocks','not_imported',0,1668180147,'other',''),(155,'wp-content/languages/pt_BR-8240df461220d1d3a028a9a4c5652a5b.json','360ae42079093d5d4c0a2c1c5206f8be','default-wp-theme-plugin-editor','not_imported',0,1668180147,'other',''),(156,'wp-content/plugins/sitepress-multilingual-cms/locale/jed/sitepress-pt_BR-wpml-settings-ui.json','187bfcc7f11d795c27d5cee798c820ae','sitepress-wpml-settings-ui','not_imported',0,1665433945,'plugin','sitepress-multilingual-cms/sitepress.php'),(157,'wp-content/plugins/sitepress-multilingual-cms/locale/jed/wpml-translation-management-pt_BR-wpml-translation-method-ui.json','1ad8a7c8189e1e7edd4ed467bc7d1ba3','wpml-translation-management-wpml-translation-method-ui','not_imported',0,1665433945,'plugin','sitepress-multilingual-cms/sitepress.php'),(158,'wp-content/languages/continents-cities-pt_BR.mo','1e1bb9b4ff09e4c0cec81ad66df3b6ce','continents-cities','not_imported',0,1668180147,'other',''),(159,'wp-content/languages/pt_BR-7b74c8457eaa7fcc50db41b431f8a003.json','a03757327ed4e9248db0b955d23c8a5c','default-admin-tags','not_imported',0,1668180147,'other',''),(160,'wp-content/languages/pt_BR-ca28138671823450e87dfd354f7afc6b.json','a2bc6f1a80849bbf13cffddf4b52e2dc','default-inline-edit-tax','not_imported',0,1668180147,'other',''),(161,'wp-content/languages/pt_BR-7289286ed59e90a8f36ae797df62220b.json','7ad7e3af60a73cda5218870298a1a61a','default-media','not_imported',0,1668180147,'other',''),(162,'wp-content/languages/pt_BR-5251f7623766a714c8207c7edb938628.json','ba921dfd4c241a798607a58c4ba3f029','default-admin-widgets','not_imported',0,1668180147,'other',''),(163,'wp-content/languages/pt_BR-1c4303f02ff93b290e9faad991eeb06f.json','5e99f256139b6ca3edbbb8d9b04c4bb7','default-comment','not_imported',0,1666806859,'other',''),(164,'wp-content/languages/es_ES-1c4303f02ff93b290e9faad991eeb06f.json','54ac53db6e25dbbf88ab2a2fcab46e91','default-comment','not_imported',0,1666133537,'other',''),(165,'wp-content/languages/plugins/leadin-pt_BR.mo','083495600d0b009da3e51bbd669c42f4','leadin','not_imported',0,1667873962,'plugin','leadin/leadin.php'),(166,'wp-content/languages/plugins/leadin-es_ES.mo','1e80c3f26e632364a2f43ea9bf9a5908','leadin','not_imported',0,1667873961,'plugin','leadin/leadin.php'),(167,'wp-content/plugins/leadin/languages/leadin-en_US.mo','92a7a8dfa409a900e0a5fa96f3e5712e','leadin','not_imported',0,1667873941,'plugin','leadin/leadin.php'),(168,'wp-content/plugins/leadin/languages/leadin-pt_BR.mo','92c75981c90cd90df636273cff1ebdd9','leadin','not_imported',0,1667873941,'plugin','leadin/leadin.php'),(169,'wp-content/plugins/leadin/languages/leadin-es_ES.mo','16ebd0ddce6c483071ef265e0e8d6936','leadin','not_imported',0,1667873941,'plugin','leadin/leadin.php'),(170,'wp-content/languages/plugins/google-analytics-for-wordpress-es_ES.mo','085af264f07e59597e52f375171d1d1a','google-analytics-for-wordpress','not_imported',0,1668207221,'plugin','google-analytics-for-wordpress/googleanalytics.php');

--
